000
CXUS53 KSGF 010800
CF6VIH
PRELIMINARY LOCAL CLIMATOLOGICAL DATA (WS FORM: F-6)

                                          STATION:   VICHY-ROLLA MO
                                          MONTH:     JULY
                                          YEAR:      2011
                                          LATITUDE:   38  7 N
                                          LONGITUDE:  91 46 W

  TEMPERATURE IN F:       :PCPN:    SNOW:  WIND      :SUNSHINE: SKY     :PK WND
================================================================================
1   2   3   4   5  6A  6B    7    8   9   10  11  12  13   14  15   16   17  18
                                     12Z  AVG MX 2MIN
DY MAX MIN AVG DEP HDD CDD  WTR  SNW DPTH SPD SPD DIR MIN PSBL S-S WX    SPD DR
================================================================================

 1  91  76  84   8   0  19 0.00    M    M  8.6 12 200   M    M   0 18     23 240
 2  94  72  83   7   0  18 0.00    M    M  6.8 10 240   M    M   0        18 160
 3  92  67  80   3   0  15 0.01    M    M  6.5 32 350   M    M   2 138    40 350
 4  87  65  76  -1   0  11 0.57    M    M  5.2 13  30   M    M   3 1      21  20
 5  89  69  79   2   0  14 0.05    M    M  4.7  9  90   M    M   2 1      20 120
 6  90  69  80   3   0  15    M    M    M  4.4 20  40   M    M   1 138    24 120
 7  81  66  74  -3   0   9    M    M    M  5.7 14 120   M    M   4 18     18  20
 8  85  68  77   0   0  12 0.00    M    M  5.2 13  20   M    M   5 18     20  50
 9  88  67  78   0   0  13 0.00    M    M  7.0 12 160   M    M   1 18      M  M
10  94  75  85   7   0  20 0.00    M    M 10.2 17 200   M    M   0 8      23 200
11  95  78  87   9   0  22 0.00    M    M  8.3 12 200   M    M   0        20 210
12  97  72  85   7   0  20    T    M    M  7.8 20  10   M    M   1 13     28 360
13  86  70  78   0   0  13    M    M    M  6.4 17 200   M    M   4 13     31  30
14  88  72  80   2   0  15 0.00    M    M  6.4 10  80   M    M   4 18     35 160
15  89  72  81   3   0  16 0.00    M    M  6.7 10  90   M    M   1 18     16  60
16  90  71  81   3   0  16 0.00    M    M  5.3 12  90   M    M   0 18     17  90
17  91  74  83   5   0  18 0.00    M    M  5.8 10 190   M    M   1 18     14 150
18  92  71  82   4   0  17 0.00    M    M  5.9 12 230   M    M   1        16 260
19  95  73  84   6   0  19 0.00    M    M  7.2 13 250   M    M   0        38 160
20  97  75  86   8   0  21 0.00    M    M  9.2 16 220   M    M   0        20 220
21  97  75  86   8   0  21 0.00    M    M  7.2 12 230   M    M   0 8      14 290
22  98  74  86   8   0  21 0.64    M    M  8.7 39 120   M    M   0 138    55 140
23  97  77  87   8   0  22 0.00    M    M  6.9 14 190   M    M   0         M  M
24  93  72  83   4   0  18 0.75    M    M  6.5 22 200   M    M   1 13     28 180
25  93  71  82   3   0  17 0.00  0.0    0  3.1  9 110   M    M   3 12     12 120
26  94  73  84   6   0  19 0.00  0.0    0  5.6 13 150   M    M   0        17 160
27  97  75  86   8   0  21 0.00  0.0    0 11.2 17 170   M    M   0 8      25 160
28  97  74  86   8   0  21 0.00    M    M 10.9 17 180   M    M   0        24 190
29  96  73  85   7   0  20 0.00    M    M  5.3 15 190   M    M   1 18     22 220
30  91  72  82   4   0  17    T    M    M  3.9 18 330   M    M   2 1      22 210
31  97  71  84   6   0  19 0.00    M    M  3.7 10 130   M    M   2 1      14 230
================================================================================
SM 2861 2229         0 539  2.02     0.0 206.3          M       39
================================================================================
AV 92.3 71.9                               6.7 FASTST   M    M   1    MAX(MPH)
                                 MISC ---->  # 39 120               # 55  140
================================================================================
NOTES:
# LAST OF SEVERAL OCCURRENCES

COLUMN 17 PEAK WIND IN M.P.H.

PRELIMINARY LOCAL CLIMATOLOGICAL DATA (WS FORM: F-6) , PAGE 2

                                          STATION:  VICHY-ROLLA MO
                                          MONTH:    JULY
                                          YEAR:     2011
                                          LATITUDE:   38  7 N
                                          LONGITUDE:  91 46 W

[TEMPERATURE DATA]      [PRECIPITATION DATA]       SYMBOLS USED IN COLUMN 16

AVERAGE MONTHLY: 82.1   TOTAL FOR MONTH:   2.02    1 = FOG OR MIST
DPTR FM NORMAL:   4.3   DPTR FM NORMAL:   -1.88    2 = FOG REDUCING VISIBILITY
HIGHEST:    98 ON 22    GRTST 24HR  0.76 ON 24-25      TO 1/4 MILE OR LESS
LOWEST:     65 ON  4                               3 = THUNDER
                        SNOW, ICE PELLETS, HAIL    4 = ICE PELLETS
                        TOTAL MONTH:   0.0 INCH    5 = HAIL
                        GRTST 24HR     0.0         6 = FREEZING RAIN OR DRIZZLE
                        GRTST DEPTH:   0           7 = DUSTSTORM OR SANDSTORM:
                                                       VSBY 1/2 MILE OR LESS
                                                   8 = SMOKE OR HAZE
[NO. OF DAYS WITH]      [WEATHER - DAYS WITH]      9 = BLOWING SNOW
                                                   X = TORNADO
MAX 32 OR BELOW:   0    0.01 INCH OR MORE:   5
MAX 90 OR ABOVE:  23    0.10 INCH OR MORE:   3
MIN 32 OR BELOW:   0    0.50 INCH OR MORE:   3
MIN  0 OR BELOW:   0    1.00 INCH OR MORE:   0

[HDD (BASE 65) ]
TOTAL THIS MO.     0    CLEAR  (SCALE 0-3)  26
DPTR FM NORMAL     0    PTCLDY (SCALE 4-7)   5
TOTAL FM JUL 1     0    CLOUDY (SCALE 8-10)  0
DPTR FM NORMAL     0

[CDD (BASE 65) ]
TOTAL THIS MO.   539
DPTR FM NORMAL   145    [PRESSURE DATA]
TOTAL FM JAN 1  1009    HIGHEST SLP M ON M
DPTR FM NORMAL   264    LOWEST  SLP 29.73 ON  7

[REMARKS]
#FINAL-07-11#
