000
CXUS53 KSGF 010800
CF6VIH
PRELIMINARY LOCAL CLIMATOLOGICAL DATA (WS FORM: F-6)

                                          STATION:   VICHY-ROLLA MO
                                          MONTH:     APRIL
                                          YEAR:      2011
                                          LATITUDE:   38  7 N
                                          LONGITUDE:  91 46 W

  TEMPERATURE IN F:       :PCPN:    SNOW:  WIND      :SUNSHINE: SKY     :PK WND
================================================================================
1   2   3   4   5  6A  6B    7    8   9   10  11  12  13   14  15   16   17  18
                                     12Z  AVG MX 2MIN
DY MAX MIN AVG DEP HDD CDD  WTR  SNW DPTH SPD SPD DIR MIN PSBL S-S WX    SPD DR
================================================================================

 1  59  31  45  -5  20   0 0.00    M    M   M   M   M   M    M   4 18      M  M
 2  69  33  51   0  14   0 0.00    M    M  7.5 18 270   M    M   1        25 270
 3  89  55  72  21   0   7 0.00    M    M 21.9 37 210   M    M   0        46 200
 4  74  37  56   4   9   0 0.10    M    M 15.7 24 310   M    M   9 13     35 320
 5  65  25  45  -7  20   0 0.00    M    M 11.6 25 250   M    M   1        32 250
 6  76  50  63  11   2   0 0.00    M    M 13.7 28 220   M    M   0        33 210
 7  76  47  62   9   3   0 0.00    M    M 11.0 21 160   M    M   2        29 150
 8  82  58  70  17   0   5    T    M    M  6.2 16 250   M    M   5        22 250
 9  89  62  76  23   0  11 0.01    M    M 12.7 26 190   M    M   2 18     32 200
10  86  61  74  20   0   9 0.69  0.0    0 16.2 32 220   M    M   4 138    47 230
11  64  51  58   4   7   0 0.08  0.0    0 10.4 20 300   M    M   5 13     25 320
12  69  43  56   2   9   0 0.00    M    M  5.5 10  10   M    M   0        17  20
13  76  47  62   7   3   0 0.00    M    M  7.4 13 160   M    M   M        16  80
14  76  54  65   9   0   0 0.00    M    M 12.8 23 100   M    M   M        30 100
15  64  41  53  -2  12   0 1.08    M    M 14.1 26 250   M    M   M 13     35 250
16  54  39  47  -9  18   0 0.01    M    M 15.4 26 290   M    M   M 1      35 290
17  74  36  55  -1  10   0 0.00    M    M 10.9 22 230   M    M   M        25 200
18  74  56  65   9   0   0 0.00  0.0    M  8.1 18 190   M    M   M        28 270
19  86  43  65   9   0   0 0.32    M    M 15.8 37 210   M    M   M 138    49 210
20  53  39  46 -11  19   0 0.00  0.0    M  7.9 18 290   M    M   M        23 310
21  64  42  53  -4  12   0 0.48    M    0 13.8 33 140   M    M   M 13     45 150
22  78  53  66   9   0   1 0.92    M    M 11.7 25 200   M    M   M 13     38 170
23  64  52  58   0   7   0 0.40  0.0    M  3.3 16 120   M    M   M 138    18 250
24  56  49  53  -5  12   0 0.35    M    M  8.4 23 140   M    M   M 123    30 120
25  61  53  57  -1   8   0 0.87    M    M  9.1 28 120   M    M   M 123    36 120
26  66  53  60   1   5   0 0.10    M    M 11.0 25 230   M    M   M 1      31 230
27  54  43  49 -10  16   0 0.02    M    M  9.9 21 300   M    M   M 1      26 320
28  68  42  55  -4  10   0 0.00    M    M 13.1 28 270   M    M   M        37 260
29  77  41  59   0   6   0 0.00    M    M  9.6 21 160   M    M   M 8      30 160
30  74  60  67   7   0   2 0.00    M    M 14.8 25 200   M    M   M        37 150
================================================================================
SM 2117 1396       222  35  5.43     0.0 329.5          M       33
================================================================================
AV 70.6 46.5                              11.4 FASTST   M    M   3    MAX(MPH)
                                 MISC ---->  # 37 210               # 49  210
================================================================================
NOTES:
# LAST OF SEVERAL OCCURRENCES

COLUMN 17 PEAK WIND IN M.P.H.

PRELIMINARY LOCAL CLIMATOLOGICAL DATA (WS FORM: F-6) , PAGE 2

                                          STATION:  VICHY-ROLLA MO
                                          MONTH:    APRIL
                                          YEAR:     2011
                                          LATITUDE:   38  7 N
                                          LONGITUDE:  91 46 W

[TEMPERATURE DATA]      [PRECIPITATION DATA]       SYMBOLS USED IN COLUMN 16

AVERAGE MONTHLY: 58.5   TOTAL FOR MONTH:   5.43    1 = FOG OR MIST
DPTR FM NORMAL:   3.2   DPTR FM NORMAL:    1.53    2 = FOG REDUCING VISIBILITY
HIGHEST:    89 ON  9, 3 GRTST 24HR  1.40 ON 21-22      TO 1/4 MILE OR LESS
LOWEST:     25 ON  5                               3 = THUNDER
                        SNOW, ICE PELLETS, HAIL    4 = ICE PELLETS
                        TOTAL MONTH:   0.0 INCH    5 = HAIL
                        GRTST 24HR     0.0         6 = FREEZING RAIN OR DRIZZLE
                        GRTST DEPTH:   0           7 = DUSTSTORM OR SANDSTORM:
                                                       VSBY 1/2 MILE OR LESS
                                                   8 = SMOKE OR HAZE
[NO. OF DAYS WITH]      [WEATHER - DAYS WITH]      9 = BLOWING SNOW
                                                   X = TORNADO
MAX 32 OR BELOW:   0    0.01 INCH OR MORE:  14
MAX 90 OR ABOVE:   0    0.10 INCH OR MORE:  10
MIN 32 OR BELOW:   2    0.50 INCH OR MORE:   4
MIN  0 OR BELOW:   0    1.00 INCH OR MORE:   1

[HDD (BASE 65) ]
TOTAL THIS MO.   222    CLEAR  (SCALE 0-3)   7
DPTR FM NORMAL   -81    PTCLDY (SCALE 4-7)   4
TOTAL FM JUL 1  4693    CLOUDY (SCALE 8-10)  1
DPTR FM NORMAL   -34

[CDD (BASE 65) ]
TOTAL THIS MO.    35
DPTR FM NORMAL    24    [PRESSURE DATA]
TOTAL FM JAN 1    41    HIGHEST SLP 30.06 ON  2
DPTR FM NORMAL    30    LOWEST  SLP 29.30 ON  3

[REMARKS]
#FINAL-04-11#
