000
CXUS53 KSGF 010800
CF6VIH
PRELIMINARY LOCAL CLIMATOLOGICAL DATA (WS FORM: F-6)

                                          STATION:   VICHY-ROLLA MO
                                          MONTH:     JUNE
                                          YEAR:      2011
                                          LATITUDE:   38  7 N
                                          LONGITUDE:  91 46 W

  TEMPERATURE IN F:       :PCPN:    SNOW:  WIND      :SUNSHINE: SKY     :PK WND
================================================================================
1   2   3   4   5  6A  6B    7    8   9   10  11  12  13   14  15   16   17  18
                                     12Z  AVG MX 2MIN
DY MAX MIN AVG DEP HDD CDD  WTR  SNW DPTH SPD SPD DIR MIN PSBL S-S WX    SPD DR
================================================================================

 1  85  61  73   4   0   8 0.00    M    M  4.5 12 130   M    M   2 1      17 140
 2  87  71  79  10   0  14 0.00    M    M  7.0 12 130   M    M   1        16 210
 3  91  70  81  11   0  16 0.00    M    M  8.4 18 190   M    M   0 18     24 220
 4  92  70  81  11   0  16 0.00    M    M  7.9 17 260   M    M   0 18     25 250
 5  89  67  78   8   0  13 0.00    M    M  5.5  9 200   M    M   0 1      18 240
 6  91  67  79   9   0  14 0.00    M    M  7.4 14 230   M    M   0 18     21 190
 7  91  67  79   8   0  14 0.00    M    M  9.3 16 190   M    M   0 18     22 160
 8  91  71  81  10   0  16 0.00    M    M 10.5 18 190   M    M   0 8      24 190
 9  90  68  79   8   0  14 0.00    M    M  7.8 15 160   M    M   0 18     21 140
10  89  69  79   7   0  14 0.56    M    M  8.7 28 220   M    M   1 13     33 220
11  76  59  68  -4   0   3 0.01    M    M  6.9 15 330   M    M   5 18     20 340
12  78  58  68  -4   0   3 0.00    M    M  6.5 16  70   M    M   4 1      20  60
13  70  63  67  -5   0   2 0.06    M    M 11.2 21 160   M    M   2 13     26 160
14  80  62  71  -2   0   6 0.04    M    M 10.5 26 130   M    M   2 138    35 150
15  83  59  71  -2   0   6 0.34    M    M  9.6 32 240   M    M   2 138    39 230
16  83  57  70  -3   0   5 0.00    M    M  8.2 16 170   M    M   1 3      22 160
17  85  68  77   4   0  12 0.85  0.0    0  9.8 23 300   M    M   2 123    30 300
18  85  67  76   2   0  11 0.58    M    M  7.9 28 300   M    M   4 138    39 300
19  87  65  76   2   0  11 1.29    M    M  8.0 26 240   M    M   2 18     33 230
20  87  76  82   8   0  17 0.00  0.0    0 12.7 22 180   M    M   0        29 180
21  84  64  74   0   0   9 0.61  0.0    0 12.3 29 260   M    M   2 13     37 270
22  81  62  72  -2   0   7 0.00  0.0    0 11.7 25 270   M    M   2 8      33 280
23  80  58  69  -6   0   4 0.00    M    M 10.2 24 270   M    M   1 8      32 260
24  82  57  70  -5   0   5 0.00    M    M  3.3  9 280   M    M   1 13     16 150
25  87  66  77   2   0  12 0.04    M    M  6.7 14 130   M    M   3 138    33 200
26  90  72  81   6   0  16 0.00  0.0    0  6.6 17 190   M    M   3 3      23 190
27  83  64  74  -1   0   9 0.33  0.0    0  8.8 35 340   M    M   6 138    46 340
28  82  65  74  -2   0   9 0.06  0.0    0  5.7 13  60   M    M   2 1      17  60
29  86  64  75  -1   0  10 0.00  0.0    0  8.1 13 140   M    M   1        17 160
30  91  70  81   5   0  16 0.00    M    M  9.0 15 180   M    M   0 18     20 210
================================================================================
SM 2556 1957         0 312  4.77     0.0 250.7          M       49
================================================================================
AV 85.2 65.2                               8.4 FASTST   M    M   2    MAX(MPH)
                                 MISC ---->  # 35 340               # 46  340
================================================================================
NOTES:
# LAST OF SEVERAL OCCURRENCES

COLUMN 17 PEAK WIND IN M.P.H.

PRELIMINARY LOCAL CLIMATOLOGICAL DATA (WS FORM: F-6) , PAGE 2

                                          STATION:  VICHY-ROLLA MO
                                          MONTH:    JUNE
                                          YEAR:     2011
                                          LATITUDE:   38  7 N
                                          LONGITUDE:  91 46 W

[TEMPERATURE DATA]      [PRECIPITATION DATA]       SYMBOLS USED IN COLUMN 16

AVERAGE MONTHLY: 75.2   TOTAL FOR MONTH:   4.77    1 = FOG OR MIST
DPTR FM NORMAL:   2.4   DPTR FM NORMAL:    1.12    2 = FOG REDUCING VISIBILITY
HIGHEST:    92 ON  4    GRTST 24HR  1.86 ON 18-19      TO 1/4 MILE OR LESS
LOWEST:     57 ON 24,16                            3 = THUNDER
                        SNOW, ICE PELLETS, HAIL    4 = ICE PELLETS
                        TOTAL MONTH:   0.0 INCH    5 = HAIL
                        GRTST 24HR     0.0         6 = FREEZING RAIN OR DRIZZLE
                        GRTST DEPTH:   0           7 = DUSTSTORM OR SANDSTORM:
                                                       VSBY 1/2 MILE OR LESS
                                                   8 = SMOKE OR HAZE
[NO. OF DAYS WITH]      [WEATHER - DAYS WITH]      9 = BLOWING SNOW
                                                   X = TORNADO
MAX 32 OR BELOW:   0    0.01 INCH OR MORE:  12
MAX 90 OR ABOVE:   8    0.10 INCH OR MORE:   7
MIN 32 OR BELOW:   0    0.50 INCH OR MORE:   5
MIN  0 OR BELOW:   0    1.00 INCH OR MORE:   1

[HDD (BASE 65) ]
TOTAL THIS MO.     0    CLEAR  (SCALE 0-3)  26
DPTR FM NORMAL    -9    PTCLDY (SCALE 4-7)   4
TOTAL FM JUL 1  4864    CLOUDY (SCALE 8-10)  0
DPTR FM NORMAL     8

[CDD (BASE 65) ]
TOTAL THIS MO.   312
DPTR FM NORMAL    69    [PRESSURE DATA]
TOTAL FM JAN 1   470    HIGHEST SLP M ON M
DPTR FM NORMAL   119    LOWEST  SLP 29.54 ON 20

[REMARKS]
#FINAL-06-11#
