000
CXUS53 KSGF 031108
CF6VIH
PRELIMINARY LOCAL CLIMATOLOGICAL DATA (WS FORM: F-6)

                                          STATION:   VICHY-ROLLA MO
                                          MONTH:     FEBRUARY
                                          YEAR:      2011
                                          LATITUDE:   38  7 N
                                          LONGITUDE:  91 46 W

  TEMPERATURE IN F:       :PCPN:    SNOW:  WIND      :SUNSHINE: SKY     :PK WND
================================================================================
1   2   3   4   5  6A  6B    7    8   9   10  11  12  13   14  15   16   17  18
                                     12Z  AVG MX 2MIN
DY MAX MIN AVG DEP HDD CDD  WTR  SNW DPTH SPD SPD DIR MIN PSBL S-S WX    SPD DR
================================================================================

 1  29  16  23  -9  42   0 0.78    M    M 14.9 25  10   M    M  10 126    33  20
 2  16   5  11 -21  54   0    T    M    M 13.0 23 290   M    M   8 189    33 290
 3  22  -6   8 -24  57   0 0.00    M    M  2.5  6 210   M    M   0         7 200
 4  31   3  17 -16  48   0    T    M    M  2.7 10 330   M    M   7        12 330
 5  39  19  29  -4  36   0 0.09    M    M  9.4 16 190   M    M   6 1      21 190
 6  38  31  35   2  30   0 0.00    M    M  8.9 15 340   M    M   9 18     20 340
 7  31  20  26  -7  39   0 0.00    M    M 11.9 20 300   M    M  10 18     25 340
 8  20   7  14 -20  51   0    T    M    M  8.8 16 340   M    M   4        21 340
 9  17   2  10 -24  55   0 0.04    M    M  6.6 12  30   M    M   7 1      14 310
10  28  -9  10 -24  55   0 0.00    M    M 10.4 20 230   M    M   0        24 220
11  41  13  27  -8  38   0 0.00    M    M 13.4 23 250   M    M   1        28 250
12  50  24  37   2  28   0 0.00    M    M 11.4 21 230   M    M   0        28 210
13  62  37  50  15  15   0 0.00    M    M 13.7 22 230   M    M   0        28 230
14  51  31  41   6  24   0 0.00    M    M  8.1 16 310   M    M   0        26 280
15  58  34  46  10  19   0 0.00    M    M 11.6 23 170   M    M   2        28 170
16  72  42  57  21   8   0 0.00    M    M 14.4 29 190   M    M   3        38 200
17  73  54  64  28   1   0 0.00    M    M 17.0 31 220   M    M   3        40 230
18  64  42  53  16  12   0 0.00    M    M  7.3 13 360   M    M   3        18  30
19  48  41  45   8  20   0 0.05    M    M 12.6 22 120   M    M   9        28 110
20  69  41  55  18  10   0 0.00    M    M 15.5 32 190   M    M   7        38 210
21  59  27  43   6  22   0 0.08    M    M  9.4 18 300   M    M   8 1      23 310
22  41  21  31  -7  34   0 0.00    M    M  7.5 15 110   M    M   0        20 100
23  51  30  41   3  24   0 0.02    M    M 11.0 22 160   M    M   8 1      28 150
24  45  32  39   1  26   0 1.11    M    M 12.0 22  30   M    M   8 13     30  20
25  33  30  32  -7  33   0 0.01    M    M  7.4 21 350   M    M  10 1      26 350
26  41  30  36  -3  29   0 0.00    M    M  6.4 15 190   M    M   9 1      18 170
27  67  30  49  10  16   0 0.27    M    M 11.7 37 300   M    M   8 13     54 300
28  46  26  36  -4  29   0 0.13    M    M  9.8 23 360   M    M   4 13     29 360
================================================================================
SM 1242  673       855   0  2.58    M    289.3          M      144
================================================================================
AV 44.4 24.0                              10.3 FASTST   M    M   5    MAX(MPH)
                                 MISC ---->  # 37 300               # 54  300
================================================================================
NOTES:
# LAST OF SEVERAL OCCURRENCES

COLUMN 17 PEAK WIND IN M.P.H.

PRELIMINARY LOCAL CLIMATOLOGICAL DATA (WS FORM: F-6) , PAGE 2

                                          STATION:  VICHY-ROLLA MO
                                          MONTH:    FEBRUARY
                                          YEAR:     2011
                                          LATITUDE:   38  7 N
                                          LONGITUDE:  91 46 W

[TEMPERATURE DATA]      [PRECIPITATION DATA]       SYMBOLS USED IN COLUMN 16

AVERAGE MONTHLY: 34.2   TOTAL FOR MONTH:   2.58    1 = FOG OR MIST
DPTR FM NORMAL:  -1.4   DPTR FM NORMAL:    0.65    2 = FOG REDUCING VISIBILITY
HIGHEST:    73 ON 17    GRTST 24HR  1.12 ON 24-25      TO 1/4 MILE OR LESS
LOWEST:     -9 ON 10                               3 = THUNDER
                        SNOW, ICE PELLETS, HAIL    4 = ICE PELLETS
                        TOTAL MONTH:    M          5 = HAIL
                        GRTST 24HR    M  ON   M    6 = FREEZING RAIN OR DRIZZLE
                        GRTST DEPTH:  M  ON   M    7 = DUSTSTORM OR SANDSTORM:
                                                       VSBY 1/2 MILE OR LESS
                                                   8 = SMOKE OR HAZE
[NO. OF DAYS WITH]      [WEATHER - DAYS WITH]      9 = BLOWING SNOW
                                                   X = TORNADO
MAX 32 OR BELOW:   8    0.01 INCH OR MORE:  10
MAX 90 OR ABOVE:   0    0.10 INCH OR MORE:   4
MIN 32 OR BELOW:  21    0.50 INCH OR MORE:   2
MIN  0 OR BELOW:   2    1.00 INCH OR MORE:   1

[HDD (BASE 65) ]
TOTAL THIS MO.   855    CLEAR  (SCALE 0-3)   9
DPTR FM NORMAL    30    PTCLDY (SCALE 4-7)  11
TOTAL FM JUL 1  3859    CLOUDY (SCALE 8-10)  8
DPTR FM NORMAL    57

[CDD (BASE 65) ]
TOTAL THIS MO.     0
DPTR FM NORMAL     0    [PRESSURE DATA]
TOTAL FM JAN 1     0    HIGHEST SLP 30.65 ON  3
DPTR FM NORMAL     0    LOWEST  SLP 29.43 ON 27

[REMARKS]
#FINAL-02-11#
