000
CXUS53 KSGF 010800
CF6VIH
PRELIMINARY LOCAL CLIMATOLOGICAL DATA (WS FORM: F-6)

                                          STATION:   VICHY-ROLLA MO
                                          MONTH:     JANUARY
                                          YEAR:      2011
                                          LATITUDE:   38  7 N
                                          LONGITUDE:  91 46 W

  TEMPERATURE IN F:       :PCPN:    SNOW:  WIND      :SUNSHINE: SKY     :PK WND
================================================================================
1   2   3   4   5  6A  6B    7    8   9   10  11  12  13   14  15   16   17  18
                                     12Z  AVG MX 2MIN
DY MAX MIN AVG DEP HDD CDD  WTR  SNW DPTH SPD SPD DIR MIN PSBL S-S WX    SPD DR
================================================================================

 1  30  17  24  -6  41   0 0.00    M    M 11.1 22 270   M    M   2        26 270
 2  35  13  24  -6  41   0 0.00    M    M  7.9 13 220   M    M   0        16 230
 3  48  23  36   6  29   0 0.00    M    M 10.2 16 200   M    M   0        21 160
 4  36  18  27  -3  38   0 0.00    M    M  6.6 14 320   M    M   0        18 320
 5  45  23  34   4  31   0 0.00    M    M  6.0 14 290   M    M   5        20 290
 6  45  22  34   4  31   0 0.00    M    M  8.7 20 260   M    M   2        24 280
 7  40  28  34   4  31   0    T    M    M 14.2 32 290   M    M   9 1      45 290
 8  28  16  22  -7  43   0    T    M    M 11.9 20 300   M    M   3        28 300
 9   M   M   M   M   M   M 0.00    M    M   M   M   M   M    M   0         M  M
10  30  25  28  -1  37   0 0.11    M    M  4.7  6 130   M    M   5 1       M  M
11  26   8  17 -12  48   0 0.01    M    M 15.5 24 270   M    M  10 18     32 260
12  17   3  10 -19  55   0    T    M    M 10.7 22 290   M    M   6 18     26 290
13  30  -4  13 -16  52   0 0.00    M    M  8.1 15 180   M    M   1        20 170
14  40  20  30   1  35   0 0.00    M    M  8.8 13 220   M    M   2        16 210
15  36  21  29   0  36   0 0.00    M    M  8.7 15 300   M    M   1 18     18 300
16  31  18  25  -4  40   0 0.00    M    M  4.0 13 120   M    M   4 1      16 120
17  43  24  34   5  31   0    T    M    M 11.6 18 190   M    M   6 18     23 190
18  40  23  32   2  33   0 0.00    M    M 10.8 18 350   M    M  10 128    23 330
19  28  21  25  -5  40   0 0.02    M    M  6.7 13  50   M    M   9 1      17  50
20  23  14  19 -11  46   0 0.13    M    M  9.1 15 330   M    M   6 128    18 320
21  24  -1  12 -18  53   0    T    M    M  5.1 14 190   M    M   6 18     16 210
22  35  21  28  -2  37   0 0.00    M    M  6.5 13 200   M    M   7        15 210
23  34  26  30   0  35   0    T    M    M 11.0 21 110   M    M  10 18     26 100
24  38  25  32   2  33   0 0.00    M    M  5.5 12 220   M    M   5 18     15 260
25  36  20  28  -2  37   0 0.00    M    M  2.7  9 290   M    M   1 18     12 290
26  43  17  30  -1  35   0 0.00    M    M  2.8  9 340   M    M   2 1      13 350
27  49  17  33   2  32   0 0.00    M    M  9.3 20 230   M    M   1 18     25 240
28  52  23  38   7  27   0 0.00    M    M  7.0 13 200   M    M   0 1      16 200
29  54  28  41  10  24   0 0.00    M    M  6.6 14  70   M    M   0        18  70
30  34  27  31   0  34   0 0.00    M    M 10.1 16  30   M    M   6 18     20  30
31  33  29  31  -1  34   0 0.09    M    0  9.3 16 110   M    M  10 18     22  70
================================================================================
SM 1083  565      1119   0  0.36    M    251.2          M      129
================================================================================
AV 36.1 18.8                               8.4 FASTST   M    M   4    MAX(MPH)
                                 MISC ---->  # 32 290               # 45  290
================================================================================
NOTES:
# LAST OF SEVERAL OCCURRENCES

COLUMN 17 PEAK WIND IN M.P.H.

PRELIMINARY LOCAL CLIMATOLOGICAL DATA (WS FORM: F-6) , PAGE 2

                                          STATION:  VICHY-ROLLA MO
                                          MONTH:    JANUARY
                                          YEAR:     2011
                                          LATITUDE:   38  7 N
                                          LONGITUDE:  91 46 W

[TEMPERATURE DATA]      [PRECIPITATION DATA]       SYMBOLS USED IN COLUMN 16

AVERAGE MONTHLY: 27.5   TOTAL FOR MONTH:   0.36    1 = FOG OR MIST
DPTR FM NORMAL:  -2.4   DPTR FM NORMAL:   -1.33    2 = FOG REDUCING VISIBILITY
HIGHEST:    54 ON 29    GRTST 24HR  1.15 ON 31- 1      TO 1/4 MILE OR LESS
LOWEST:     -4 ON 13                               3 = THUNDER
                        SNOW, ICE PELLETS, HAIL    4 = ICE PELLETS
                        TOTAL MONTH:    M          5 = HAIL
                        GRTST 24HR    M  ON   M    6 = FREEZING RAIN OR DRIZZLE
                        GRTST DEPTH:   0           7 = DUSTSTORM OR SANDSTORM:
                                                       VSBY 1/2 MILE OR LESS
                                                   8 = SMOKE OR HAZE
[NO. OF DAYS WITH]      [WEATHER - DAYS WITH]      9 = BLOWING SNOW
                                                   X = TORNADO
MAX 32 OR BELOW:  10    0.01 INCH OR MORE:   5
MAX 90 OR ABOVE:   0    0.10 INCH OR MORE:   2
MIN 32 OR BELOW:  30    0.50 INCH OR MORE:   0
MIN  0 OR BELOW:   2    1.00 INCH OR MORE:   0

[HDD (BASE 65) ]
TOTAL THIS MO.  1119    CLEAR  (SCALE 0-3)  15
DPTR FM NORMAL    30    PTCLDY (SCALE 4-7)  10
TOTAL FM JUL 1  3004    CLOUDY (SCALE 8-10)  6
DPTR FM NORMAL    27

[CDD (BASE 65) ]
TOTAL THIS MO.     0
DPTR FM NORMAL     0    [PRESSURE DATA]
TOTAL FM JAN 1     0    HIGHEST SLP 30.14 ON M
DPTR FM NORMAL     0    LOWEST  SLP 29.59 ON  7

[REMARKS]
#FINAL-01-11#
