000
CXUS53 KSGF 010800
CF6VIH
PRELIMINARY LOCAL CLIMATOLOGICAL DATA (WS FORM: F-6)

                                          STATION:   VICHY-ROLLA MO
                                          MONTH:     MARCH
                                          YEAR:      2011
                                          LATITUDE:   38  7 N
                                          LONGITUDE:  91 46 W

  TEMPERATURE IN F:       :PCPN:    SNOW:  WIND      :SUNSHINE: SKY     :PK WND
================================================================================
1   2   3   4   5  6A  6B    7    8   9   10  11  12  13   14  15   16   17  18
                                     12Z  AVG MX 2MIN
DY MAX MIN AVG DEP HDD CDD  WTR  SNW DPTH SPD SPD DIR MIN PSBL S-S WX    SPD DR
================================================================================

 1  63  22  43   3  22   0 0.00    M    M  9.1 20 180   M    M   0        24 200
 2  54  33  44   4  21   0 0.00    M    M  8.8 16  60   M    M   0        20 110
 3  67  36  52  11  13   0 0.00    M    M 12.0 22 190   M    M   0        28 180
 4  69  46  58  17   7   0 0.93    M    M 11.5 21 330   M    M   7 13     28 320
 5  45  30  38  -3  27   0 0.02    M    M 12.7 23 330   M    M  10 12     30 340
 6  45  29  37  -5  28   0 0.00  0.0    M  6.9 13 110   M    M   5        17 110
 7  46  31  39  -3  26   0 0.00    M    M  9.0 16 130   M    M   6        23  70
 8  47  38  43   1  22   0 0.84    M    M 10.8 20 100   M    M  10 1      25  90
 9  47  34  41  -2  24   0 0.01    M    M 13.8 24 300   M    M  10 1      33 300
10  42  25  34  -9  31   0 0.00    M    M 11.0 21 310   M    M   7 18     28 300
11  65  24  45   2  20   0 0.00    M    M 10.3 23 200   M    M   0        30 200
12  64  34  49   5  16   0 0.00    M    M  8.4 17 270   M    M   1        21 290
13  53  32  43  -1  22   0 0.30    M    M  9.2 17  50   M    M   3 1      21  70
14  35  32  34 -10  31   0 1.28    M    M 11.3 26  70   M    M  10 16     35  60
15  49  31  40  -5  25   0 0.00    M    M  8.3 17 280   M    M   5 1      23 290
16  67  32  50   5  15   0 0.00    M    M 10.7 20 190   M    M   2        25 180
17  79  52  66  21   0   1 0.00    M    M 15.3 25 230   M    M   2        33 230
18  64  49  57  11   8   0 0.00    M    M  9.2 18  10   M    M  10        23  10
19  59  44  52   6  13   0 0.66    M    M 12.2 25 110   M    M   6 13     33 120
20  78  43  61  15   4   0 0.00    M    M 12.9 28 200   M    M   2        36 190
21  80  59  70  23   0   5 0.00    M    M  9.9 16 170   M    M   3        22 210
22  70  59  65  18   0   0    T    M    M 13.8 29 180   M    M   1        36 190
23  70  39  55   8  10   0 0.00    M    M 17.6 32 290   M    M   2        44 270
24  44  32  38 -10  27   0 0.00    M    M  9.8 22 330   M    M   6        26 330
25  39  32  36 -12  29   0 0.05    M    M  9.2 20 110   M    M   9 16     23  70
26  36  29  33 -15  32   0 0.54    M    M 12.8 20  40   M    M  10 1368   25  50
27  34  27  31 -18  34   0 0.06    M    M  9.2 17  30   M    M   8 1      21  40
28  46  30  38 -11  27   0 0.01    M    M  9.7 17  90   M    M   7 1      23  90
29  43  34  39 -10  26   0 0.01    M    M  9.3 17  60   M    M  10 16     21  70
30  42  33  38 -12  27   0 0.04    M    M  5.2 16  30   M    M   9 18     21  30
31  47  32  40 -10  25   0 0.00    M    M  3.6 12 220   M    M   8 18     13 220
================================================================================
SM 1689 1103       612   6  4.75     0.0 323.5          M      169
================================================================================
AV 54.5 35.6                              10.4 FASTST   M    M   5    MAX(MPH)
                                 MISC ---->  # 32 290               # 44  270
================================================================================
NOTES:
# LAST OF SEVERAL OCCURRENCES

COLUMN 17 PEAK WIND IN M.P.H.

PRELIMINARY LOCAL CLIMATOLOGICAL DATA (WS FORM: F-6) , PAGE 2

                                          STATION:  VICHY-ROLLA MO
                                          MONTH:    MARCH
                                          YEAR:     2011
                                          LATITUDE:   38  7 N
                                          LONGITUDE:  91 46 W

[TEMPERATURE DATA]      [PRECIPITATION DATA]       SYMBOLS USED IN COLUMN 16

AVERAGE MONTHLY: 45.0   TOTAL FOR MONTH:   4.75    1 = FOG OR MIST
DPTR FM NORMAL:   0.0   DPTR FM NORMAL:    1.24    2 = FOG REDUCING VISIBILITY
HIGHEST:    80 ON 21    GRTST 24HR  1.28 ON 14-14      TO 1/4 MILE OR LESS
LOWEST:     22 ON  1                               3 = THUNDER
                        SNOW, ICE PELLETS, HAIL    4 = ICE PELLETS
                        TOTAL MONTH:   0.0 INCH    5 = HAIL
                        GRTST 24HR     0.0         6 = FREEZING RAIN OR DRIZZLE
                        GRTST DEPTH:  M  ON   M    7 = DUSTSTORM OR SANDSTORM:
                                                       VSBY 1/2 MILE OR LESS
                                                   8 = SMOKE OR HAZE
[NO. OF DAYS WITH]      [WEATHER - DAYS WITH]      9 = BLOWING SNOW
                                                   X = TORNADO
MAX 32 OR BELOW:   0    0.01 INCH OR MORE:  13
MAX 90 OR ABOVE:   0    0.10 INCH OR MORE:   6
MIN 32 OR BELOW:  16    0.50 INCH OR MORE:   5
MIN  0 OR BELOW:   0    1.00 INCH OR MORE:   1

[HDD (BASE 65) ]
TOTAL THIS MO.   612    CLEAR  (SCALE 0-3)  11
DPTR FM NORMAL   -10    PTCLDY (SCALE 4-7)  10
TOTAL FM JUL 1  4471    CLOUDY (SCALE 8-10) 10
DPTR FM NORMAL    47

[CDD (BASE 65) ]
TOTAL THIS MO.     6
DPTR FM NORMAL     6    [PRESSURE DATA]
TOTAL FM JAN 1     6    HIGHEST SLP 30.31 ON  5
DPTR FM NORMAL     6    LOWEST  SLP 29.57 ON 23

[REMARKS]
#FINAL-03-11#
