000
CXUS53 KSGF 010800
CF6VIH
PRELIMINARY LOCAL CLIMATOLOGICAL DATA (WS FORM: F-6)

                                          STATION:   VICHY-ROLLA MO
                                          MONTH:     DECEMBER
                                          YEAR:      2010
                                          LATITUDE:   38  7 N
                                          LONGITUDE:  91 46 W

  TEMPERATURE IN F:       :PCPN:    SNOW:  WIND      :SUNSHINE: SKY     :PK WND
================================================================================
1   2   3   4   5  6A  6B    7    8   9   10  11  12  13   14  15   16   17  18
                                     12Z  AVG MX 2MIN
DY MAX MIN AVG DEP HDD CDD  WTR  SNW DPTH SPD SPD DIR MIN PSBL S-S WX    SPD DR
================================================================================

 1  36  20  28 -11  37   0 0.00    M    M 10.4 18 250   M    M   1        23 250
 2  50  27  39   1  26   0 0.00    M    M  6.2 14 190   M    M   4        16 180
 3  44  26  35  -3  30   0 0.00    M    M  8.1 16 150   M    M   0 1      20 150
 4  41  26  34  -4  31   0 0.00    M    M 13.3 23 310   M    M   6 8      33 310
 5  31  20  26 -11  39   0 0.00    M    M  9.0 15 300   M    M   6        21 290
 6  32  16  24 -13  41   0 0.00    M    M  8.1 17 270   M    M   1 18     22 310
 7  32  13  23 -13  42   0 0.00    M    M  3.8  9 340   M    M   0 18     14 330
 8  34  13  24 -12  41   0 0.00    M    M  2.7 10 300   M    M   0 18     13 270
 9  43  24  34  -2  31   0 0.00    M    M 11.5 22 180   M    M   1        29 170
10  58  30  44   9  21   0 0.00    M    M  8.5 20 160   M    M   0 1      25 170
11  47  16  32  -3  33   0 0.20    M    M 16.4 30 290   M    M  10 13     39 260
12  18   7  13 -22  52   0    T    M    M 20.9 30 300   M    M   7 16     45 300
13  19   1  10 -25  55   0 0.00    M    M  6.1 16 320   M    M   0        22 310
14  25   6  16 -18  49   0    T    M    M  6.4 12 140   M    M   9        17 130
15  30  21  26  -8  39   0    T    M    M 10.1 17 120   M    M   7 16     22 130
16  29  21  25  -9  40   0 0.00    M    M  9.5 18 310   M    M   9 128    25 300
17  28  15  22 -11  43   0 0.00    M    M  5.4 13 290   M    M   6 18     15 290
18  34  20  27  -6  38   0 0.00    M    M  3.7 10 300   M    M   8 18     14 300
19  45  27  36   3  29   0 0.00    M    M  7.1 13 140   M    M   5        15 150
20  44  29  37   4  28   0 0.00    M    M 13.5 28 160   M    M   6        35 150
21  50  33  42  10  23   0 0.00    M    M  5.5 13 340   M    M   8 1      21  20
22  33  21  27  -5  38   0 0.00    M    M  8.6 16 340   M    M   7 1      20 340
23  40  27  34   2  31   0 0.00    M    M  7.2 16  90   M    M   6        24 110
24  32  29  31  -1  34   0 0.21    M    M  6.8 14 130   M    M  10 12     17 130
25  31  23  27  -5  38   0    T    M    M 11.6 20 330   M    M  10 126    26 320
26  24   7  16 -15  49   0    T    M    M  7.3 16 310   M    M   7 1      21 310
27  34   3  19 -12  46   0    T    M    M  4.6 14 190   M    M   3 12     17 190
28  40  24  32   1  33   0 0.00    M    M  7.8 13 240   M    M   1        17 190
29  47  30  39   8  26   0    T    M    M 11.7 21 170   M    M   8 1      28 190
30  59  47  53  22  12   0 0.00    M    M 18.3 28 180   M    M   9 1      36 190
31  62  30  46  16  19   0 1.15    M    M 12.7 30 220   M    M   7 13     41 210
================================================================================
SM 1172  652      1094   0  1.56    M    282.8          M      162
================================================================================
AV 37.8 21.0                               9.1 FASTST   M    M   5    MAX(MPH)
                                 MISC ---->  # 30 290                 45    M
================================================================================
NOTES:
# LAST OF SEVERAL OCCURRENCES

COLUMN 17 PEAK WIND IN M.P.H.

PRELIMINARY LOCAL CLIMATOLOGICAL DATA (WS FORM: F-6) , PAGE 2

                                          STATION:  VICHY-ROLLA MO
                                          MONTH:    DECEMBER
                                          YEAR:     2010
                                          LATITUDE:   38  7 N
                                          LONGITUDE:  91 46 W

[TEMPERATURE DATA]      [PRECIPITATION DATA]       SYMBOLS USED IN COLUMN 16

AVERAGE MONTHLY: 29.4   TOTAL FOR MONTH:   1.56    1 = FOG OR MIST
DPTR FM NORMAL:  -4.6   DPTR FM NORMAL:   -1.32    2 = FOG REDUCING VISIBILITY
HIGHEST:    62 ON 31    GRTST 24HR  1.15 ON 31-31      TO 1/4 MILE OR LESS
LOWEST:      1 ON 13                               3 = THUNDER
                        SNOW, ICE PELLETS, HAIL    4 = ICE PELLETS
                        TOTAL MONTH:    M          5 = HAIL
                        GRTST 24HR    M  ON   M    6 = FREEZING RAIN OR DRIZZLE
                        GRTST DEPTH:  M  ON   M    7 = DUSTSTORM OR SANDSTORM:
                                                       VSBY 1/2 MILE OR LESS
                                                   8 = SMOKE OR HAZE
[NO. OF DAYS WITH]      [WEATHER - DAYS WITH]      9 = BLOWING SNOW
                                                   X = TORNADO
MAX 32 OR BELOW:  12    0.01 INCH OR MORE:   3
MAX 90 OR ABOVE:   0    0.10 INCH OR MORE:   3
MIN 32 OR BELOW:  29    0.50 INCH OR MORE:   1
MIN  0 OR BELOW:   0    1.00 INCH OR MORE:   1

[HDD (BASE 65) ]
TOTAL THIS MO.  1094    CLEAR  (SCALE 0-3)  10
DPTR FM NORMAL   133    PTCLDY (SCALE 4-7)  13
TOTAL FM JUL 1  1885    CLOUDY (SCALE 8-10)  8
DPTR FM NORMAL    -3

[CDD (BASE 65) ]
TOTAL THIS MO.     0
DPTR FM NORMAL     0    [PRESSURE DATA]
TOTAL FM JAN 1  1538    HIGHEST SLP 30.44 ON 22
DPTR FM NORMAL   281    LOWEST  SLP 29.50 ON 31

[REMARKS]
#FINAL-12-10#
