000
CXUS53 KSGF 010800
CF6VIH
PRELIMINARY LOCAL CLIMATOLOGICAL DATA (WS FORM: F-6)

                                          STATION:   VICHY-ROLLA MO
                                          MONTH:     NOVEMBER
                                          YEAR:      2010
                                          LATITUDE:   38  7 N
                                          LONGITUDE:  91 46 W

  TEMPERATURE IN F:       :PCPN:    SNOW:  WIND      :SUNSHINE: SKY     :PK WND
================================================================================
1   2   3   4   5  6A  6B    7    8   9   10  11  12  13   14  15   16   17  18
                                     12Z  AVG MX 2MIN
DY MAX MIN AVG DEP HDD CDD  WTR  SNW DPTH SPD SPD DIR MIN PSBL S-S WX    SPD DR
================================================================================

 1  62  45  54   3  11   0 0.01    M    M 11.3 18  90   M    M   8        29 360
 2  56  36  46  -5  19   0    T    M    M  8.4 15  40   M    M   5        18  30
 3  64  25  45  -5  20   0 0.00    M    M  6.7 17 320   M    M   0        23 330
 4  56  37  47  -3  18   0 0.00    M    M 13.5 26 300   M    M   3        36 300
 5  47  28  38 -11  27   0 0.00    M    M  9.2 20 300   M    M   0        28 300
 6  56  24  40  -9  25   0 0.00    M    M  4.4 13 180   M    M   0        16 180
 7  71  40  56   8   9   0 0.00    M    M 13.3 20 220   M    M   0        25 200
 8  74  43  59  11   6   0 0.00    M    M 13.4 23 220   M    M   0 8      28 220
 9  75  49  62  14   3   0 0.00    M    M 10.9 17 190   M    M   0        24 200
10  75  53  64  17   1   0 0.00    M    M 11.5 23 190   M    M   2        32 210
11  73  47  60  13   5   0 0.00    M    M  5.3 10 110   M    M   2 1      14 200
12  73  49  61  15   4   0 0.02    M    M 11.0 26 210   M    M   4        35 210
13  59  27  43  -3  22   0 0.05    M    M 11.7 26 210   M    M   7        35 210
14  53  25  39  -6  26   0 0.00    M    M  8.2 16 200   M    M   1        21 220
15  58  34  46   1  19   0 0.00    M    M  6.1 12 220   M    M   4        15 200
16  58  31  45   0  20   0 0.00    M    M  4.4 15 250   M    M   6        18 250
17  57  29  43  -1  22   0 0.04    M    M  6.6 16 360   M    M   3 1      21 360
18  43  29  36  -8  29   0 0.00    M    M  6.4 12 320   M    M   9 1      20 300
19  59  35  47   4  18   0 0.00    M    M 13.0 21 180   M    M   2        25 210
20  63  36  50   7  15   0 0.00    M    M 10.3 20 170   M    M   0 1      24 160
21  69  50  60  17   5   0 0.00    M    M 15.8 25 180   M    M   9        31 180
22  73  40  57  15   8   0 0.39    M    M 16.3 31 210   M    M   9 13     41 200
23  47  30  39  -3  26   0 0.00    M    M  7.9 20 100   M    M   2 1      26  90
24  65  35  50   9  15   0 2.64    M    M 12.0 23 100   M    M  10 123    32 190
25  56  20  38  -3  27   0 0.74    M    M 10.4 20 320   M    M   7 126    24 320
26  45  18  32  -9  33   0 0.00    M    M 10.2 23 260   M    M   0        30 270
27  51  23  37  -3  28   0 0.00    M    M  6.2 12 300   M    M   0        15 280
28  56  31  44   4  21   0 0.00    M    M 13.2 24 170   M    M   0        32 150
29  50  37  44   5  21   0 0.06    M    M 13.6 24 280   M    M   8 1      30 280
30  37  23  30  -9  35   0 0.00  0.0    0 14.5 24 290   M    M   8        32 280
================================================================================
SM 1781 1029       538   0  3.95     0.0 305.7          M      109
================================================================================
AV 59.4 34.3                              10.2 FASTST   M    M   4    MAX(MPH)
                                 MISC ---->  # 31 210               # 41  200
================================================================================
NOTES:
# LAST OF SEVERAL OCCURRENCES

COLUMN 17 PEAK WIND IN M.P.H.

PRELIMINARY LOCAL CLIMATOLOGICAL DATA (WS FORM: F-6) , PAGE 2

                                          STATION:  VICHY-ROLLA MO
                                          MONTH:    NOVEMBER
                                          YEAR:     2010
                                          LATITUDE:   38  7 N
                                          LONGITUDE:  91 46 W

[TEMPERATURE DATA]      [PRECIPITATION DATA]       SYMBOLS USED IN COLUMN 16

AVERAGE MONTHLY: 46.8   TOTAL FOR MONTH:   3.95    1 = FOG OR MIST
DPTR FM NORMAL:   1.9   DPTR FM NORMAL:   -0.15    2 = FOG REDUCING VISIBILITY
HIGHEST:    75 ON 10, 9 GRTST 24HR  2.91 ON 24-25      TO 1/4 MILE OR LESS
LOWEST:     18 ON 26                               3 = THUNDER
                        SNOW, ICE PELLETS, HAIL    4 = ICE PELLETS
                        TOTAL MONTH:   0.0 INCH    5 = HAIL
                        GRTST 24HR     0.0         6 = FREEZING RAIN OR DRIZZLE
                        GRTST DEPTH:   0           7 = DUSTSTORM OR SANDSTORM:
                                                       VSBY 1/2 MILE OR LESS
                                                   8 = SMOKE OR HAZE
[NO. OF DAYS WITH]      [WEATHER - DAYS WITH]      9 = BLOWING SNOW
                                                   X = TORNADO
MAX 32 OR BELOW:   0    0.01 INCH OR MORE:   8
MAX 90 OR ABOVE:   0    0.10 INCH OR MORE:   3
MIN 32 OR BELOW:  14    0.50 INCH OR MORE:   2
MIN  0 OR BELOW:   0    1.00 INCH OR MORE:   1

[HDD (BASE 65) ]
TOTAL THIS MO.   538    CLEAR  (SCALE 0-3)  17
DPTR FM NORMAL   -67    PTCLDY (SCALE 4-7)   8
TOTAL FM JUL 1   791    CLOUDY (SCALE 8-10)  5
DPTR FM NORMAL  -136

[CDD (BASE 65) ]
TOTAL THIS MO.     0
DPTR FM NORMAL     0    [PRESSURE DATA]
TOTAL FM JAN 1  1538    HIGHEST SLP 29.92 ON 15
DPTR FM NORMAL   281    LOWEST  SLP 29.58 ON 24

[REMARKS]
#FINAL-11-10#
