000
CXUS53 KSGF 010800
CF6VIH
PRELIMINARY LOCAL CLIMATOLOGICAL DATA (WS FORM: F-6)

                                          STATION:   VICHY-ROLLA MO
                                          MONTH:     AUGUST
                                          YEAR:      2010
                                          LATITUDE:   38  7 N
                                          LONGITUDE:  91 46 W

  TEMPERATURE IN F:       :PCPN:    SNOW:  WIND      :SUNSHINE: SKY     :PK WND
================================================================================
1   2   3   4   5  6A  6B    7    8   9   10  11  12  13   14  15   16   17  18
                                     12Z  AVG MX 2MIN
DY MAX MIN AVG DEP HDD CDD  WTR  SNW DPTH SPD SPD DIR MIN PSBL S-S WX    SPD DR
================================================================================

 1  88  64  76  -2   0  11 0.00    M    M  4.4 10 100   M    M   0 1      15  60
 2  93  69  81   3   0  16 0.00    M    M  7.7 14 180   M    M   0        18 170
 3  97  78  88  10   0  23 0.00    M    M  7.6 13 200   M    M   0        17 240
 4  96  75  86   8   0  21 0.00    M    M  7.4 14 250   M    M   0        20 250
 5  88  69  79   1   0  14 0.79    M    M  4.1 22 300   M    M   3 13     33 280
 6  88  68  78   0   0  13 0.00    M    M  5.2 12 100   M    M   0 18     15  90
 7  88  67  78   0   0  13 0.00    M    M  6.7 10 150   M    M   0 1      14 190
 8  93  71  82   5   0  17 0.00    M    M  7.2 14 180   M    M   1        17 170
 9  96  77  87  10   0  22 0.00    M    M  5.8 10 200   M    M   0        15 190
10  97  75  86   9   0  21 0.00    M    M  5.9 18 150   M    M   0        25 140
11  96  75  86   9   0  21 0.00    M    M  5.9 17  10   M    M   0        21  20
12  99  74  87  10   0  22 0.00    M    M  4.7 21 170   M    M   1 3      28 110
13  98  72  85   8   0  20 0.16    M    M 10.3 30 290   M    M   1 13     37 300
14  93  70  82   5   0  17 0.82    M    M  7.1 31 300   M    M   3 13     39 300
15  89  67  78   2   0  13 0.00    M    M  6.5 15 340   M    M   2 18     20 330
16  86  64  75  -1   0  10 0.00    M    M  4.6 13  30   M    M   0        16  50
17  79  63  71  -5   0   6 0.00    M    M  7.6 15 130   M    M   2 8      18 130
18  89  68  79   3   0  14 0.00    M    M  4.9 10  80   M    M   5        13  90
19  94  72  83   7   0  18 0.00    M    M  6.1 13 170   M    M   1 1      16 170
20  91  69  80   4   0  15 0.64    M    M 10.2 33 360   M    M   3 138    44 360
21  88  69  79   4   0  14 0.58    M    M  3.6  7 200   M    M   6 13      M  M
22  88  69  79   4   0  14 0.00    M    M  5.9 12  60   M    M   1 128    16  70
23  88  65  77   2   0  12 0.00    M    M  5.3 10  20   M    M   0 18     14  40
24  85  61  73  -2   0   8 0.00    M    M  6.0 13 340   M    M   1        17 340
25  79  57  68  -6   0   3 0.00    M    M  6.4 16 350   M    M   1        18 330
26  81  55  68  -6   0   3 0.00    M    M  3.1 13  40   M    M   0 8      21  20
27  82  56  69  -5   0   4 0.00    M    M  7.0 12 100   M    M   0 8      18 120
28  88  59  74   0   0   9 0.00    M    M  7.6 14 190   M    M   0 8      18 180
29  88  71  80   7   0  15 0.00    M    M  9.7 18 150   M    M   1        25 130
30  82  69  76   3   0  11 0.09    M    M 10.4 16 150   M    M   7 1      22 150
31  88  73  81   8   0  16 0.27    M    M 11.7 24 210   M    M   3 13     35 210
================================================================================
SM 2775 2111         0 436  3.35    M    206.6          M       42
================================================================================
AV 89.5 68.1                               6.7 FASTST   M    M   1    MAX(MPH)
                                 MISC ---->  # 33 360               # 44  360
================================================================================
NOTES:
# LAST OF SEVERAL OCCURRENCES

COLUMN 17 PEAK WIND IN M.P.H.

PRELIMINARY LOCAL CLIMATOLOGICAL DATA (WS FORM: F-6) , PAGE 2

                                          STATION:  VICHY-ROLLA MO
                                          MONTH:    AUGUST
                                          YEAR:     2010
                                          LATITUDE:   38  7 N
                                          LONGITUDE:  91 46 W

[TEMPERATURE DATA]      [PRECIPITATION DATA]       SYMBOLS USED IN COLUMN 16

AVERAGE MONTHLY: 78.8   TOTAL FOR MONTH:   3.35    1 = FOG OR MIST
DPTR FM NORMAL:   2.8   DPTR FM NORMAL:   -0.32    2 = FOG REDUCING VISIBILITY
HIGHEST:    99 ON 12    GRTST 24HR  0.98 ON 13-14      TO 1/4 MILE OR LESS
LOWEST:     55 ON 26                               3 = THUNDER
                        SNOW, ICE PELLETS, HAIL    4 = ICE PELLETS
                        TOTAL MONTH:    M          5 = HAIL
                        GRTST 24HR    M  ON   M    6 = FREEZING RAIN OR DRIZZLE
                        GRTST DEPTH:  M  ON   M    7 = DUSTSTORM OR SANDSTORM:
                                                       VSBY 1/2 MILE OR LESS
                                                   8 = SMOKE OR HAZE
[NO. OF DAYS WITH]      [WEATHER - DAYS WITH]      9 = BLOWING SNOW
                                                   X = TORNADO
MAX 32 OR BELOW:   0    0.01 INCH OR MORE:   7
MAX 90 OR ABOVE:  12    0.10 INCH OR MORE:   6
MIN 32 OR BELOW:   0    0.50 INCH OR MORE:   4
MIN  0 OR BELOW:   0    1.00 INCH OR MORE:   0

[HDD (BASE 65) ]
TOTAL THIS MO.     0    CLEAR  (SCALE 0-3)  27
DPTR FM NORMAL    -6    PTCLDY (SCALE 4-7)   4
TOTAL FM JUL 1     0    CLOUDY (SCALE 8-10)  0
DPTR FM NORMAL    -6

[CDD (BASE 65) ]
TOTAL THIS MO.   436
DPTR FM NORMAL    89    [PRESSURE DATA]
TOTAL FM JAN 1  1395    HIGHEST SLP 30.15 ON 27
DPTR FM NORMAL   303    LOWEST  SLP 29.66 ON 13

[REMARKS]
#FINAL-08-10#
