000
CXUS53 KSGF 010800
CF6VIH
PRELIMINARY LOCAL CLIMATOLOGICAL DATA (WS FORM: F-6)

                                          STATION:   VICHY-ROLLA MO
                                          MONTH:     JULY
                                          YEAR:      2010
                                          LATITUDE:   38  7 N
                                          LONGITUDE:  91 46 W

  TEMPERATURE IN F:       :PCPN:    SNOW:  WIND      :SUNSHINE: SKY     :PK WND
================================================================================
1   2   3   4   5  6A  6B    7    8   9   10  11  12  13   14  15   16   17  18
                                     12Z  AVG MX 2MIN
DY MAX MIN AVG DEP HDD CDD  WTR  SNW DPTH SPD SPD DIR MIN PSBL S-S WX    SPD DR
================================================================================

 1  84  58  71  -5   0   6 0.00    M    M  8.4 15  90   M    M   0 8      18  70
 2  86  58  72  -4   0   7 0.00    M    M  8.0 14 130   M    M   0 8       M  M
 3  92  57  75  -2   0  10 0.00    M    M  8.6 15 200   M    M   1        20 140
 4  86  71  79   2   0  14    T    M    M  8.7 17 190   M    M   2 8      23 200
 5  93  73  83   6   0  18 0.00    M    M 11.8 18 150   M    M   1        25 170
 6  87  72  80   3   0  15 0.71    M    M  7.5 18  90   M    M   5 13     23 300
 7  88  71  80   3   0  15 0.05    M    M  5.2 14 180   M    M   5 13     18 180
 8  84  71  78   1   0  13 0.68    M    M  1.9 12 330   M    M   7 13     13 210
 9  86  65  76  -2   0  11 1.79    M    M  5.0 13 330   M    M   5 1      32 330
10  86  63  75  -3   0  10 0.00    M    M  2.4  8 130   M    M   1        15 130
11  86  67  77  -1   0  12 0.47    M    M  6.9 22 130   M    M   1 138    28 140
12  87  65  76  -2   0  11 0.06    M    M  3.1 15 140   M    M   4 13     20 140
13  90  68  79   1   0  14 0.00    M    M  5.3 12 240   M    M   1        17 190
14  95  75  85   7   0  20 0.00    M    M  7.0 12 180   M    M   1 1      15 180
15  91  74  83   5   0  18 0.00    M    M  6.4 17 340   M    M   1 1      21 350
16  92  71  82   4   0  17 0.26    M    M  3.1 22 210   M    M   2 138    29 210
17  92  68  80   2   0  15 0.00    M    M  4.7 10 180   M    M   1 3      14 190
18  91  67  79   1   0  14 0.91    M    M  7.3 35 340   M    M   1 13     49 350
19  93  72  83   5   0  18 0.00    M    M 10.4 16 220   M    M   1 3      22 230
20  90  68  79   1   0  14 1.84    M    M  9.2 36 290   M    M   1 1238   45 300
21  90  70  80   2   0  15 0.05    M    M  5.0 16 290   M    M   2 13     24 280
22  92  75  84   6   0  19 0.00    M    M  9.5 17 230   M    M   0        23 180
23  93  75  84   5   0  19 0.00    M    M  9.5 15 200   M    M   0        21 240
24  93  72  83   4   0  18 0.61    M    M  9.7 29 320   M    M   1 1      37 330
25  84  69  77  -2   0  12 0.00    M    M  3.9 14 280   M    M   8 1      17 280
26  89  71  80   2   0  15 1.70    M    M  5.9 29 290   M    M   5 123    41 310
27  90  69  80   2   0  15 0.00    M    M  4.1 12 200   M    M   1 1      15 210
28  91  73  82   4   0  17 0.00    M    M  6.1 13 290   M    M   1        16 280
29  91  72  82   4   0  17 0.00    M    M  4.5 21 200   M    M   2 13     24 180
30  89  71  80   2   0  15 0.37    M    M  5.8 28 360   M    M   2 13     35 360
31  88  67  78   0   0  13 0.02    M    M  6.8 15 350   M    M   4        20 350
================================================================================
SM 2769 2138         0 447  9.52    M    201.7          M       67
================================================================================
AV 89.3 69.0                               6.5 FASTST   M    M   2    MAX(MPH)
                                 MISC ---->  # 36 290               # 49  350
================================================================================
NOTES:
# LAST OF SEVERAL OCCURRENCES

COLUMN 17 PEAK WIND IN M.P.H.

PRELIMINARY LOCAL CLIMATOLOGICAL DATA (WS FORM: F-6) , PAGE 2

                                          STATION:  VICHY-ROLLA MO
                                          MONTH:    JULY
                                          YEAR:     2010
                                          LATITUDE:   38  7 N
                                          LONGITUDE:  91 46 W

[TEMPERATURE DATA]      [PRECIPITATION DATA]       SYMBOLS USED IN COLUMN 16

AVERAGE MONTHLY: 79.1   TOTAL FOR MONTH:   9.52    1 = FOG OR MIST
DPTR FM NORMAL:   1.3   DPTR FM NORMAL:    5.62    2 = FOG REDUCING VISIBILITY
HIGHEST:    95 ON 14    GRTST 24HR  2.47 ON  8- 9      TO 1/4 MILE OR LESS
LOWEST:     57 ON  3                               3 = THUNDER
                        SNOW, ICE PELLETS, HAIL    4 = ICE PELLETS
                        TOTAL MONTH:    M          5 = HAIL
                        GRTST 24HR    M  ON   M    6 = FREEZING RAIN OR DRIZZLE
                        GRTST DEPTH:  M  ON   M    7 = DUSTSTORM OR SANDSTORM:
                                                       VSBY 1/2 MILE OR LESS
                                                   8 = SMOKE OR HAZE
[NO. OF DAYS WITH]      [WEATHER - DAYS WITH]      9 = BLOWING SNOW
                                                   X = TORNADO
MAX 32 OR BELOW:   0    0.01 INCH OR MORE:  14
MAX 90 OR ABOVE:  17    0.10 INCH OR MORE:  10
MIN 32 OR BELOW:   0    0.50 INCH OR MORE:   7
MIN  0 OR BELOW:   0    1.00 INCH OR MORE:   3

[HDD (BASE 65) ]
TOTAL THIS MO.     0    CLEAR  (SCALE 0-3)  23
DPTR FM NORMAL     0    PTCLDY (SCALE 4-7)   7
TOTAL FM JUL 1     0    CLOUDY (SCALE 8-10)  1
DPTR FM NORMAL     0

[CDD (BASE 65) ]
TOTAL THIS MO.   447
DPTR FM NORMAL    53    [PRESSURE DATA]
TOTAL FM JAN 1   959    HIGHEST SLP M ON M
DPTR FM NORMAL   214    LOWEST  SLP 29.65 ON 11

[REMARKS]
#FINAL-07-10#
