000
CXUS53 KSGF 010800
CF6VIH
PRELIMINARY LOCAL CLIMATOLOGICAL DATA (WS FORM: F-6)

                                          STATION:   VICHY-ROLLA MO
                                          MONTH:     OCTOBER
                                          YEAR:      2010
                                          LATITUDE:   38  7 N
                                          LONGITUDE:  91 46 W

  TEMPERATURE IN F:       :PCPN:    SNOW:  WIND      :SUNSHINE: SKY     :PK WND
================================================================================
1   2   3   4   5  6A  6B    7    8   9   10  11  12  13   14  15   16   17  18
                                     12Z  AVG MX 2MIN
DY MAX MIN AVG DEP HDD CDD  WTR  SNW DPTH SPD SPD DIR MIN PSBL S-S WX    SPD DR
================================================================================

 1  72  45  59  -4   6   0 0.00    M    M  2.7 12  10   M    M   0        15  20
 2  61  42  52 -11  13   0 0.00    M    M 10.4 22  20   M    M   4        29  30
 3  60  36  48 -14  17   0 0.00    M    M  5.8 16  20   M    M   1        23  30
 4  63  35  49 -13  16   0 0.00    M    M  3.3  9  20   M    M   0        14  30
 5  69  37  53  -8  12   0 0.00    M    M  2.0  8 200   M    M   0        10 270
 6  74  41  58  -3   7   0 0.00    M    M  8.1 14 250   M    M   0        17 260
 7  79  49  64   3   1   0 0.00    M    M  3.7  9 350   M    M   0        12 360
 8  82  44  63   3   2   0 0.00    M    M  4.6 12 190   M    M   0        14 200
 9  83  56  70  10   0   5 0.00    M    M  6.1 10 210   M    M   0        12 220
10  82  51  67   7   0   2 0.00    M    M  7.7 14 190   M    M   0        20 220
11  78  51  65   6   0   0 0.01    M    M  4.9 14  60   M    M   2 3      18  30
12  74  50  62   3   3   0 0.00    M    M  5.2 13 330   M    M   2 13     15 330
13  69  45  57  -2   8   0 0.00    M    M  9.2 20 330   M    M   2 1      26 360
14  69  38  54  -4  11   0 0.00    M    M  8.2 17 270   M    M   0 8      29  90
15  70  44  57  -1   8   0 0.00    M    M  4.9 14 270   M    M   0        20 260
16  79  40  60   3   5   0 0.00    M    M 10.0 18 200   M    M   0 8      23 190
17  79  49  64   7   1   0 0.00    M    M  5.0 10 280   M    M   0        15 290
18  78  50  64   7   1   0    T    M    M  7.6 17 340   M    M   1 8      24 340
19  66  39  53  -3  12   0 0.00    M    M  4.1 10  70   M    M   3 8      15  90
20  74  37  56   0   9   0 0.00    M    M  8.8 21 250   M    M   0 8      26 230
21  71  42  57   2   8   0 0.00    M    M  5.3 12 350   M    M   2        16  40
22  77  49  63   8   2   0 0.00    M    M 11.9 21 160   M    M   3        26 170
23  79  65  72  17   0   7    T    M    M 15.0 28 200   M    M   5        38 190
24  76  59  68  14   0   3    T    M    M 11.3 23 210   M    M   4 3      29 200
25  76  57  67  13   0   2 0.00    M    M 16.1 31 180   M    M   2 1      41 180
26  73  45  59   6   6   0 0.41    M    M 16.5 49 240   M    M   2 138    68 230
27  66  46  56   3   9   0 0.00    M    M 12.8 28 270   M    M   0        35 240
28  52  35  44  -9  21   0 0.00    M    M 10.3 18 310   M    M   2        25 320
29  64  26  45  -7  20   0 0.00    M    M  4.5 16 190   M    M   0        20 180
30  74  40  57   5   8   0 0.00    M    M 10.6 21 200   M    M   0        29 200
31  64  39  52   1  13   0 0.00    M    M  9.8 17  60   M    M   0        22  70
================================================================================
SM 2233 1382       219  19  0.42    M    246.4          M       35
================================================================================
AV 72.0 44.6                               7.9 FASTST   M    M   1    MAX(MPH)
                                 MISC ---->  # 49 240               # 68  230
================================================================================
NOTES:
# LAST OF SEVERAL OCCURRENCES

COLUMN 17 PEAK WIND IN M.P.H.

PRELIMINARY LOCAL CLIMATOLOGICAL DATA (WS FORM: F-6) , PAGE 2

                                          STATION:  VICHY-ROLLA MO
                                          MONTH:    OCTOBER
                                          YEAR:     2010
                                          LATITUDE:   38  7 N
                                          LONGITUDE:  91 46 W

[TEMPERATURE DATA]      [PRECIPITATION DATA]       SYMBOLS USED IN COLUMN 16

AVERAGE MONTHLY: 58.3   TOTAL FOR MONTH:   0.42    1 = FOG OR MIST
DPTR FM NORMAL:   1.0   DPTR FM NORMAL:   -2.84    2 = FOG REDUCING VISIBILITY
HIGHEST:    83 ON  9    GRTST 24HR  0.41 ON 26-26      TO 1/4 MILE OR LESS
LOWEST:     26 ON 29                               3 = THUNDER
                        SNOW, ICE PELLETS, HAIL    4 = ICE PELLETS
                        TOTAL MONTH:    M          5 = HAIL
                        GRTST 24HR    M  ON   M    6 = FREEZING RAIN OR DRIZZLE
                        GRTST DEPTH:  M  ON   M    7 = DUSTSTORM OR SANDSTORM:
                                                       VSBY 1/2 MILE OR LESS
                                                   8 = SMOKE OR HAZE
[NO. OF DAYS WITH]      [WEATHER - DAYS WITH]      9 = BLOWING SNOW
                                                   X = TORNADO
MAX 32 OR BELOW:   0    0.01 INCH OR MORE:   2
MAX 90 OR ABOVE:   0    0.10 INCH OR MORE:   1
MIN 32 OR BELOW:   1    0.50 INCH OR MORE:   0
MIN  0 OR BELOW:   0    1.00 INCH OR MORE:   0

[HDD (BASE 65) ]
TOTAL THIS MO.   219    CLEAR  (SCALE 0-3)  28
DPTR FM NORMAL   -41    PTCLDY (SCALE 4-7)   3
TOTAL FM JUL 1   253    CLOUDY (SCALE 8-10)  0
DPTR FM NORMAL   -69

[CDD (BASE 65) ]
TOTAL THIS MO.    19
DPTR FM NORMAL    -2    [PRESSURE DATA]
TOTAL FM JAN 1  1538    HIGHEST SLP 30.28 ON 13
DPTR FM NORMAL   281    LOWEST  SLP 29.13 ON M

[REMARKS]
#FINAL-10-10#
