000
CXUS53 KSGF 010800
CF6VIH
PRELIMINARY LOCAL CLIMATOLOGICAL DATA (WS FORM: F-6)

                                          STATION:   VICHY-ROLLA MO
                                          MONTH:     JUNE
                                          YEAR:      2010
                                          LATITUDE:   38  7 N
                                          LONGITUDE:  91 46 W

  TEMPERATURE IN F:       :PCPN:    SNOW:  WIND      :SUNSHINE: SKY     :PK WND
================================================================================
1   2   3   4   5  6A  6B    7    8   9   10  11  12  13   14  15   16   17  18
                                     12Z  AVG MX 2MIN
DY MAX MIN AVG DEP HDD CDD  WTR  SNW DPTH SPD SPD DIR MIN PSBL S-S WX    SPD DR
================================================================================

 1  87  64  76   7   0  11 0.00    M    M  6.7 16 180   M    M   1 1      24 190
 2  85  65  75   6   0  10 0.42    M    M  9.3 33 330   M    M   3 138    45 340
 3  82  63  73   3   0   8    T    M    M  4.5 16 150   M    M   4 3      21 130
 4  87  64  76   6   0  11 0.00    M    M  7.3 14 200   M    M   0        20 210
 5  87  71  79   9   0  14 0.00    M    M  9.1 16 190   M    M   0        21 190
 6  80  63  72   2   0   7 0.00    M    M  8.7 21 330   M    M   3        28 330
 7  77  61  69  -2   0   4 0.00    M    M  5.6 13 120   M    M   3        16 120
 8  80  65  73   2   0   8 2.74    M    M 10.2 29  20   M    M   3 1238   44  10
 9  84  67  76   5   0  11    T    M    M  4.9 13 140   M    M   3 1      15  20
10  86  68  77   5   0  12 0.00    M    M  9.3 21 180   M    M   3        25 180
11  79  72  76   4   0  11 0.11    M    M 10.0 21 190   M    M   5 1      26 190
12  89  68  79   7   0  14 0.05    M    M   M   M   M   M    M   1 1       M  M
13  91  69  80   8   0  15    T    M    M  7.1 14 240   M    M   2 3      18 220
14  87  65  76   3   0  11 0.00    M    M  6.5 18 320   M    M   2 1      22 320
15  82  67  75   2   0  10 0.57    M    M  7.0 16 260   M    M   4 13     22 260
16  87  65  76   3   0  11 0.00    M    M  3.2 14 210   M    M   2 1      17 220
17  91  69  80   7   0  15 0.03    M    M  5.9 12 200   M    M   2 1      16 210
18  91  73  82   8   0  17 0.00    M    M  8.9 18 190   M    M   0        22 190
19  88  66  77   3   0  12 0.42    M    M  8.5 35 340   M    M   0 138    46 360
20  92  65  79   5   0  14 0.00    M    M  2.7  9 260   M    M   0        13 150
21  91  73  82   8   0  17 0.00    M    M  6.5 17 220   M    M   1 13     24 220
22  93  75  84  10   0  19 0.00    M    M  8.4 15 210   M    M   0        21 190
23  92  74  83   8   0  18 0.00    M    M  8.3 16 180   M    M   0        21 190
24  85  65  75   0   0  10 0.00    M    M  6.2 12  30   M    M   2 8      16  10
25  90  63  77   2   0  12 0.00    M    M  6.0 10 190   M    M   2 8      15 170
26  91  73  82   7   0  17 0.00    M    M  7.3 15 200   M    M   1 18     24 240
27  94  71  83   8   0  18 0.31    M    M 10.9 33 260   M    M   1 138    44 260
28  86  65  76   0   0  11 0.00    M    M  4.6 12 320   M    M   1 1      32  90
29  82  63  73  -3   0   8 0.00    M    M  5.4 13  20   M    M   1 8      15  40
30  81  62  72  -4   0   7 0.00    M    M  6.4 14  40   M    M   0 8      22  50
================================================================================
SM 2597 2014         0 363  4.65    M    205.4          M       50
================================================================================
AV 86.6 67.1                               7.1 FASTST   M    M   2    MAX(MPH)
                                 MISC ---->  # 35 340               # 46  360
================================================================================
NOTES:
# LAST OF SEVERAL OCCURRENCES

COLUMN 17 PEAK WIND IN M.P.H.

PRELIMINARY LOCAL CLIMATOLOGICAL DATA (WS FORM: F-6) , PAGE 2

                                          STATION:  VICHY-ROLLA MO
                                          MONTH:    JUNE
                                          YEAR:     2010
                                          LATITUDE:   38  7 N
                                          LONGITUDE:  91 46 W

[TEMPERATURE DATA]      [PRECIPITATION DATA]       SYMBOLS USED IN COLUMN 16

AVERAGE MONTHLY: 76.8   TOTAL FOR MONTH:   4.65    1 = FOG OR MIST
DPTR FM NORMAL:   4.0   DPTR FM NORMAL:    1.00    2 = FOG REDUCING VISIBILITY
HIGHEST:    94 ON 27    GRTST 24HR  2.74 ON  8- 8      TO 1/4 MILE OR LESS
LOWEST:     61 ON  7                               3 = THUNDER
                        SNOW, ICE PELLETS, HAIL    4 = ICE PELLETS
                        TOTAL MONTH:    M          5 = HAIL
                        GRTST 24HR    M  ON   M    6 = FREEZING RAIN OR DRIZZLE
                        GRTST DEPTH:  M  ON   M    7 = DUSTSTORM OR SANDSTORM:
                                                       VSBY 1/2 MILE OR LESS
                                                   8 = SMOKE OR HAZE
[NO. OF DAYS WITH]      [WEATHER - DAYS WITH]      9 = BLOWING SNOW
                                                   X = TORNADO
MAX 32 OR BELOW:   0    0.01 INCH OR MORE:   8
MAX 90 OR ABOVE:  10    0.10 INCH OR MORE:   6
MIN 32 OR BELOW:   0    0.50 INCH OR MORE:   2
MIN  0 OR BELOW:   0    1.00 INCH OR MORE:   1

[HDD (BASE 65) ]
TOTAL THIS MO.     0    CLEAR  (SCALE 0-3)  27
DPTR FM NORMAL    -9    PTCLDY (SCALE 4-7)   3
TOTAL FM JUL 1  4898    CLOUDY (SCALE 8-10)  0
DPTR FM NORMAL    42

[CDD (BASE 65) ]
TOTAL THIS MO.   363
DPTR FM NORMAL   120    [PRESSURE DATA]
TOTAL FM JAN 1   512    HIGHEST SLP 30.23 ON 30
DPTR FM NORMAL   161    LOWEST  SLP 29.66 ON  2

[REMARKS]
#FINAL-06-10#
