000
CXUS53 KSGF 010800
CF6VIH
PRELIMINARY LOCAL CLIMATOLOGICAL DATA (WS FORM: F-6)

                                          STATION:   VICHY-ROLLA MO
                                          MONTH:     SEPTEMBER
                                          YEAR:      2010
                                          LATITUDE:   38  7 N
                                          LONGITUDE:  91 46 W

  TEMPERATURE IN F:       :PCPN:    SNOW:  WIND      :SUNSHINE: SKY     :PK WND
================================================================================
1   2   3   4   5  6A  6B    7    8   9   10  11  12  13   14  15   16   17  18
                                     12Z  AVG MX 2MIN
DY MAX MIN AVG DEP HDD CDD  WTR  SNW DPTH SPD SPD DIR MIN PSBL S-S WX    SPD DR
================================================================================

 1  77  67  72   0   0   7 1.82    M    M  6.6 20 340   M    M   6 13     28 350
 2  86  62  74   2   0   9 0.28    M    M 10.8 20 350   M    M   4 13     28 330
 3  74  56  65  -7   0   0 0.00    M    M 10.9 23 290   M    M   1 8      30 290
 4  73  51  62 -10   3   0 0.00    M    M  4.8 14 330   M    M   0        22 340
 5  81  52  67  -4   0   2 0.00    M    M 10.4 22 180   M    M   0        28 180
 6  86  59  73   2   0   8 0.00    M    M 13.5 25 190   M    M   0        33 180
 7  74  62  68  -3   0   3 0.08    M    M  4.0 16 320   M    M   5 13     20 330
 8  76  60  68  -2   0   3 0.00    M    M  4.8 12 110   M    M   6        15 100
 9  67  62  65  -5   0   0 1.20    M    M 12.3 18 100   M    M   9 1      24 120
10  84  63  74   4   0   9 0.05    M    M  7.4 20 340   M    M   7 13     25 330
11  78  57  68  -1   0   3 1.29    M    M  6.8 33 340   M    M   3 13     41 360
12  81  53  67  -2   0   2 0.00    M    M  4.3  9 190   M    M   0 8      13 210
13  82  56  69   0   0   4 0.00    M    M  6.4 14 220   M    M   1        15 220
14  76  62  69   0   0   4 0.00    M    M  4.3 16 150   M    M   2        18 150
15  76  61  69   1   0   4 0.42    M    M  8.2 21 180   M    M   5 13     25 180
16  74  58  66  -2   0   1    T    M    M  7.4 21 160   M    M   6        25 180
17  80  55  68   0   0   3 0.00    M    M  6.3 12 170   M    M   0        15 180
18  87  63  75   8   0  10 0.00    M    M  7.0 20  50   M    M   0        25  50
19  80  66  73   6   0   8 0.00    M    M  8.3 20  60   M    M   1        25  60
20  87  66  77  10   0  12 0.00    M    M  7.9  7 150   M    M   0         8 150
21  86  65  76  10   0  11 0.00    M    M  8.0 18 210   M    M   1 1      26 110
22  81  64  73   7   0   8 0.26    M    M  7.3 22 310   M    M   5 13     31 310
23  85  70  78  12   0  13 0.00    M    M 13.4 26 180   M    M   0        35 190
24  76  54  65   0   0   0 0.36    M    M  8.7 20 190   M    M   3 1      25 200
25  75  50  63  -2   2   0 0.27    M    M  4.5 20 340   M    M   2 13     25  10
26  58  48  53 -12  12   0    T    M    M  8.2 17  40   M    M   9 1      22  40
27  66  43  55  -9  10   0 0.00    M    M  3.9 13 340   M    M   1 12     17 320
28  73  48  61  -3   4   0 0.00    M    M  4.4 10 290   M    M   3 1      14 340
29  77  49  63  -1   2   0 0.00    M    M  1.1  7 230   M    M   2 128    10 300
30  75  52  64   1   1   0 0.00    M    M  8.7 21  10   M    M   0        28  20
================================================================================
SM 2331 1734        34 124  6.03    M    220.6          M       82
================================================================================
AV 77.7 57.8                               7.4 FASTST   M    M   3    MAX(MPH)
                                 MISC ---->  # 33 340               # 41  360
================================================================================
NOTES:
# LAST OF SEVERAL OCCURRENCES

COLUMN 17 PEAK WIND IN M.P.H.

PRELIMINARY LOCAL CLIMATOLOGICAL DATA (WS FORM: F-6) , PAGE 2

                                          STATION:  VICHY-ROLLA MO
                                          MONTH:    SEPTEMBER
                                          YEAR:     2010
                                          LATITUDE:   38  7 N
                                          LONGITUDE:  91 46 W

[TEMPERATURE DATA]      [PRECIPITATION DATA]       SYMBOLS USED IN COLUMN 16

AVERAGE MONTHLY: 67.8   TOTAL FOR MONTH:   6.03    1 = FOG OR MIST
DPTR FM NORMAL:  -0.2   DPTR FM NORMAL:    2.55    2 = FOG REDUCING VISIBILITY
HIGHEST:    87 ON 20,18 GRTST 24HR  2.04 ON 31- 1      TO 1/4 MILE OR LESS
LOWEST:     43 ON 27                               3 = THUNDER
                        SNOW, ICE PELLETS, HAIL    4 = ICE PELLETS
                        TOTAL MONTH:    M          5 = HAIL
                        GRTST 24HR    M  ON   M    6 = FREEZING RAIN OR DRIZZLE
                        GRTST DEPTH:  M  ON   M    7 = DUSTSTORM OR SANDSTORM:
                                                       VSBY 1/2 MILE OR LESS
                                                   8 = SMOKE OR HAZE
[NO. OF DAYS WITH]      [WEATHER - DAYS WITH]      9 = BLOWING SNOW
                                                   X = TORNADO
MAX 32 OR BELOW:   0    0.01 INCH OR MORE:  10
MAX 90 OR ABOVE:   0    0.10 INCH OR MORE:   8
MIN 32 OR BELOW:   0    0.50 INCH OR MORE:   3
MIN  0 OR BELOW:   0    1.00 INCH OR MORE:   3

[HDD (BASE 65) ]
TOTAL THIS MO.    34    CLEAR  (SCALE 0-3)  19
DPTR FM NORMAL   -22    PTCLDY (SCALE 4-7)   9
TOTAL FM JUL 1    34    CLOUDY (SCALE 8-10)  2
DPTR FM NORMAL   -28

[CDD (BASE 65) ]
TOTAL THIS MO.   124
DPTR FM NORMAL   -20    [PRESSURE DATA]
TOTAL FM JAN 1  1519    HIGHEST SLP 30.15 ON M
DPTR FM NORMAL   283    LOWEST  SLP 29.71 ON 10

[REMARKS]
#FINAL-09-10#
