000
CXUS53 KSGF 010800
CF6VIH
PRELIMINARY LOCAL CLIMATOLOGICAL DATA (WS FORM: F-6)

                                          STATION:   VICHY-ROLLA MO
                                          MONTH:     APRIL
                                          YEAR:      2010
                                          LATITUDE:   38  7 N
                                          LONGITUDE:  91 46 W

  TEMPERATURE IN F:       :PCPN:    SNOW:  WIND      :SUNSHINE: SKY     :PK WND
================================================================================
1   2   3   4   5  6A  6B    7    8   9   10  11  12  13   14  15   16   17  18
                                     12Z  AVG MX 2MIN
DY MAX MIN AVG DEP HDD CDD  WTR  SNW DPTH SPD SPD DIR MIN PSBL S-S WX    SPD DR
================================================================================

 1  86  60  73  23   0   8 0.00    M    M 17.5 24 170   M    M   0        35 150
 2  76  52  64  13   1   0 1.56    M    M 13.9 28 190   M    M   5 138    37 200
 3  66  49  58   7   7   0 0.01    M    M  9.4 17 300   M    M   1        22 270
 4  81  55  68  16   0   3 0.10    M    M 15.8 30 200   M    M   2 13     38 190
 5  81  62  72  20   0   7 0.01    M    M 11.0 29 190   M    M   4 138    36 190
 6  80  65  73  21   0   8 0.00    M    M 18.1 31 200   M    M   3 8      41 210
 7  71  45  58   5   7   0 0.17    M    M 12.3 22 280   M    M   5 18     30 300
 8  58  34  46  -7  19   0 0.00    M    M 10.4 22 280   M    M   1        30 270
 9  69  33  51  -2  14   0 0.00    M    M  6.7 15 250   M    M   0        23 270
10  74  48  61   7   4   0 0.00    M    M 11.1 22 170   M    M   0        30 170
11  78  51  65  11   0   0 0.00    M    M  6.2 14 190   M    M   0 8      20 180
12  80  53  67  13   0   2 0.00    M    M  9.2 18 170   M    M   0        23 170
13  82  51  67  12   0   2 0.00    M    M  9.6 17 170   M    M   0        21 170
14  82  60  71  15   0   6 0.00    M    M 10.2 21 200   M    M   0        25 200
15  81  53  67  12   0   2    T    M    M  9.5 21 210   M    M   2        26 190
16  73  49  61   5   4   0 0.09    M    M  8.3 21 340   M    M   5 1      25 330
17  66  41  54  -2  11   0 0.00    M    M  5.9 15  20   M    M   0 1      20  50
18  66  38  52  -4  13   0 0.00    M    M  4.3 14  60   M    M   0        18  50
19  66  44  55  -1  10   0 0.00    M    M  3.1 13  30   M    M   0        20 110
20  70  36  53  -4  12   0 0.00    M    M  4.3 13  10   M    M   0        17 360
21  73  42  58   1   7   0 0.00    M    M  5.4 13 210   M    M   3        16 210
22  67  44  56  -1   9   0 0.20    M    M  6.3 17 100   M    M   6 13     21 100
23  74  57  66   8   0   1 0.17    M    M 10.0 29 110   M    M   5 138    36 110
24  65  53  59   1   6   0 0.59    M    M 12.7 26 240   M    M   9 13     31 240
25  56  50  53  -5  12   0 0.30    M    M 15.1 28 240   M    M  10 18     36 240
26  57  46  52  -7  13   0    T    M    M 10.9 20 300   M    M  10        25 290
27  63  39  51  -8  14   0 0.06    M    M  8.4 18 300   M    M   6        24 320
28  69  41  55  -4  10   0 0.00    M    M 10.5 18 160   M    M   1        28 200
29  79  57  68   9   0   3 0.00    M    M 19.9 32 180   M    M   0        43 200
30  76  59  68   8   0   3 0.24    M    M 15.5 30 190   M    M   7 13     40 180
================================================================================
SM 2165 1467       173  45  3.50    M    311.5          M       85
================================================================================
AV 72.2 48.9                              10.4 FASTST   M    M   3    MAX(MPH)
                                 MISC ---->  # 32 180               # 43  200
================================================================================
NOTES:
# LAST OF SEVERAL OCCURRENCES

COLUMN 17 PEAK WIND IN M.P.H.

PRELIMINARY LOCAL CLIMATOLOGICAL DATA (WS FORM: F-6) , PAGE 2

                                          STATION:  VICHY-ROLLA MO
                                          MONTH:    APRIL
                                          YEAR:     2010
                                          LATITUDE:   38  7 N
                                          LONGITUDE:  91 46 W

[TEMPERATURE DATA]      [PRECIPITATION DATA]       SYMBOLS USED IN COLUMN 16

AVERAGE MONTHLY: 60.5   TOTAL FOR MONTH:   3.50    1 = FOG OR MIST
DPTR FM NORMAL:   5.2   DPTR FM NORMAL:   -0.40    2 = FOG REDUCING VISIBILITY
HIGHEST:    86 ON  1    GRTST 24HR  1.57 ON  2- 3      TO 1/4 MILE OR LESS
LOWEST:     33 ON  9                               3 = THUNDER
                        SNOW, ICE PELLETS, HAIL    4 = ICE PELLETS
                        TOTAL MONTH:    M          5 = HAIL
                        GRTST 24HR    M  ON   M    6 = FREEZING RAIN OR DRIZZLE
                        GRTST DEPTH:  M  ON   M    7 = DUSTSTORM OR SANDSTORM:
                                                       VSBY 1/2 MILE OR LESS
                                                   8 = SMOKE OR HAZE
[NO. OF DAYS WITH]      [WEATHER - DAYS WITH]      9 = BLOWING SNOW
                                                   X = TORNADO
MAX 32 OR BELOW:   0    0.01 INCH OR MORE:  12
MAX 90 OR ABOVE:   0    0.10 INCH OR MORE:   8
MIN 32 OR BELOW:   0    0.50 INCH OR MORE:   2
MIN  0 OR BELOW:   0    1.00 INCH OR MORE:   1

[HDD (BASE 65) ]
TOTAL THIS MO.   173    CLEAR  (SCALE 0-3)  19
DPTR FM NORMAL  -130    PTCLDY (SCALE 4-7)   8
TOTAL FM JUL 1  4791    CLOUDY (SCALE 8-10)  3
DPTR FM NORMAL    64

[CDD (BASE 65) ]
TOTAL THIS MO.    45
DPTR FM NORMAL    34    [PRESSURE DATA]
TOTAL FM JAN 1    51    HIGHEST SLP 30.17 ON 19
DPTR FM NORMAL    40    LOWEST  SLP 29.32 ON 24

[REMARKS]
#FINAL-04-10#
