000
CXUS53 KSGF 010800
CF6VIH
PRELIMINARY LOCAL CLIMATOLOGICAL DATA (WS FORM: F-6)

                                          STATION:   VICHY-ROLLA MO
                                          MONTH:     JUNE
                                          YEAR:      2016
                                          LATITUDE:   38  7 N
                                          LONGITUDE:  91 46 W

  TEMPERATURE IN F:       :PCPN:    SNOW:  WIND      :SUNSHINE: SKY     :PK WND
================================================================================
1   2   3   4   5  6A  6B    7    8   9   10  11  12  13   14  15   16   17  18
                                     12Z  AVG MX 2MIN
DY MAX MIN AVG DEP HDD CDD  WTR  SNW DPTH SPD SPD DIR MIN PSBL S-S WX    SPD DR
================================================================================

 1  82  64  73   5   0   8 0.01    M    M  4.2 16  50   M    M   5 3      21  60
 2  80  63  72   3   0   7    T    M    M  3.9 14 130   M    M   4 1      17 120
 3  72  65  69   0   0   4 0.74    M    M  5.8 14 150   M    M   9 1      21 120
 4  79  61  70   1   0   5 0.06    M    M  6.8 17 270   M    M   5 1      23 300
 5  77  57  67  -3   0   2 0.00    M    M  8.3 18 310   M    M   2        22 320
 6  85  57  71   1   0   6 0.00    M    M  9.2 26 280   M    M   1 3      36 270
 7  76  55  66  -4   0   1 0.00    M    M  6.2 14 300   M    M   1        21 290
 8  80  53  67  -3   0   2 0.00    M    M  5.1 10 150   M    M   0        15 140
 9  87  65  76   5   0  11 0.00    M    M  8.9 15 190   M    M   0        20 160
10  88  67  78   7   0  13 0.00    M    M  8.0 13 180   M    M   0        18 210
11  88  68  78   7   0  13 0.00    M    M  6.3 14 210   M    M   0        17 250
12  92  68  80   8   0  15    T    M    M  5.2 26 240   M    M   0        36 240
13  88  64  76   4   0  11 0.00    M    M  4.0 16 100   M    M   1 13     20 100
14  88  71  80   8   0  15 0.00    M    M  8.4 17 160   M    M   2        22 200
15  94  74  84  12   0  19 0.00    M    M  8.1 21 320   M    M   1        29 320
16  93  73  83  10   0  18 0.00    M    M  6.1 14 230   M    M   0        17 270
17  89  67  78   5   0  13 0.00    M    M  6.6 16 100   M    M   1        20  90
18  87  66  77   4   0  12 0.00    M    M  5.9 14 100   M    M   0        18 110
19  89  66  78   4   0  13 0.00    M    M  7.7 16 160   M    M   2        21 180
20  93  71  82   8   0  17    T    M    M  8.0 25 330   M    M   1        32 320
21  88  70  79   5   0  14 0.02    M    M  6.7 13 260   M    M   1        18 180
22  96  70  83   9   0  18 0.00    M    M 10.6 21 210   M    M   1        28 200
23  95  74  85  11   0  20 0.00    M    M  8.2 17 250   M    M   3        25 240
24  88  65  77   2   0  12 0.00    M    M  6.9 15 200   M    M   2        18 230
25  95  72  84   9   0  19    T    M    M  8.0 17 220   M    M   1        21 230
26  92  69  81   6   0  16 0.46    M    M  7.3 25 310   M    M   4 123    36 300
27  89  69  79   4   0  14 0.01    M    M  4.6 12 340   M    M   1 1      13 330
28  86  65  76   0   0  11 0.00    M    M  5.5 14 340   M    M   0        19  20
29  85  63  74  -2   0   9 0.00    M    M  6.1 12 110   M    M   0        17 110
30  83  65  74  -2   0   9 0.64    M    M  8.7 24 230   M    M   2 13     32 220
================================================================================
SM 2604 1977         0 347  1.94    M    205.3          M       50
================================================================================
AV 86.8 65.9                               6.8 FASTST   M    M   2    MAX(MPH)
                                 MISC ---->  # 26 280               # 36  270
================================================================================
NOTES:
# LAST OF SEVERAL OCCURRENCES

COLUMN 17 PEAK WIND IN M.P.H.

PRELIMINARY LOCAL CLIMATOLOGICAL DATA (WS FORM: F-6) , PAGE 2

                                          STATION:  VICHY-ROLLA MO
                                          MONTH:    JUNE
                                          YEAR:     2016
                                          LATITUDE:   38  7 N
                                          LONGITUDE:  91 46 W

[TEMPERATURE DATA]      [PRECIPITATION DATA]       SYMBOLS USED IN COLUMN 16

AVERAGE MONTHLY: 76.4   TOTAL FOR MONTH:   1.94    1 = FOG OR MIST
DPTR FM NORMAL:   4.0   DPTR FM NORMAL:   -2.69    2 = FOG REDUCING VISIBILITY
HIGHEST:    96 ON 22    GRTST 24HR  0.74 ON  3- 3      TO 1/4 MILE OR LESS
LOWEST:     53 ON  8                               3 = THUNDER
                        SNOW, ICE PELLETS, HAIL    4 = ICE PELLETS
                        TOTAL MONTH:    M          5 = HAIL
                        GRTST 24HR    M  ON   M    6 = FREEZING RAIN OR DRIZZLE
                        GRTST DEPTH:  M  ON   M    7 = DUSTSTORM OR SANDSTORM:
                                                       VSBY 1/2 MILE OR LESS
                                                   8 = SMOKE OR HAZE
[NO. OF DAYS WITH]      [WEATHER - DAYS WITH]      9 = BLOWING SNOW
                                                   X = TORNADO
MAX 32 OR BELOW:   0    0.01 INCH OR MORE:   7
MAX 90 OR ABOVE:   8    0.10 INCH OR MORE:   3
MIN 32 OR BELOW:   0    0.50 INCH OR MORE:   2
MIN  0 OR BELOW:   0    1.00 INCH OR MORE:   0

[HDD (BASE 65) ]
TOTAL THIS MO.     0    CLEAR  (SCALE 0-3)  25
DPTR FM NORMAL   -14    PTCLDY (SCALE 4-7)   4
TOTAL FM JUL 1  4052    CLOUDY (SCALE 8-10)  1
DPTR FM NORMAL  -796

[CDD (BASE 65) ]
TOTAL THIS MO.   347
DPTR FM NORMAL   112    [PRESSURE DATA]
TOTAL FM JAN 1   425    HIGHEST SLP M ON M
DPTR FM NORMAL    83    LOWEST  SLP 29.73 ON 14

[REMARKS]
#FINAL-06-16#
