000
CXUS53 KSGF 010800
CF6VIH
PRELIMINARY LOCAL CLIMATOLOGICAL DATA (WS FORM: F-6)

                                          STATION:   VICHY-ROLLA MO
                                          MONTH:     OCTOBER
                                          YEAR:      2017
                                          LATITUDE:   38  7 N
                                          LONGITUDE:  91 46 W

  TEMPERATURE IN F:       :PCPN:    SNOW:  WIND      :SUNSHINE: SKY     :PK WND
================================================================================
1   2   3   4   5  6A  6B    7    8   9   10  11  12  13   14  15   16   17  18
                                     12Z  AVG MX 2MIN
DY MAX MIN AVG DEP HDD CDD  WTR  SNW DPTH SPD SPD DIR MIN PSBL S-S WX    SPD DR
================================================================================

 1  82  54  68   7   0   3 0.00    M    M  9.9 17 150   M    M   0        22 170
 2  86  65  76  15   0  11 0.00    M    M 13.9 21 170   M    M   2        29 150
 3  74  67  71  10   0   6 0.21    M    M 10.9 21 160   M    M  10 13     28 160
 4  75  67  71  11   0   6 0.71    M    M  6.7 16 190   M    M   9 1      19 100
 5  81  63  72  12   0   7    T    M    M  4.9 12 180   M    M   5 12     14 240
 6  81  68  75  15   0  10    T    M    M 10.2 18 180   M    M   3        27 150
 7  74  55  65   6   0   0 0.26    M    M 12.0 26 200   M    M   3 1      35 200
 8  81  51  66   7   0   1 0.00    M    M  5.2 13 130   M    M   1        16 140
 9  83  63  73  14   0   8 0.03    M    M  5.8 14 140   M    M   4 123    19 150
10  68  47  58   0   7   0 0.02    M    M 10.0 22 280   M    M   9 123    28 280
11  55  47  51  -7  14   0 0.00    M    M  6.8 16 280   M    M  10 1      32 320
12  71  51  61   3   4   0 0.00    M    M  5.9 13 170   M    M   5        18 170
13  84  56  70  12   0   5 0.00    M    M 12.1 16 160   M    M   2 8      20 180
14  89  68  79  22   0  14 0.00    M    M 12.9 22 190   M    M   3 8      29 210
15  73  43  58   1   7   0 1.26    M    M 11.4 25 310   M    M   5 13     36 310
16  66  38  52  -5  13   0 0.00    M    M  2.4 10 300   M    M   0        16 310
17  69  43  56   0   9   0 0.00    M    M  9.9 17 180   M    M   0        22 180
18  75  49  62   6   3   0 0.00    M    M 12.5 18 180   M    M   0        22 180
19  79  52  66  10   0   1 0.00    M    M 10.0 16 190   M    M   0        21 190
20  75  53  64   9   1   0 0.00    M    M 12.1 18 160   M    M   0        24 150
21  77  63  70  15   0   5 0.00    M    M 15.3 26 180   M    M   5        36 200
22  71  49  60   5   5   0 0.40    M    M 10.8 24 300   M    M   9 123    32 300
23  71  48  60   6   5   0 0.00    M    0 12.3 24 280   M    M   4        35 310
24  54  40  47  -7  18   0    T    M    M 14.1 28 310   M    M   6        39 310
25  68  33  51  -3  14   0 0.00    M    M  9.7 28 250   M    M   0        35 270
26  82  45  64  10   1   0    T    M    M 12.9 23 210   M    M   0        30 220
27  52  36  44  -9  21   0    T    M    M 13.4 25 310   M    M   9        33 310
28  41  21  31 -22  34   0 0.00    M    M  7.1 15 330   M    M   7        25 300
29  56  21  39 -14  26   0 0.00    M    0  9.4 14 200   M    M   1        17 180
30  54  34  44  -8  21   0    T    M    M 11.5 23 290   M    M   4        29 330
31  43  25  34 -18  31   0 0.00    M    M  5.6 12 180   M    M   4        16 170
================================================================================
SM 2190 1515       234  77  2.89    M    307.6          M      120
================================================================================
AV 70.7 48.9                               9.9 FASTST   M    M   4    MAX(MPH)
                                 MISC ---->  # 28 310               # 39  310
================================================================================
NOTES:
# LAST OF SEVERAL OCCURRENCES

COLUMN 17 PEAK WIND IN M.P.H.

PRELIMINARY LOCAL CLIMATOLOGICAL DATA (WS FORM: F-6) , PAGE 2

                                          STATION:  VICHY-ROLLA MO
                                          MONTH:    OCTOBER
                                          YEAR:     2017
                                          LATITUDE:   38  7 N
                                          LONGITUDE:  91 46 W

[TEMPERATURE DATA]      [PRECIPITATION DATA]       SYMBOLS USED IN COLUMN 16

AVERAGE MONTHLY: 59.8   TOTAL FOR MONTH:   2.89    1 = FOG OR MIST
DPTR FM NORMAL:   3.2   DPTR FM NORMAL:   -0.62    2 = FOG REDUCING VISIBILITY
HIGHEST:    89 ON 14    GRTST 24HR  1.26 ON 15-15      TO 1/4 MILE OR LESS
LOWEST:     21 ON 29,28                            3 = THUNDER
                        SNOW, ICE PELLETS, HAIL    4 = ICE PELLETS
                        TOTAL MONTH:    M          5 = HAIL
                        GRTST 24HR    M  ON   M    6 = FREEZING RAIN OR DRIZZLE
                        GRTST DEPTH:   0           7 = DUSTSTORM OR SANDSTORM:
                                                       VSBY 1/2 MILE OR LESS
                                                   8 = SMOKE OR HAZE
[NO. OF DAYS WITH]      [WEATHER - DAYS WITH]      9 = BLOWING SNOW
                                                   X = TORNADO
MAX 32 OR BELOW:   0    0.01 INCH OR MORE:   7
MAX 90 OR ABOVE:   0    0.10 INCH OR MORE:   5
MIN 32 OR BELOW:   3    0.50 INCH OR MORE:   2
MIN  0 OR BELOW:   0    1.00 INCH OR MORE:   1

[HDD (BASE 65) ]
TOTAL THIS MO.   234    CLEAR  (SCALE 0-3)  13
DPTR FM NORMAL   -52    PTCLDY (SCALE 4-7)  12
TOTAL FM JUL 1   252    CLOUDY (SCALE 8-10)  6
DPTR FM NORMAL   -98

[CDD (BASE 65) ]
TOTAL THIS MO.    77
DPTR FM NORMAL    52    [PRESSURE DATA]
TOTAL FM JAN 1  1247    HIGHEST SLP M ON M
DPTR FM NORMAL     4    LOWEST  SLP 29.61 ON 26

[REMARKS]
#FINAL-10-17#
