000
CXUS53 KSGF 310800
CF6VIH
PRELIMINARY LOCAL CLIMATOLOGICAL DATA (WS FORM: F-6)

                                          STATION:   VICHY-ROLLA MO
                                          MONTH:     DECEMBER
                                          YEAR:      2013
                                          LATITUDE:   38  7 N
                                          LONGITUDE:  91 46 W

  TEMPERATURE IN F:       :PCPN:    SNOW:  WIND      :SUNSHINE: SKY     :PK WND
================================================================================
1   2   3   4   5  6A  6B    7    8   9   10  11  12  13   14  15   16   17  18
                                     12Z  AVG MX 2MIN
DY MAX MIN AVG DEP HDD CDD  WTR  SNW DPTH SPD SPD DIR MIN PSBL S-S WX    SPD DR
================================================================================

 1  59  32  46   8  19   0 0.00    M    M  4.0 10 100   M    M   2 1      13 100
 2  57  30  44   6  21   0 0.00    M    M  6.0 12 190   M    M   2 128    15 190
 3  60  44  52  15  13   0 0.00    M    M 10.8 17 200   M    M   5 1      22 200
 4  65  34  50  13  15   0 0.00    M    M 13.2 24 280   M    M   5 1      31 260
 5  34  19  27  -9  38   0 0.11    M    M 11.0 20 310   M    M  10 18     25 310
 6  20   8  14 -22  51   0 0.02    M    M 10.7 16 360   M    M   9 18     21 350
 7  20   3  12 -24  53   0    T    M    M  7.8 14 100   M    M   1        18  30
 8  26  17  22 -14  43   0    T    M    M  8.3 15  80   M    M   9 18     19  80
 9  27  18  23 -12  42   0 0.00  0.0    M  8.4 16 300   M    M   8 1      23 270
10  34  12  23 -12  42   0 0.00    M    M 10.7 22 260   M    M   1        25 260
11  32  10  21 -13  44   0 0.00    M    M 10.4 18 330   M    M   0        23 330
12  39   8  24 -10  41   0 0.00    M    M 10.4 17 210   M    M   0        21 210
13  34  23  29  -5  36   0 0.68    M    M 11.3 18 190   M    M   6 16     24 180
14  32  24  28  -6  37   0 0.22    M    M 10.3 21 300   M    M  10 18     27 320
15  39  23  31  -2  34   0 0.00    M    M 11.6 17 220   M    M   5 1      22 220
16  53  30  42   9  23   0 0.00  0.0    0 10.0 16 220   M    M   1 1      19 220
17  46  24  35   2  30   0 0.00  0.0    0  7.6 21 310   M    M   1 18     27 310
18  55  22  39   6  26   0 0.00  0.0    0 14.5 26 200   M    M   0        32 200
19  56  46  51  18  14   0 0.00    M    M 15.1 22 190   M    M   5        31 200
20  65  30  48  16  17   0 0.02    M    M 10.6 21 180   M    M   9 18     26 180
21  32  30  31  -1  34   0 0.82    M    M  7.9 20  60   M    M  10 16     23  60
22  32  21  27  -5  38   0    T    M    M 11.7 18 290   M    M  10 1      25 310
23  21   8  15 -17  50   0    T    M    0  9.2 16 310   M    M   8 1      20 280
24  27   3  15 -17  50   0 0.00  0.0    0  8.8 21 180   M    M   0        27 180
25  32  21  27  -5  38   0 0.00  0.0    0 10.6 18 190   M    M   8 18     22 200
26  48  21  35   3  30   0 0.00    M    M  9.9 18 190   M    M   2 12     22 200
27  54  28  41  10  24   0 0.00    M    M  9.6 13 210   M    M   0        25  20
28  56  33  45  14  20   0 0.00    M    M 11.7 17 210   M    M   0        21 200
29  40  14  27  -4  38   0 0.00    M    M 13.3 22 310   M    M   6 1      27 320
30  29   8  19 -12  46   0 0.00    M    M  6.2 16 260   M    M   4        22 240
================================================================================
SM 1224  644      1007   0  1.87     0.0 301.6          M      137
================================================================================
AV 40.8 21.5                              10.1 FASTST   M    M   5    MAX(MPH)
                                 MISC ---->  # 26 200               # 32  200
================================================================================
NOTES:
# LAST OF SEVERAL OCCURRENCES

COLUMN 17 PEAK WIND IN M.P.H.

PRELIMINARY LOCAL CLIMATOLOGICAL DATA (WS FORM: F-6) , PAGE 2

                                          STATION:  VICHY-ROLLA MO
                                          MONTH:    DECEMBER
                                          YEAR:     2013
                                          LATITUDE:   38  7 N
                                          LONGITUDE:  91 46 W

[TEMPERATURE DATA]      [PRECIPITATION DATA]       SYMBOLS USED IN COLUMN 16

AVERAGE MONTHLY: 31.1   TOTAL FOR MONTH:   1.87    1 = FOG OR MIST
DPTR FM NORMAL:  -2.6   DPTR FM NORMAL:   -0.70    2 = FOG REDUCING VISIBILITY
HIGHEST:    65 ON 20, 4 GRTST 24HR  0.82 ON 21-21      TO 1/4 MILE OR LESS
LOWEST:      3 ON 24, 7                            3 = THUNDER
                        SNOW, ICE PELLETS, HAIL    4 = ICE PELLETS
                        TOTAL MONTH:   0.0 INCH    5 = HAIL
                        GRTST 24HR     0.0         6 = FREEZING RAIN OR DRIZZLE
                        GRTST DEPTH:   0           7 = DUSTSTORM OR SANDSTORM:
                                                       VSBY 1/2 MILE OR LESS
                                                   8 = SMOKE OR HAZE
[NO. OF DAYS WITH]      [WEATHER - DAYS WITH]      9 = BLOWING SNOW
                                                   X = TORNADO
MAX 32 OR BELOW:  12    0.01 INCH OR MORE:   6
MAX 90 OR ABOVE:   0    0.10 INCH OR MORE:   4
MIN 32 OR BELOW:  26    0.50 INCH OR MORE:   2
MIN  0 OR BELOW:   0    1.00 INCH OR MORE:   0

[HDD (BASE 65) ]
TOTAL THIS MO.  1007    CLEAR  (SCALE 0-3)  13
DPTR FM NORMAL    71    PTCLDY (SCALE 4-7)   9
TOTAL FM JUL 1  2057    CLOUDY (SCALE 8-10)  8
DPTR FM NORMAL   174

[CDD (BASE 65) ]
TOTAL THIS MO.     0
DPTR FM NORMAL     0    [PRESSURE DATA]
TOTAL FM JAN 1  1125    HIGHEST SLP M ON M
DPTR FM NORMAL  -121    LOWEST  SLP 29.51 ON 21

[REMARKS]
