000
CXUS53 KSGF 011409
CF6VIH
PRELIMINARY LOCAL CLIMATOLOGICAL DATA (WS FORM: F-6)

                                          STATION:   VICHY-ROLLA MO
                                          MONTH:     NOVEMBER
                                          YEAR:      2015
                                          LATITUDE:   38  7 N
                                          LONGITUDE:  91 46 W

  TEMPERATURE IN F:       :PCPN:    SNOW:  WIND      :SUNSHINE: SKY     :PK WND
================================================================================
1   2   3   4   5  6A  6B    7    8   9   10  11  12  13   14  15   16   17  18
                                     12Z  AVG MX 2MIN
DY MAX MIN AVG DEP HDD CDD  WTR  SNW DPTH SPD SPD DIR MIN PSBL S-S WX    SPD DR
================================================================================

 1  70  41  56   4   9   0 0.00    M    M  4.6  9 170   M    M   2 12     12 200
 2  71  43  57   6   8   0    T    M    M  4.6 10 170   M    M   2 12     14 140
 3  74  43  59   8   6   0 0.00    M    M  7.4 13 160   M    M   2 12     16 150
 4  69  56  63  13   2   0 0.00    M    M 11.1 18 190   M    M   8 1      24 180
 5  65  57  61  11   4   0 1.21    M    M 12.2 21 130   M    M   7 13     26 120
 6  64  42  53   3  12   0 0.00    M    M  6.1 22 290   M    M   2        29 280
 7  58  35  47  -2  18   0 0.00    M    M  4.1 14 360   M    M   0        22  20
 8  56  34  45  -4  20   0 0.00    M    M  5.4 13 130   M    M   0        16 130
 9  58  29  44  -4  21   0    T    M    M  2.4 10 140   M    M   0        13 160
10  69  33  51   3  14   0 0.00    M    M 10.0 18 150   M    M   0        22 160
11  66  47  57  10   8   0    T    M    M 19.4 39 240   M    M   5        53 250
12  59  42  51   4  14   0 0.00    M    M 15.6 32 260   M    M   4        43 280
13  58  30  44  -2  21   0 0.00    M    M  6.9 18 300   M    M   0        23 300
14  67  37  52   6  13   0 0.00    M    M 10.7 22 210   M    M   0        29 210
15  60  46  53   7  12   0 0.00    M    M 12.2 21 200   M    M   2        27 180
16  57  46  52   7  13   0 1.14    M    M 15.8 24 160   M    M  10 1      33 180
17  65  57  61  16   4   0 5.11    M    M 13.2 23 190   M    M  10 1      30 150
18  60  43  52   8  13   0 0.00    M    M 17.0 30 210   M    M   4        37 220
19  51  30  41  -3  24   0 0.00    M    M  9.4 20 290   M    M   0        26 300
20  56  30  43   0  22   0 0.13    M    M 11.8 24 150   M    M   4 3      31 120
21  44  23  34  -9  31   0 0.35    M    M 11.4 29 330   M    M   6 1      41 320
22  43  20  32 -10  33   0 0.00    M    M  9.2 16 190   M    M   1        22 210
23  60  31  46   4  19   0 0.00    M    M  8.5 16 210   M    M   0        20 250
24  63  37  50   9  15   0 0.00    M    M 11.9 21 170   M    M   0        27 190
25  55  46  51  10  14   0 0.00    M    M 15.9 23 160   M    M   8        30 170
26  67  55  61  21   4   0    T    M    M 18.9 28 170   M    M   8        36 180
27  63  37  50  10  15   0 1.84    M    M 11.1 21 170   M    M  10 1      27 170
28  37  34  36  -3  29   0 0.02    M    M 10.5 16  40   M    M  10 1      22  20
29  37  36  37  -2  28   0 0.21    M    M  7.9 14  30   M    M  10 1      18  30
30  47  37  42   3  23   0 0.10    M    M  8.0 21 260   M    M  10 1      24 250
================================================================================
SM 1769 1177       469   0 10.11    M    313.2          M      125
================================================================================
AV 59.0 39.2                              10.4 FASTST   M    M   4    MAX(MPH)
                                 MISC ---->  # 39 240               # 53  250
================================================================================
NOTES:
# LAST OF SEVERAL OCCURRENCES

COLUMN 17 PEAK WIND IN M.P.H.

PRELIMINARY LOCAL CLIMATOLOGICAL DATA (WS FORM: F-6) , PAGE 2

                                          STATION:  VICHY-ROLLA MO
                                          MONTH:    NOVEMBER
                                          YEAR:     2015
                                          LATITUDE:   38  7 N
                                          LONGITUDE:  91 46 W

[TEMPERATURE DATA]      [PRECIPITATION DATA]       SYMBOLS USED IN COLUMN 16

AVERAGE MONTHLY: 49.1   TOTAL FOR MONTH:  10.11    1 = FOG OR MIST
DPTR FM NORMAL:   3.9   DPTR FM NORMAL:    6.24    2 = FOG REDUCING VISIBILITY
HIGHEST:    74 ON  3    GRTST 24HR  5.25 ON 16-17      TO 1/4 MILE OR LESS
LOWEST:     20 ON 22                               3 = THUNDER
                        SNOW, ICE PELLETS, HAIL    4 = ICE PELLETS
                        TOTAL MONTH:    M          5 = HAIL
                        GRTST 24HR    M  ON   M    6 = FREEZING RAIN OR DRIZZLE
                        GRTST DEPTH:  M  ON   M    7 = DUSTSTORM OR SANDSTORM:
                                                       VSBY 1/2 MILE OR LESS
                                                   8 = SMOKE OR HAZE
[NO. OF DAYS WITH]      [WEATHER - DAYS WITH]      9 = BLOWING SNOW
                                                   X = TORNADO
MAX 32 OR BELOW:   0    0.01 INCH OR MORE:   9
MAX 90 OR ABOVE:   0    0.10 INCH OR MORE:   8
MIN 32 OR BELOW:   7    0.50 INCH OR MORE:   4
MIN  0 OR BELOW:   0    1.00 INCH OR MORE:   4

[HDD (BASE 65) ]
TOTAL THIS MO.   469    CLEAR  (SCALE 0-3)  15
DPTR FM NORMAL  -128    PTCLDY (SCALE 4-7)   7
TOTAL FM JUL 1   721    CLOUDY (SCALE 8-10)  8
DPTR FM NORMAL  -226

[CDD (BASE 65) ]
TOTAL THIS MO.     0
DPTR FM NORMAL    -3    [PRESSURE DATA]
TOTAL FM JAN 1  1280    HIGHEST SLP 30.43 ON  8
DPTR FM NORMAL    34    LOWEST  SLP 29.40 ON 17

[REMARKS]
#FINAL-11-15#
