000
CXUS53 KSGF 181501
CF6VIH
PRELIMINARY LOCAL CLIMATOLOGICAL DATA (WS FORM: F-6)

                                          STATION:   VICHY-ROLLA MO
                                          MONTH:     FEBRUARY
                                          YEAR:      2014
                                          LATITUDE:   38  7 N
                                          LONGITUDE:  91 46 W

  TEMPERATURE IN F:       :PCPN:    SNOW:  WIND      :SUNSHINE: SKY     :PK WND
================================================================================
1   2   3   4   5  6A  6B    7    8   9   10  11  12  13   14  15   16   17  18
                                     12Z  AVG MX 2MIN
DY MAX MIN AVG DEP HDD CDD  WTR  SNW DPTH SPD SPD DIR MIN PSBL S-S WX    SPD DR
================================================================================

 1   M   M   M   M   M   M 0.24    M    M  8.3 14 150   M    M  10 126     M  M
 2  25  10  18 -14  47   0    T    M    M   M  16 340   M    M   M        21 350
 3  32   5  19 -14  46   0 0.00    M    M  5.5 13  90   M    M   0        17  90
 4  25  19  22 -11  43   0    M    M    M 11.6 20  60   M    M   9 18     26  70
 5  19   6  13 -20  52   0    T    M    M 13.2 23 310   M    M  10 18     32 330
 6  13  -2   6 -27  59   0 0.00    M    M  6.5 13 330   M    M   3        16 340
 7  19  -5   7 -27  58   0 0.00    M    M  4.1  9 120   M    M   7        11 160
 8  30  19  25  -9  40   0    T    M    M  6.2 13 250   M    M  10 1      17 240
 9  28  17  23 -11  42   0    T    M    M  7.7 14 360   M    M  10 18     18 360
10  19   5  12 -22  53   0 0.00    M    M  8.5 15  10   M    M   4        19 350
11  26   0  13 -21  52   0 0.00    M    M  6.5 14 130   M    M   0        16 130
12  40   7  24 -11  41   0 0.00    M    M  4.6 14 130   M    M   0        17 130
13  49  20  35   0  30   0 0.00    M    M 11.5 23 240   M    M   0        30 230
14  43  19  31  -4  34   0 0.04    M    M 14.0 29 320   M    M   6 168    34 320
15  32  10  21 -15  44   0 0.00    M    M  9.1 20 190   M    M   4        23 150
16  34  26  30  -6  35   0 0.00    M    M  8.9 18 120   M    M   5 1      23 110
17  50  31  41   5  24   0 0.04    M    M 15.2 31 300   M    M   5 18     42 280
18  62  35  49  13  16   0 0.00    M    M 15.0 30 200   M    M   0        39 190
19  54  30  42   5  23   0 0.00    M    M  8.2 18 320   M    M   2        27 140
20  72  34  53  16  12   0 0.29    M    M 19.0 47 250   M    M   8 13     63 250
21  55  31  43   6  22   0 0.00    M    M 14.9 30 260   M    M   0        40 270
22  63  35  49  11  16   0 0.00    M    M 11.5 18 200   M    M   3        24 220
23  41  22  32  -6  33   0 0.00    M    M 10.6 21  20   M    M   5 1      27 360
24  39  18  29  -9  36   0 0.00    M    M  7.4 14  70   M    M   2        18  80
25  33  17  25 -14  40   0    T    M    M  9.3 20 330   M    M   5 1      25 320
26  26   6  16 -23  49   0    T    M    M 10.4 20 350   M    M   2 1      26 330
27  32  20  26 -13  39   0 0.00    M    M  9.6 20 270   M    M   0        25 280
28  47  18  33  -7  32   0 0.00    M    M 13.4 23 150   M    M   3        30 140
================================================================================
SM 1008  453      1018   0  0.61    M    270.7          M      113
================================================================================
AV 37.3 16.8                              10.0 FASTST   M    M   4    MAX(MPH)
                                 MISC ---->  # 47 250               # 63  250
================================================================================
NOTES:
# LAST OF SEVERAL OCCURRENCES

COLUMN 17 PEAK WIND IN M.P.H.

PRELIMINARY LOCAL CLIMATOLOGICAL DATA (WS FORM: F-6) , PAGE 2

                                          STATION:  VICHY-ROLLA MO
                                          MONTH:    FEBRUARY
                                          YEAR:     2014
                                          LATITUDE:   38  7 N
                                          LONGITUDE:  91 46 W

[TEMPERATURE DATA]      [PRECIPITATION DATA]       SYMBOLS USED IN COLUMN 16

AVERAGE MONTHLY: 27.1   TOTAL FOR MONTH:   0.61    1 = FOG OR MIST
DPTR FM NORMAL:  -8.6   DPTR FM NORMAL:   -1.32    2 = FOG REDUCING VISIBILITY
HIGHEST:    72 ON 20    GRTST 24HR  0.29 ON 20-20      TO 1/4 MILE OR LESS
LOWEST:     -5 ON  7                               3 = THUNDER
                        SNOW, ICE PELLETS, HAIL    4 = ICE PELLETS
                        TOTAL MONTH:    M          5 = HAIL
                        GRTST 24HR    M  ON   M    6 = FREEZING RAIN OR DRIZZLE
                        GRTST DEPTH:  M  ON   M    7 = DUSTSTORM OR SANDSTORM:
                                                       VSBY 1/2 MILE OR LESS
                                                   8 = SMOKE OR HAZE
[NO. OF DAYS WITH]      [WEATHER - DAYS WITH]      9 = BLOWING SNOW
                                                   X = TORNADO
MAX 32 OR BELOW:  13    0.01 INCH OR MORE:   4
MAX 90 OR ABOVE:   0    0.10 INCH OR MORE:   2
MIN 32 OR BELOW:  24    0.50 INCH OR MORE:   0
MIN  0 OR BELOW:   3    1.00 INCH OR MORE:   0

[HDD (BASE 65) ]
TOTAL THIS MO.  1018    CLEAR  (SCALE 0-3)  13
DPTR FM NORMAL   196    PTCLDY (SCALE 4-7)   8
TOTAL FM JUL 1  4306    CLOUDY (SCALE 8-10)  6
DPTR FM NORMAL   516

[CDD (BASE 65) ]
TOTAL THIS MO.     0
DPTR FM NORMAL     0    [PRESSURE DATA]
TOTAL FM JAN 1     0    HIGHEST SLP 30.65 ON  6
DPTR FM NORMAL     0    LOWEST  SLP 29.25 ON 20

[REMARKS]
#FINAL-02-14#
