000
CXUS53 KSGF 010800
CF6VIH
PRELIMINARY LOCAL CLIMATOLOGICAL DATA (WS FORM: F-6)

                                          STATION:   VICHY-ROLLA MO
                                          MONTH:     SEPTEMBER
                                          YEAR:      2015
                                          LATITUDE:   38  7 N
                                          LONGITUDE:  91 46 W

  TEMPERATURE IN F:       :PCPN:    SNOW:  WIND      :SUNSHINE: SKY     :PK WND
================================================================================
1   2   3   4   5  6A  6B    7    8   9   10  11  12  13   14  15   16   17  18
                                     12Z  AVG MX 2MIN
DY MAX MIN AVG DEP HDD CDD  WTR  SNW DPTH SPD SPD DIR MIN PSBL S-S WX    SPD DR
================================================================================

 1  91  69  80   7   0  15 0.00    M    M  8.5 15 190   M    M   1 18     20 310
 2  91  69  80   7   0  15 0.00    M    M  7.5 14 190   M    M   0 8      18 150
 3  93  67  80   7   0  15 0.00  0.0    0  7.4 13 220   M    M   1 1      19 230
 4  92  68  80   8   0  15 0.00    M    M  6.9 13 190   M    M   0        17 230
 5  92  69  81   9   0  16 0.00    M    M  7.9 14 150   M    M   0        19 170
 6  94  69  82  10   0  17 0.00    M    M  9.4 16 150   M    M   0        20 200
 7  91  73  82  11   0  17 0.00  0.0    0  8.2 15 180   M    M   1        22 170
 8  81  69  75   4   0  10 0.07  0.0    0  7.5 15 220   M    M   4 1      21 200
 9  83  69  76   6   0  11 0.01    M    M  4.7 10 170   M    M   7 12     17 130
10  89  64  77   7   0  12 0.00  0.0    0  5.4 15 330   M    M   2 8      17 330
11  75  52  64  -6   1   0 0.41  0.0    0  9.9 32 260   M    M   4 13     39 270
12  68  44  56 -13   9   0 0.00  0.0    0  6.4 20 340   M    M   2        26 360
13  74  42  58 -11   7   0 0.00    M    M  7.6 15 180   M    M   0        20 180
14  83  59  71   3   0   6 0.00    M    M 14.0 20 190   M    M   1        27 180
15  84  60  72   4   0   7 0.00    M    M 12.1 20 170   M    M   0        26 170
16  86  62  74   6   0   9 0.00  0.0    0 12.1 20 160   M    M   1        24 160
17  91  68  80  13   0  15 0.00    M    M 11.0 21 190   M    M   0        27 180
18  90  69  80  13   0  15 0.21    M    M 11.6 31 280   M    M   1 138    43 280
19  74  53  64  -2   1   0 0.05    M    M  8.7 21 280   M    M   2 138    26 280
20  72  49  61  -5   4   0 0.00    M    M  6.5 14 120   M    M   0        19 110
21  79  46  63  -2   2   0 0.00    M    M  6.6 13 130   M    M   0        17 120
22  84  57  71   6   0   6 0.00    M    M  7.1 13 170   M    M   0        16 180
23  85  58  72   7   0   7 0.00    M    M  5.8 12  90   M    M   2        15  90
24  83  56  70   6   0   5 0.00    M    M  4.9 10  20   M    M   0        15  80
25  84  53  69   5   0   4 0.00    M    M  4.7 15  50   M    M   0 8      19  40
26  78  56  67   4   0   2 0.00    M    M  7.9 16  90   M    M   4        20  80
27  75  63  69   6   0   4 0.07    M    M  3.3 13 120   M    M  10 1      15 120
28  84  57  71   8   0   6 0.00    M    M  4.5 10 210   M    M   2 12     15 150
29  83  61  72  10   0   7 0.00    M    M  8.3 20  20   M    M   M 2      25  20
30  73  50  62   0   3   0    T    M    M  9.5 16  30   M    M   M 1      23  10
================================================================================
SM 2502 1801        27 236  0.82     0.0 235.9          M       45
================================================================================
AV 83.4 60.0                               7.9 FASTST   M    M   2    MAX(MPH)
                                 MISC ---->  # 32 260               # 43  280
================================================================================
NOTES:
# LAST OF SEVERAL OCCURRENCES

COLUMN 17 PEAK WIND IN M.P.H.

PRELIMINARY LOCAL CLIMATOLOGICAL DATA (WS FORM: F-6) , PAGE 2

                                          STATION:  VICHY-ROLLA MO
                                          MONTH:    SEPTEMBER
                                          YEAR:     2015
                                          LATITUDE:   38  7 N
                                          LONGITUDE:  91 46 W

[TEMPERATURE DATA]      [PRECIPITATION DATA]       SYMBOLS USED IN COLUMN 16

AVERAGE MONTHLY: 71.7   TOTAL FOR MONTH:   0.82    1 = FOG OR MIST
DPTR FM NORMAL:   4.1   DPTR FM NORMAL:   -3.22    2 = FOG REDUCING VISIBILITY
HIGHEST:    94 ON  6    GRTST 24HR  0.41 ON 10-11      TO 1/4 MILE OR LESS
LOWEST:     42 ON 13                               3 = THUNDER
                        SNOW, ICE PELLETS, HAIL    4 = ICE PELLETS
                        TOTAL MONTH:   0.0 INCH    5 = HAIL
                        GRTST 24HR     0.0         6 = FREEZING RAIN OR DRIZZLE
                        GRTST DEPTH:   0           7 = DUSTSTORM OR SANDSTORM:
                                                       VSBY 1/2 MILE OR LESS
                                                   8 = SMOKE OR HAZE
[NO. OF DAYS WITH]      [WEATHER - DAYS WITH]      9 = BLOWING SNOW
                                                   X = TORNADO
MAX 32 OR BELOW:   0    0.01 INCH OR MORE:   6
MAX 90 OR ABOVE:   9    0.10 INCH OR MORE:   2
MIN 32 OR BELOW:   0    0.50 INCH OR MORE:   0
MIN  0 OR BELOW:   0    1.00 INCH OR MORE:   0

[HDD (BASE 65) ]
TOTAL THIS MO.    27    CLEAR  (SCALE 0-3)  23
DPTR FM NORMAL   -34    PTCLDY (SCALE 4-7)   4
TOTAL FM JUL 1    29    CLOUDY (SCALE 8-10)  1
DPTR FM NORMAL   -35

[CDD (BASE 65) ]
TOTAL THIS MO.   236
DPTR FM NORMAL    95    [PRESSURE DATA]
TOTAL FM JAN 1  1251    HIGHEST SLP M ON M
DPTR FM NORMAL    33    LOWEST  SLP 29.78 ON 18

[REMARKS]
#FINAL-09-15#
#FINAL-09-15#
