000
CXUS53 KSGF 010800
CF6VIH
PRELIMINARY LOCAL CLIMATOLOGICAL DATA (WS FORM: F-6)

                                          STATION:   VICHY-ROLLA MO
                                          MONTH:     NOVEMBER
                                          YEAR:      2013
                                          LATITUDE:   38  7 N
                                          LONGITUDE:  91 46 W

  TEMPERATURE IN F:       :PCPN:    SNOW:  WIND      :SUNSHINE: SKY     :PK WND
================================================================================
1   2   3   4   5  6A  6B    7    8   9   10  11  12  13   14  15   16   17  18
                                     12Z  AVG MX 2MIN
DY MAX MIN AVG DEP HDD CDD  WTR  SNW DPTH SPD SPD DIR MIN PSBL S-S WX    SPD DR
================================================================================

 1  62  43  53   1  12   0 0.00    M    M 11.0 24 260   M    M   2        29 250
 2  53  33  43  -8  22   0 0.00    M    M  9.5 18 310   M    M   5        25 290
 3  58  30  44  -7  21   0 0.00    M    M 10.4 23 160   M    M   0        29 160
 4  58  48  53   3  12   0    T    M    M 14.6 23 170   M    M   5        30 170
 5  57  51  54   4  11   0 0.41    M    M 12.5 22 180   M    M  10 1      32 160
 6  58  35  47  -3  18   0 0.47    M    M 12.0 29 290   M    M   8 1      36 280
 7  55  30  43  -6  22   0 0.00    M    M  7.7 18 320   M    M   0 1      25 310
 8  61  28  45  -4  20   0 0.00    M    M 10.4 21 180   M    M   0        28 160
 9  64  42  53   5  12   0 0.00    M    M  9.3 18 250   M    M   0        23 260
10  59  35  47  -1  18   0 0.00    M    M  5.6 14 170   M    M   0        16 180
11  63  30  47   0  18   0 0.06    M    0 13.3 25  10   M    M   9 1      32  20
12  36  19  28 -19  37   0 0.00  0.0    0  8.7 22 360   M    M   3        28 360
13  46  15  31 -15  34   0 0.00  0.0    0  8.8 17 190   M    M   0        21 190
14  58  28  43  -3  22   0 0.00    M    M 13.1 20 200   M    M   0        26 190
15  54  42  48   2  17   0    T    M    M 11.2 20 180   M    M   6        25 170
16  65  50  58  13   7   0 0.05    M    M 18.4 26 170   M    M   8 13     36 170
17  75  46  61  16   4   0    T    M    0 19.4 39 240   M    M   4        51 270
18  55  30  43  -1  22   0 0.00  0.0    0  6.6 18 310   M    M   0        23 300
19  53  31  42  -2  23   0 0.00  0.0    0  8.0 16 110   M    M   0        20 110
20  50  37  44   1  21   0 0.14    M    0 12.1 21 160   M    M   9 13     29 150
21  52  47  50   7  15   0 0.52    M    M  8.4 18 180   M    M  10 1      22 190
22  49  31  40  -2  25   0 0.02    M    M 12.1 22 330   M    M  10 1      28 330
23  33  13  23 -19  42   0 0.00    M    M 10.8 21 350   M    M   2        27 330
24  27  10  19 -22  46   0 0.00    M    M  5.4 12 140   M    M   0        16 140
25  33  27  30 -11  35   0    T    M    M  6.6 16 190   M    M  10        19 180
26  42  21  32  -8  33   0 0.00    M    M 10.2 22 350   M    M   5        30 340
27  29  15  22 -18  43   0 0.00    M    M  9.1 21 340   M    M   0        28 340
28  46  22  34  -5  31   0 0.00    M    M 10.6 20 250   M    M   0        24 290
29  50  24  37  -2  28   0 0.00    M    M  8.9 15 160   M    M   0        19 160
30  59  34  47   8  18   0 0.00    M    M 10.8 17 200   M    M   1        22 210
================================================================================
SM 1560  947       689   0  1.67     0.0 315.5          M      107
================================================================================
AV 52.0 31.6                              10.5 FASTST   M    M   4    MAX(MPH)
                                 MISC ---->  # 39 240               # 51  270
================================================================================
NOTES:
# LAST OF SEVERAL OCCURRENCES

COLUMN 17 PEAK WIND IN M.P.H.

PRELIMINARY LOCAL CLIMATOLOGICAL DATA (WS FORM: F-6) , PAGE 2

                                          STATION:  VICHY-ROLLA MO
                                          MONTH:    NOVEMBER
                                          YEAR:     2013
                                          LATITUDE:   38  7 N
                                          LONGITUDE:  91 46 W

[TEMPERATURE DATA]      [PRECIPITATION DATA]       SYMBOLS USED IN COLUMN 16

AVERAGE MONTHLY: 41.8   TOTAL FOR MONTH:   1.67    1 = FOG OR MIST
DPTR FM NORMAL:  -3.4   DPTR FM NORMAL:   -2.20    2 = FOG REDUCING VISIBILITY
HIGHEST:    75 ON 17    GRTST 24HR  0.78 ON  5- 6      TO 1/4 MILE OR LESS
LOWEST:     10 ON 24                               3 = THUNDER
                        SNOW, ICE PELLETS, HAIL    4 = ICE PELLETS
                        TOTAL MONTH:   0.0 INCH    5 = HAIL
                        GRTST 24HR     0.0         6 = FREEZING RAIN OR DRIZZLE
                        GRTST DEPTH:   0           7 = DUSTSTORM OR SANDSTORM:
                                                       VSBY 1/2 MILE OR LESS
                                                   8 = SMOKE OR HAZE
[NO. OF DAYS WITH]      [WEATHER - DAYS WITH]      9 = BLOWING SNOW
                                                   X = TORNADO
MAX 32 OR BELOW:   2    0.01 INCH OR MORE:   7
MAX 90 OR ABOVE:   0    0.10 INCH OR MORE:   4
MIN 32 OR BELOW:  17    0.50 INCH OR MORE:   1
MIN  0 OR BELOW:   0    1.00 INCH OR MORE:   0

[HDD (BASE 65) ]
TOTAL THIS MO.   689    CLEAR  (SCALE 0-3)  17
DPTR FM NORMAL    92    PTCLDY (SCALE 4-7)   5
TOTAL FM JUL 1  1050    CLOUDY (SCALE 8-10)  8
DPTR FM NORMAL   103

[CDD (BASE 65) ]
TOTAL THIS MO.     0
DPTR FM NORMAL    -3    [PRESSURE DATA]
TOTAL FM JAN 1  1125    HIGHEST SLP M ON M
DPTR FM NORMAL  -121    LOWEST  SLP 29.46 ON 17

[REMARKS]
#FINAL-11-13#
