000
CXUS53 KSGF 011022
CF6VIH
PRELIMINARY LOCAL CLIMATOLOGICAL DATA (WS FORM: F-6)

                                          STATION:   VICHY-ROLLA MO
                                          MONTH:     FEBRUARY
                                          YEAR:      2016
                                          LATITUDE:   38  7 N
                                          LONGITUDE:  91 46 W

  TEMPERATURE IN F:       :PCPN:    SNOW:  WIND      :SUNSHINE: SKY     :PK WND
================================================================================
1   2   3   4   5  6A  6B    7    8   9   10  11  12  13   14  15   16   17  18
                                     12Z  AVG MX 2MIN
DY MAX MIN AVG DEP HDD CDD  WTR  SNW DPTH SPD SPD DIR MIN PSBL S-S WX    SPD DR
================================================================================

 1  55  37  46  14  19   0 0.00    M    M  9.1 18  90   M    M   3        24  90
 2  64  39  52  20  13   0 0.21    M    M 17.6 29 260   M    M   5 1      38 270
 3  39  25  32  -1  33   0 0.00    M    M 15.9 26 260   M    M  10        35 260
 4  41  17  29  -4  36   0 0.00    M    M  8.3 20 240   M    M   0        23 240
 5  45  22  34   1  31   0 0.00    M    M  4.9 12 130   M    M   1        13 130
 6  55  28  42   9  23   0 0.00    M    M  9.7 21 210   M    M   1        26 230
 7  52  34  43   9  22   0 0.00    M    M 14.0 28 290   M    M   3        38 300
 8  36  22  29  -5  36   0    T    M    M 18.2 30 300   M    M  10 18     43 290
 9  26  17  22 -12  43   0    T    M    M 17.1 29 290   M    M   8        37 300
10  28  12  20 -14  45   0    T    M    M  8.2 23 320   M    M   3 18     29 310
11  36  20  28  -6  37   0 0.00    M    M  7.7 17 130   M    M   6        20 130
12  38  18  28  -7  37   0 0.00    M    M 10.3 23 330   M    M   5        28 330
13  23  14  19 -16  46   0 0.00    M    M  9.1 17 120   M    M   9        21 130
14  31  21  26  -9  39   0 0.15    M    M 11.7 20 180   M    M  10 16     25 130
15  46  27  37   1  28   0    T    M    M  3.9  9 130   M    M   8 12     12 330
16  39  30  35  -1  30   0 0.45    M    M  7.6 17 120   M    M   9 1      22 130
17  51  27  39   3  26   0 0.00    M    M  6.5 13 150   M    M   4 1      17 160
18  64  39  52  16  13   0 0.00    M    M 18.7 32 170   M    M   0        39 170
19  70  45  58  21   7   0 0.00    M    M 16.1 29 240   M    M   0        39 190
20  75  44  60  23   5   0 0.24    M    M  8.4 16 180   M    M   4 13     21 190
21  58  37  48  11  17   0 0.09    M    M  8.7 18 340   M    M   2        22 340
22  51  30  41   3  24   0 0.00    M    M  6.4 14  40   M    M   0 1      17  40
23  45  31  38   0  27   0 0.13    M    M 13.3 24 360   M    M   4 1      31  10
24  38  34  36  -2  29   0 0.11    M    M 17.9 30 340   M    M  10 1      41 340
25  40  29  35  -4  30   0    T    M    M 11.7 21 300   M    M   7        27 300
26  45  27  36  -3  29   0 0.00    M    M  5.8 13 250   M    M   5        17 260
27  65  31  48   9  17   0 0.00    M    M 11.8 20 220   M    M   0        24 220
28  68  41  55  15  10   0 0.00    M    M 19.3 32 240   M    M   2        43 220
29  67  30  49   9  16   0 0.00    M    M  9.9 16 190   M    M   0        21 180
================================================================================
SM 1391  828       768   0  1.38    M    327.8          M      129
================================================================================
AV 48.0 28.6                              11.3 FASTST   M    M   4    MAX(MPH)
                                 MISC ---->  # 32 170               # 43  290
================================================================================
NOTES:
# LAST OF SEVERAL OCCURRENCES

COLUMN 17 PEAK WIND IN M.P.H.

PRELIMINARY LOCAL CLIMATOLOGICAL DATA (WS FORM: F-6) , PAGE 2

                                          STATION:  VICHY-ROLLA MO
                                          MONTH:    FEBRUARY
                                          YEAR:     2016
                                          LATITUDE:   38  7 N
                                          LONGITUDE:  91 46 W

[TEMPERATURE DATA]      [PRECIPITATION DATA]       SYMBOLS USED IN COLUMN 16

AVERAGE MONTHLY: 38.3   TOTAL FOR MONTH:   1.38    1 = FOG OR MIST
DPTR FM NORMAL:   2.6   DPTR FM NORMAL:   -0.55    2 = FOG REDUCING VISIBILITY
HIGHEST:    75 ON 20    GRTST 24HR  0.45 ON 15-16      TO 1/4 MILE OR LESS
LOWEST:     12 ON 10                               3 = THUNDER
                        SNOW, ICE PELLETS, HAIL    4 = ICE PELLETS
                        TOTAL MONTH:    M          5 = HAIL
                        GRTST 24HR    M  ON   M    6 = FREEZING RAIN OR DRIZZLE
                        GRTST DEPTH:  M  ON   M    7 = DUSTSTORM OR SANDSTORM:
                                                       VSBY 1/2 MILE OR LESS
                                                   8 = SMOKE OR HAZE
[NO. OF DAYS WITH]      [WEATHER - DAYS WITH]      9 = BLOWING SNOW
                                                   X = TORNADO
MAX 32 OR BELOW:   4    0.01 INCH OR MORE:   7
MAX 90 OR ABOVE:   0    0.10 INCH OR MORE:   6
MIN 32 OR BELOW:  20    0.50 INCH OR MORE:   0
MIN  0 OR BELOW:   0    1.00 INCH OR MORE:   0

[HDD (BASE 65) ]
TOTAL THIS MO.   768    CLEAR  (SCALE 0-3)  12
DPTR FM NORMAL   -54    PTCLDY (SCALE 4-7)  11
TOTAL FM JUL 1  3203    CLOUDY (SCALE 8-10)  6
DPTR FM NORMAL  -612

[CDD (BASE 65) ]
TOTAL THIS MO.     0
DPTR FM NORMAL     0    [PRESSURE DATA]
TOTAL FM JAN 1     0    HIGHEST SLP 30.64 ON 13
DPTR FM NORMAL     0    LOWEST  SLP 29.40 ON  2

[REMARKS]
#FINAL-02-16#
