000
CXUS53 KSGF 010800
CF6VIH
PRELIMINARY LOCAL CLIMATOLOGICAL DATA (WS FORM: F-6)

                                          STATION:   VICHY-ROLLA MO
                                          MONTH:     AUGUST
                                          YEAR:      2013
                                          LATITUDE:   38  7 N
                                          LONGITUDE:  91 46 W

  TEMPERATURE IN F:       :PCPN:    SNOW:  WIND      :SUNSHINE: SKY     :PK WND
================================================================================
1   2   3   4   5  6A  6B    7    8   9   10  11  12  13   14  15   16   17  18
                                     12Z  AVG MX 2MIN
DY MAX MIN AVG DEP HDD CDD  WTR  SNW DPTH SPD SPD DIR MIN PSBL S-S WX    SPD DR
================================================================================

 1  85  60  73  -5   0   8 0.00    M    M  2.3  9 170   M    M   1 1      13 180
 2  80  66  73  -5   0   8 0.07    M    M  7.5 16 180   M    M   5 13     21 180
 3  84  69  77  -1   0  12 0.18    M    M  5.0 10  20   M    M   7 13     15 280
 4  75  67  71  -7   0   6 0.36    M    M  6.1 15 260   M    M   7 1      18 260
 5  82  66  74  -4   0   9 0.50    M    M  7.9 14 150   M    M   7 1      18 150
 6  84  69  77  -1   0  12 0.98    M    M  7.7 18 260   M    M   5 13     24 260
 7  83  67  75  -3   0  10 1.21    M    M  6.8 16 240   M    M   5 13     23 240
 8  81  69  75  -2   0  10 0.65    M    M  4.0 17 180   M    M   7 13     24 230
 9  74  66  70  -7   0   5 0.33    M    M  3.8 13 320   M    M   9 12     15 320
10  83  63  73  -4   0   8 0.00    M    M  4.8 13 350   M    M   3 1      16 360
11  84  63  74  -3   0   9 0.00    M    M  4.9  9 110   M    M   3        17 150
12  81  66  74  -3   0   9 0.01    M    M  4.6 20 350   M    M   5 123    28 330
13  80  63  72  -5   0   7 0.00    M    M  5.1 13  20   M    M   1 12     17  20
14  74  56  65 -12   0   0 0.00    M    M  6.3 13 110   M    M   3        17 120
15  73  55  64 -13   1   0 0.00    M    M  4.1  9  40   M    M   2        14  40
16  73  55  64 -13   1   0 0.00    M    M  3.5 12  60   M    M   4        16  50
17  78  55  67 -10   0   2 0.00    M    M  4.5 13  70   M    M   3        16  40
18  80  55  68  -8   0   3 0.00    M    M  3.5 10  50   M    M   2 1      14 100
19  83  58  71  -5   0   6 0.00    M    M  2.7  8 130   M    M   2 1      12 230
20  84  64  74  -2   0   9 0.00    M    M  4.9  9 220   M    M   1        17 100
21  86  64  75  -1   0  10 0.00    M    M  6.2 12 220   M    M   0        15 240
22  87  67  77   1   0  12 0.00    M    M  4.4 12 220   M    M   0        18 150
23  89  68  79   3   0  14 0.00    M    M  3.4 12 110   M    M   1 1      14 110
24  88  68  78   3   0  13 0.00    M    M  7.1 12 140   M    M   0 1      16 180
25  88  62  75   0   0  10 0.00    M    M  5.2 10 190   M    M   0 1      14 190
26  90  71  81   6   0  16 0.00    M    M  7.0 13 220   M    M   1 1      20 250
27  91  69  80   5   0  15 0.00    M    M  7.1 14 220   M    M   0        17 220
28  91  66  79   5   0  14 0.00    M    M  6.4 14 280   M    M   1         M  M
29  93  69  81   7   0  16 0.00    M    M  4.8 10 280   M    M   1 18     14 270
30  95  73  84  10   0  19 0.00    M    M  7.5 15 230   M    M   1        17 230
31  97  74  86  12   0  21    T    M    M  7.6 15 220   M    M   0        20 220
================================================================================
SM 2596 2003         2 293  4.29    M    166.7          M       87
================================================================================
AV 83.7 64.6                               5.4 FASTST   M    M   3    MAX(MPH)
                                 MISC ---->  # 20 350               # 28  330
================================================================================
NOTES:
# LAST OF SEVERAL OCCURRENCES

COLUMN 17 PEAK WIND IN M.P.H.

PRELIMINARY LOCAL CLIMATOLOGICAL DATA (WS FORM: F-6) , PAGE 2

                                          STATION:  VICHY-ROLLA MO
                                          MONTH:    AUGUST
                                          YEAR:     2013
                                          LATITUDE:   38  7 N
                                          LONGITUDE:  91 46 W

[TEMPERATURE DATA]      [PRECIPITATION DATA]       SYMBOLS USED IN COLUMN 16

AVERAGE MONTHLY: 74.2   TOTAL FOR MONTH:   4.29    1 = FOG OR MIST
DPTR FM NORMAL:  -2.1   DPTR FM NORMAL:    0.62    2 = FOG REDUCING VISIBILITY
HIGHEST:    97 ON 31    GRTST 24HR  1.97 ON  6- 7      TO 1/4 MILE OR LESS
LOWEST:     55 ON 18,17                            3 = THUNDER
                        SNOW, ICE PELLETS, HAIL    4 = ICE PELLETS
                        TOTAL MONTH:    M          5 = HAIL
                        GRTST 24HR    M  ON   M    6 = FREEZING RAIN OR DRIZZLE
                        GRTST DEPTH:  M  ON   M    7 = DUSTSTORM OR SANDSTORM:
                                                       VSBY 1/2 MILE OR LESS
                                                   8 = SMOKE OR HAZE
[NO. OF DAYS WITH]      [WEATHER - DAYS WITH]      9 = BLOWING SNOW
                                                   X = TORNADO
MAX 32 OR BELOW:   0    0.01 INCH OR MORE:   9
MAX 90 OR ABOVE:   6    0.10 INCH OR MORE:   7
MIN 32 OR BELOW:   0    0.50 INCH OR MORE:   4
MIN  0 OR BELOW:   0    1.00 INCH OR MORE:   1

[HDD (BASE 65) ]
TOTAL THIS MO.     2    CLEAR  (SCALE 0-3)  20
DPTR FM NORMAL     0    PTCLDY (SCALE 4-7)  10
TOTAL FM JUL 1     4    CLOUDY (SCALE 8-10)  1
DPTR FM NORMAL     1

[CDD (BASE 65) ]
TOTAL THIS MO.   293
DPTR FM NORMAL   -60    [PRESSURE DATA]
TOTAL FM JAN 1   899    HIGHEST SLP M ON M
DPTR FM NORMAL  -178    LOWEST  SLP 29.78 ON 31

[REMARKS]
#FINAL-08-13#
