000
CXUS53 KSGF 010800
CF6VIH
PRELIMINARY LOCAL CLIMATOLOGICAL DATA (WS FORM: F-6)
STATION: VICHY-ROLLA MO
MONTH: MAY
YEAR: 2020
LATITUDE: 38 7 N
LONGITUDE: 91 46 W
TEMPERATURE IN F: :PCPN: SNOW: WIND :SUNSHINE: SKY :PK WND
================================================================================
1 2 3 4 5 6A 6B 7 8 9 10 11 12 13 14 15 16 17 18
12Z AVG MX 2MIN
DY MAX MIN AVG DEP HDD CDD WTR SNW DPTH SPD SPD DIR MIN PSBL S-S WX SPD DR
================================================================================
1 79 44 62 2 3 0 0.00 M M 10.0 20 170 M M 0 26 180
2 87 62 75 15 0 10 0.00 M M 8.2 16 200 M M 3 21 190
3 72 53 63 3 2 0 0.13 M M 9.1 32 130 M M 2 13 48 130
4 68 50 59 -2 6 0 0.62 M M 10.9 31 330 M M 6 138 49 320
5 68 50 59 -2 6 0 0.01 M M 15.6 28 310 M M 5 1 39 320
6 61 44 53 -8 12 0 0.00 M M 8.0 17 340 M M 8 24 340
7 68 38 53 -9 12 0 0.14 M M 6.2 15 240 M M 3 1 21 240
8 59 38 49 -13 16 0 0.32 M M 9.6 23 360 M M 4 1 34 20
9 63 33 48 -14 17 0 0.00 M M 5.0 10 310 M M 1 15 270
10 59 41 50 -12 15 0 0.00 M M 11.7 23 300 M M 4 33 300
11 56 35 46 -16 19 0 0.00 M M 6.8 20 270 M M 4 27 290
12 49 44 47 -16 18 0 0.15 M M 6.2 12 130 M M 10 1 16 130
13 63 48 56 -7 9 0 0.10 M M 9.9 20 140 M M 10 1 25 140
14 79 61 70 7 0 5 0.00 M M 11.6 20 170 M M 3 18 27 210
15 70 60 65 1 0 0 0.51 M M 6.7 31 310 M M 5 13 43 310
16 74 61 68 4 0 3 0.34 M M 7.3 14 100 M M 7 12 18 100
17 70 53 62 -2 3 0 0.95 M M 8.2 20 300 M M 6 1 29 290
18 61 52 57 -7 8 0 0.03 M M 9.3 16 290 M M 9 18 23 300
19 66 54 60 -5 5 0 0.08 M M 8.7 15 350 M M 10 1 20 330
20 70 57 64 -1 1 0 0.01 M M 7.7 14 70 M M 10 1 19 60
21 67 57 62 -3 3 0 0.00 M M 7.1 12 100 M M 9 1 16 90
22 71 56 64 -1 1 0 0.02 M M 8.7 20 120 M M 5 1 26 120
23 85 62 74 8 0 9 0.00 M M 11.1 20 220 M M 0 28 270
24 86 63 75 9 0 10 1.29 M M 10.3 22 260 M M 3 13 31 300
25 84 64 74 8 0 9 0.30 0.0 0 9.5 24 140 M M 2 3 36 150
26 79 68 74 8 0 9 0.01 M M 11.1 25 150 M M 5 37 150
27 77 63 70 3 0 5 0.01 M M 4.6 10 100 M M 7 12 13 80
28 76 63 70 3 0 5 0.49 0.0 0 4.6 21 110 M M 4 138 30 120
29 75 55 65 -2 0 0 T 0.0 0 7.8 18 300 M M 3 1 25 340
30 76 52 64 -4 1 0 0.00 0.0 0 4.6 12 20 M M 0 18 350
31 79 55 67 -1 0 2 0.00 M M 5.1 10 90 M M 0 14 110
================================================================================
SM 2197 1636 157 67 5.51 0.0 261.2 M 148
================================================================================
AV 70.9 52.8 8.4 FASTST M M 5 MAX(MPH)
MISC ----> # 32 130 # 49 320
================================================================================
NOTES:
# LAST OF SEVERAL OCCURRENCES
COLUMN 17 PEAK WIND IN M.P.H.
PRELIMINARY LOCAL CLIMATOLOGICAL DATA (WS FORM: F-6) , PAGE 2
STATION: VICHY-ROLLA MO
MONTH: MAY
YEAR: 2020
LATITUDE: 38 7 N
LONGITUDE: 91 46 W
[TEMPERATURE DATA] [PRECIPITATION DATA] SYMBOLS USED IN COLUMN 16
AVERAGE MONTHLY: 61.8 TOTAL FOR MONTH: 5.51 1 = FOG OR MIST
DPTR FM NORMAL: -2.0 DPTR FM NORMAL: 0.47 2 = FOG REDUCING VISIBILITY
HIGHEST: 87 ON 2 GRTST 24HR 1.29 ON 24-24 TO 1/4 MILE OR LESS
LOWEST: 33 ON 9 3 = THUNDER
SNOW, ICE PELLETS, HAIL 4 = ICE PELLETS
TOTAL MONTH: 0.0 INCH 5 = HAIL
GRTST 24HR 0.0 6 = FREEZING RAIN OR DRIZZLE
GRTST DEPTH: 0 7 = DUSTSTORM OR SANDSTORM:
VSBY 1/2 MILE OR LESS
8 = SMOKE OR HAZE
[NO. OF DAYS WITH] [WEATHER - DAYS WITH] 9 = BLOWING SNOW
X = TORNADO
MAX 32 OR BELOW: 0 0.01 INCH OR MORE: 19
MAX 90 OR ABOVE: 0 0.10 INCH OR MORE: 12
MIN 32 OR BELOW: 0 0.50 INCH OR MORE: 4
MIN 0 OR BELOW: 0 1.00 INCH OR MORE: 1
[HDD (BASE 65) ]
TOTAL THIS MO. 157 CLEAR (SCALE 0-3) 10
DPTR FM NORMAL 41 PTCLDY (SCALE 4-7) 15
TOTAL FM JUL 1 4518 CLOUDY (SCALE 8-10) 6
DPTR FM NORMAL -316
[CDD (BASE 65) ]
TOTAL THIS MO. 67
DPTR FM NORMAL -14 [PRESSURE DATA]
TOTAL FM JAN 1 89 HIGHEST SLP M ON M
DPTR FM NORMAL -18 LOWEST SLP 29.70 ON 26
[REMARKS]
#FINAL-05-20#