636
CDUS43 KSGF 270627
CLIVIH


CLIMATE REPORT
NATIONAL WEATHER SERVICE SPRINGFIELD MO
127 AM CDT WED JUL 27 2016


...................................

...THE VICHY-ROLLA MO CLIMATE SUMMARY FOR JULY 26 2016...

CLIMATE NORMAL PERIOD 1981 TO 2010
CLIMATE RECORD PERIOD 1888 TO 2016


WEATHER ITEM   OBSERVED TIME   RECORD YEAR NORMAL DEPARTURE LAST
                VALUE   (LST)  VALUE       VALUE  FROM      YEAR
                                                  NORMAL
..................................................................
TEMPERATURE (F)
 YESTERDAY
  MAXIMUM         89    149 PM 101    1999  89      0       90
  MINIMUM         70    406 AM  54    2004  67      3       70
  AVERAGE         80                        78      2       80

PRECIPITATION (IN)
  YESTERDAY        0.01          2.21 1968   0.14  -0.13     0.26
  MONTH TO DATE    5.36                      3.76   1.60     5.36
  SINCE JUN 1      7.30                      8.39  -1.09    12.81
  SINCE JAN 1     21.54                     25.20  -3.66    26.83

DEGREE DAYS
 HEATING
  YESTERDAY        0                         0      0        0
  MONTH TO DATE    0                         0      0        0
  SINCE JUN 1      0                        14    -14       15
  SINCE JUL 1      0                         0      0        0

 COOLING
  YESTERDAY       15                        13      2       15
  MONTH TO DATE  351                       319     32      310
  SINCE JUN 1    698                       554    144      582
  SINCE JAN 1    776                       661    115      689
..................................................................


WIND (MPH)
  HIGHEST WIND SPEED    20   HIGHEST WIND DIRECTION    SE (140)
  HIGHEST GUST SPEED    24   HIGHEST GUST DIRECTION    SE (130)
  AVERAGE WIND SPEED     4.0


SKY COVER
  AVERAGE SKY COVER 0.5


WEATHER CONDITIONS
 THE FOLLOWING WEATHER WAS RECORDED YESTERDAY.
  THUNDERSTORM
  LIGHT RAIN
  FOG


RELATIVE HUMIDITY (PERCENT)
 HIGHEST   100           400 AM
 LOWEST     63           200 PM
 AVERAGE    82

..........................................................


THE VICHY-ROLLA MO CLIMATE NORMALS FOR TODAY
                         NORMAL    RECORD    YEAR
 MAXIMUM TEMPERATURE (F)   89       102      1899
 MINIMUM TEMPERATURE (F)   67        48      2004


SUNRISE AND SUNSET
JULY 27 2016..........SUNRISE   606 AM CDT   SUNSET   821 PM CDT
JULY 28 2016..........SUNRISE   607 AM CDT   SUNSET   820 PM CDT


-  INDICATES NEGATIVE NUMBERS.
R  INDICATES RECORD WAS SET OR TIED.
MM INDICATES DATA IS MISSING.
T  INDICATES TRACE AMOUNT.




$$
