195
CDUS43 KSGF 160630
CLIVIH


CLIMATE REPORT
NATIONAL WEATHER SERVICE SPRINGFIELD MO
1228 AM CST TUE JAN 16 2018


...................................

...THE VICHY-ROLLA MO CLIMATE SUMMARY FOR JANUARY 15 2018...

CLIMATE NORMAL PERIOD 1981 TO 2010
CLIMATE RECORD PERIOD 1888 TO 2018


WEATHER ITEM   OBSERVED TIME   RECORD YEAR NORMAL DEPARTURE LAST
                VALUE   (LST)  VALUE       VALUE  FROM      YEAR
                                                  NORMAL
..................................................................
TEMPERATURE (F)
 YESTERDAY
  MAXIMUM         28    750 AM  65    1949  40    -12       33
  MINIMUM          2   1159 PM  -8    1979  21    -19       31
  AVERAGE         15                        31    -16       32

PRECIPITATION (IN)
  YESTERDAY        0.03          0.42 1965   0.07  -0.04     0.25
  MONTH TO DATE    0.79                      1.13  -0.34     0.84
  SINCE DEC 1      1.43                      3.77  -2.34     1.70
  SINCE JAN 1      0.79                      1.13  -0.34     0.84

DEGREE DAYS
 HEATING
  YESTERDAY       50                        34     16       33
  MONTH TO DATE  600                       510     90      520
  SINCE DEC 1   1550                      1480     70     1465
  SINCE JUL 1   2302                      2427   -125     2093

 COOLING
  YESTERDAY        0                         0      0        0
  MONTH TO DATE    0                         0      0        0
  SINCE DEC 1      0                         0      0        0
  SINCE JAN 1      0                         0      0        0
..................................................................


WIND (MPH)
  HIGHEST WIND SPEED    22   HIGHEST WIND DIRECTION     W (290)
  HIGHEST GUST SPEED    31   HIGHEST GUST DIRECTION     W (290)
  AVERAGE WIND SPEED    13.3


SKY COVER
  AVERAGE SKY COVER 0.7


WEATHER CONDITIONS
 THE FOLLOWING WEATHER WAS RECORDED YESTERDAY.
  LIGHT SNOW
  FOG


RELATIVE HUMIDITY (PERCENT)
 HIGHEST   100           400 AM
 LOWEST     59           200 PM
 AVERAGE    80

..........................................................


THE VICHY-ROLLA MO CLIMATE NORMALS FOR TODAY
                         NORMAL    RECORD    YEAR
 MAXIMUM TEMPERATURE (F)   40        70      1952
 MINIMUM TEMPERATURE (F)   21       -10      1952


SUNRISE AND SUNSET
JANUARY 16 2018.......SUNRISE   722 AM CST   SUNSET   512 PM CST
JANUARY 17 2018.......SUNRISE   721 AM CST   SUNSET   513 PM CST


-  INDICATES NEGATIVE NUMBERS.
R  INDICATES RECORD WAS SET OR TIED.
MM INDICATES DATA IS MISSING.
T  INDICATES TRACE AMOUNT.




$$
