000
CDUS43 KSGF 260626
CLIVIH


CLIMATE REPORT
NATIONAL WEATHER SERVICE SPRINGFIELD MO
1226 AM CST FRI DEC 26 2014


...................................

...THE VICHY-ROLLA MO CLIMATE SUMMARY FOR DECEMBER 25 2014...

CLIMATE NORMAL PERIOD 1981 TO 2010
CLIMATE RECORD PERIOD 1888 TO 2014


WEATHER ITEM   OBSERVED TIME   RECORD YEAR NORMAL DEPARTURE LAST
                VALUE   (LST)  VALUE       VALUE  FROM      YEAR
                                                  NORMAL
..................................................................
TEMPERATURE (F)
 YESTERDAY
  MAXIMUM         50    303 PM  71    1971  41      9       32
  MINIMUM         30    644 AM  -2    1980  22      8       21
  AVERAGE         40                        32      8       27

PRECIPITATION (IN)
  YESTERDAY        0.00          0.56 1949   0.07  -0.07     0.00
  MONTH TO DATE    2.19                      2.19   0.00     1.87
  SINCE DEC 1      2.19                      2.19   0.00     1.87
  SINCE JAN 1     29.47                     43.16 -13.69    41.62

DEGREE DAYS
 HEATING
  YESTERDAY       25                        33     -8       38
  MONTH TO DATE  673                       767    -94      849
  SINCE DEC 1    673                       767    -94      849
  SINCE JUL 1   1815                      1714    101     1899

 COOLING
  YESTERDAY        0                         0      0        0
  MONTH TO DATE    0                         0      0        0
  SINCE DEC 1      0                         0      0        0
  SINCE JAN 1   1186                      1246    -60     1125
..................................................................


WIND (MPH)
  HIGHEST WIND SPEED    23   HIGHEST WIND DIRECTION     S (160)
  HIGHEST GUST SPEED    30   HIGHEST GUST DIRECTION    SE (150)
  AVERAGE WIND SPEED    14.2


SKY COVER
  AVERAGE SKY COVER 0.1


WEATHER CONDITIONS
 THE FOLLOWING WEATHER WAS RECORDED YESTERDAY.
  NO SIGNIFICANT WEATHER WAS OBSERVED.


RELATIVE HUMIDITY (PERCENT)
 HIGHEST    85           300 AM
 LOWEST     42           200 PM
 AVERAGE    64

..........................................................


THE VICHY-ROLLA MO CLIMATE NORMALS FOR TODAY
                         NORMAL    RECORD    YEAR
 MAXIMUM TEMPERATURE (F)   41        72      1971
 MINIMUM TEMPERATURE (F)   22         0      1902


SUNRISE AND SUNSET
DECEMBER 26 2014......SUNRISE   722 AM CST   SUNSET   454 PM CST
DECEMBER 27 2014......SUNRISE   722 AM CST   SUNSET   454 PM CST


-  INDICATES NEGATIVE NUMBERS.
R  INDICATES RECORD WAS SET OR TIED.
MM INDICATES DATA IS MISSING.
T  INDICATES TRACE AMOUNT.




$$
