000
CDUS43 KSGF 220626
CLIVIH


CLIMATE REPORT
NATIONAL WEATHER SERVICE SPRINGFIELD MO
126 AM CDT FRI AUG 22 2014


...................................

...THE VICHY-ROLLA MO CLIMATE SUMMARY FOR AUGUST 21 2014...

CLIMATE NORMAL PERIOD 1981 TO 2010
CLIMATE RECORD PERIOD 1888 TO 2014


WEATHER ITEM   OBSERVED TIME   RECORD YEAR NORMAL DEPARTURE LAST
                VALUE   (LST)  VALUE       VALUE  FROM      YEAR
                                                  NORMAL
..................................................................
TEMPERATURE (F)
 YESTERDAY
  MAXIMUM         94    235 PM 102    2003  87      7       86
  MINIMUM         72    557 AM  48    1956  65      7       64
  AVERAGE         83                        76      7       75

PRECIPITATION (IN)
  YESTERDAY        0.00          1.07 1952   0.13  -0.13     0.00
  MONTH TO DATE    3.07                      2.47   0.60     4.29
  SINCE JUN 1      6.49                     11.54  -5.05    11.68
  SINCE JAN 1     16.11                     28.35 -12.24    32.98

DEGREE DAYS
 HEATING
  YESTERDAY        0                         0      0        0
  MONTH TO DATE    0                         0      0        2
  SINCE JUN 1      4                        15    -11       21
  SINCE JUL 1      3                         1      2        4

 COOLING
  YESTERDAY       18                        11      7       10
  MONTH TO DATE  222                       255    -33      143
  SINCE JUN 1    721                       872   -151      642
  SINCE JAN 1    868                       979   -111      749
..................................................................


WIND (MPH)
  HIGHEST WIND SPEED    17   HIGHEST WIND DIRECTION    SW (220)
  HIGHEST GUST SPEED    22   HIGHEST GUST DIRECTION    SW (230)
  AVERAGE WIND SPEED    10.3


SKY COVER
  AVERAGE SKY COVER 0.2


WEATHER CONDITIONS
 THE FOLLOWING WEATHER WAS RECORDED YESTERDAY.
  NO SIGNIFICANT WEATHER WAS OBSERVED.


RELATIVE HUMIDITY (PERCENT)
 HIGHEST    79           500 AM
 LOWEST     49           300 PM
 AVERAGE    64

..........................................................


THE VICHY-ROLLA MO CLIMATE NORMALS FOR TODAY
                         NORMAL    RECORD    YEAR
 MAXIMUM TEMPERATURE (F)   87        99      2001
 MINIMUM TEMPERATURE (F)   65        54      1956


SUNRISE AND SUNSET
AUGUST 22 2014........SUNRISE   628 AM CDT   SUNSET   751 PM CDT
AUGUST 23 2014........SUNRISE   629 AM CDT   SUNSET   750 PM CDT


-  INDICATES NEGATIVE NUMBERS.
R  INDICATES RECORD WAS SET OR TIED.
MM INDICATES DATA IS MISSING.
T  INDICATES TRACE AMOUNT.




$$
