000
CDUS43 KSGF 140633
CLIVIH


CLIMATE REPORT
NATIONAL WEATHER SERVICE SPRINGFIELD MO
132 AM CDT MON AUG 14 2017


...................................

...THE VICHY-ROLLA MO CLIMATE SUMMARY FOR AUGUST 13 2017...

CLIMATE NORMAL PERIOD 1981 TO 2010
CLIMATE RECORD PERIOD 1888 TO 2017


WEATHER ITEM   OBSERVED TIME   RECORD YEAR NORMAL DEPARTURE LAST
                VALUE   (LST)  VALUE       VALUE  FROM      YEAR
                                                  NORMAL
..................................................................
TEMPERATURE (F)
 YESTERDAY
  MAXIMUM         79    130 PM  98    2010  88     -9       84
                                      1901
  MINIMUM         58    104 AM  45    2004  66     -8       67
  AVERAGE         69                        77     -8       76

PRECIPITATION (IN)
  YESTERDAY        T             2.06 1946   0.12  -0.12     0.01
  MONTH TO DATE    3.73                      1.52   2.21     9.01
  SINCE JUN 1     13.93                     10.59   3.34    17.11
  SINCE JAN 1     36.37                     27.40   8.97    31.35

DEGREE DAYS
 HEATING
  YESTERDAY        0                         0      0        0
  MONTH TO DATE    1                         0      1        0
  SINCE JUN 1      2                        15    -13        0
  SINCE JUL 1      1                         1      0        0

 COOLING
  YESTERDAY        4                        12     -8       11
  MONTH TO DATE   88                       163    -75      177
  SINCE JUN 1    729                       780    -51      933
  SINCE JAN 1    833                       887    -54     1011
..................................................................


WIND (MPH)
  HIGHEST WIND SPEED    14   HIGHEST WIND DIRECTION    SE (130)
  HIGHEST GUST SPEED    20   HIGHEST GUST DIRECTION     S (180)
  AVERAGE WIND SPEED     6.2


SKY COVER
  AVERAGE SKY COVER 0.5


WEATHER CONDITIONS
 THE FOLLOWING WEATHER WAS RECORDED YESTERDAY.
  LIGHT RAIN


RELATIVE HUMIDITY (PERCENT)
 HIGHEST   100           100 AM
 LOWEST     54           100 PM
 AVERAGE    77

..........................................................


THE VICHY-ROLLA MO CLIMATE NORMALS FOR TODAY
                         NORMAL    RECORD    YEAR
 MAXIMUM TEMPERATURE (F)   88       104      2007
 MINIMUM TEMPERATURE (F)   66        48      2004


SUNRISE AND SUNSET
AUGUST 14 2017........SUNRISE   621 AM CDT   SUNSET   801 PM CDT
AUGUST 15 2017........SUNRISE   622 AM CDT   SUNSET   800 PM CDT


-  INDICATES NEGATIVE NUMBERS.
R  INDICATES RECORD WAS SET OR TIED.
MM INDICATES DATA IS MISSING.
T  INDICATES TRACE AMOUNT.




$$
