000
CDUS43 KSGF 182236
CLIVIH


CLIMATE REPORT
NATIONAL WEATHER SERVICE SPRINGFIELD MO
536 PM CDT WED OCT 18 2017


...................................

...THE VICHY-ROLLA MO CLIMATE SUMMARY FOR OCTOBER 18 2017...
VALID TODAY AS OF 0500 PM LOCAL TIME.

CLIMATE NORMAL PERIOD 1981 TO 2010
CLIMATE RECORD PERIOD 1888 TO 2017


WEATHER ITEM   OBSERVED TIME   RECORD YEAR NORMAL DEPARTURE LAST
                VALUE   (LST)  VALUE       VALUE  FROM      YEAR
                                                  NORMAL
..................................................................
TEMPERATURE (F)
 TODAY
  MAXIMUM         75    318 PM  86    1953  67      8       83
  MINIMUM         49    628 AM  29    1903  45      4       65
  AVERAGE         62                        56      6       74

PRECIPITATION (IN)
  TODAY            0.00          1.22 1969   0.12  -0.12      T
  MONTH TO DATE    2.49                      1.98   0.51     0.13
  SINCE SEP 1      2.68                      6.02  -3.34     4.61
  SINCE JAN 1     41.28                     35.57   5.71    36.95

DEGREE DAYS
 HEATING
  TODAY            3                        10     -7        0
  MONTH TO DATE   57                       134    -77       65
  SINCE SEP 1     74                       195   -121       89
  SINCE JUL 1     75                       198   -123       89

 COOLING
  TODAY            0                         1     -1        9
  MONTH TO DATE   71                        21     50       52
  SINCE SEP 1    271                       162    109      263
  SINCE JAN 1   1241                      1239      2     1452
..................................................................


WIND (MPH)
  HIGHEST WIND SPEED    18   HIGHEST WIND DIRECTION     S (180)
  HIGHEST GUST SPEED    22   HIGHEST GUST DIRECTION     S (180)


SKY COVER
  AVERAGE SKY COVER 0.0


WEATHER CONDITIONS
 THE FOLLOWING WEATHER WAS RECORDED TODAY.
  NO SIGNIFICANT WEATHER WAS OBSERVED.


RELATIVE HUMIDITY (PERCENT)
 HIGHEST    68          1200 AM
 LOWEST     27           300 PM
 AVERAGE    48

..........................................................


THE VICHY-ROLLA MO CLIMATE NORMALS FOR TOMORROW
                         NORMAL    RECORD    YEAR
 MAXIMUM TEMPERATURE (F)   67        86      1963
 MINIMUM TEMPERATURE (F)   45        24      1972


SUNRISE AND SUNSET
OCTOBER 18 2017.......SUNRISE   719 AM CDT   SUNSET   625 PM CDT
OCTOBER 19 2017.......SUNRISE   720 AM CDT   SUNSET   623 PM CDT


-  INDICATES NEGATIVE NUMBERS.
R  INDICATES RECORD WAS SET OR TIED.
MM INDICATES DATA IS MISSING.
T  INDICATES TRACE AMOUNT.




$$
