000
CDUS43 KSGF 190627
CLIVIH


CLIMATE REPORT
NATIONAL WEATHER SERVICE SPRINGFIELD MO
1226 AM CST FRI JAN 19 2018


...................................

...THE VICHY-ROLLA MO CLIMATE SUMMARY FOR JANUARY 18 2018...

CLIMATE NORMAL PERIOD 1981 TO 2010
CLIMATE RECORD PERIOD 1888 TO 2018


WEATHER ITEM   OBSERVED TIME   RECORD YEAR NORMAL DEPARTURE LAST
                VALUE   (LST)  VALUE       VALUE  FROM      YEAR
                                                  NORMAL
..................................................................
TEMPERATURE (F)
 YESTERDAY
  MAXIMUM         44    324 PM  70    1951  41      3       51
  MINIMUM         14    459 AM  -5    1994  21     -7       34
  AVERAGE         29                        31     -2       43

PRECIPITATION (IN)
  YESTERDAY        0.00          1.16 1996   0.07  -0.07     0.05
  MONTH TO DATE    0.79                      1.36  -0.57     0.96
  SINCE DEC 1      1.43                      4.00  -2.57     1.82
  SINCE JAN 1      0.79                      1.36  -0.57     0.96

DEGREE DAYS
 HEATING
  YESTERDAY       36                        34      2       22
  MONTH TO DATE  755                       612    143      586
  SINCE DEC 1   1705                      1582    123     1531
  SINCE JUL 1   2457                      2529    -72     2159

 COOLING
  YESTERDAY        0                         0      0        0
  MONTH TO DATE    0                         0      0        0
  SINCE DEC 1      0                         0      0        0
  SINCE JAN 1      0                         0      0        0
..................................................................


WIND (MPH)
  HIGHEST WIND SPEED    22   HIGHEST WIND DIRECTION    SW (220)
  HIGHEST GUST SPEED    30   HIGHEST GUST DIRECTION    SW (230)
  AVERAGE WIND SPEED    13.2


SKY COVER
  AVERAGE SKY COVER 0.0


WEATHER CONDITIONS
 THE FOLLOWING WEATHER WAS RECORDED YESTERDAY.
  NO SIGNIFICANT WEATHER WAS OBSERVED.


RELATIVE HUMIDITY (PERCENT)
 HIGHEST    73           200 AM
 LOWEST     33           300 PM
 AVERAGE    53

..........................................................


THE VICHY-ROLLA MO CLIMATE NORMALS FOR TODAY
                         NORMAL    RECORD    YEAR
 MAXIMUM TEMPERATURE (F)   41        75      1951
 MINIMUM TEMPERATURE (F)   21        -6      1994


SUNRISE AND SUNSET
JANUARY 19 2018.......SUNRISE   720 AM CST   SUNSET   516 PM CST
JANUARY 20 2018.......SUNRISE   720 AM CST   SUNSET   517 PM CST


-  INDICATES NEGATIVE NUMBERS.
R  INDICATES RECORD WAS SET OR TIED.
MM INDICATES DATA IS MISSING.
T  INDICATES TRACE AMOUNT.




$$
