000
CDUS43 KSGF 162232
CLIVIH


CLIMATE REPORT
NATIONAL WEATHER SERVICE SPRINGFIELD MO
532 PM CDT SAT SEP 16 2017


...................................

...THE VICHY-ROLLA MO CLIMATE SUMMARY FOR SEPTEMBER 16 2017...
VALID TODAY AS OF 0500 PM LOCAL TIME.

CLIMATE NORMAL PERIOD 1981 TO 2010
CLIMATE RECORD PERIOD 1888 TO 2017


WEATHER ITEM   OBSERVED TIME   RECORD YEAR NORMAL DEPARTURE LAST
                VALUE   (LST)  VALUE       VALUE  FROM      YEAR
                                                  NORMAL
..................................................................
TEMPERATURE (F)
 TODAY
  MAXIMUM         88    345 PM  96    1954  78     10       76
  MINIMUM         64    618 AM  43    2000  57      7       66
  AVERAGE         76                        68      8       71

PRECIPITATION (IN)
  TODAY            0.00          2.35 2016   0.13  -0.13     2.35
  MONTH TO DATE    T                         2.31  -2.31     4.08
  SINCE SEP 1      T                         2.31  -2.31     4.08
  SINCE JAN 1     38.60                     31.86   6.74    36.42

DEGREE DAYS
 HEATING
  TODAY            0                         2     -2        0
  MONTH TO DATE   13                        12      1        3
  SINCE SEP 1     13                        12      1        3
  SINCE JUL 1     14                        15     -1        3

 COOLING
  TODAY           11                         4      7        6
  MONTH TO DATE   71                       101    -30      126
  SINCE SEP 1     71                       101    -30      126
  SINCE JAN 1   1041                      1178   -137     1315
..................................................................


WIND (MPH)
  HIGHEST WIND SPEED    20   HIGHEST WIND DIRECTION     S (180)
  HIGHEST GUST SPEED    24   HIGHEST GUST DIRECTION     S (180)


SKY COVER
  AVERAGE SKY COVER 0.1


WEATHER CONDITIONS
 THE FOLLOWING WEATHER WAS RECORDED TODAY.
  FOG


RELATIVE HUMIDITY (PERCENT)
 HIGHEST    93           600 AM
 LOWEST     40           200 PM
 AVERAGE    67

..........................................................


THE VICHY-ROLLA MO CLIMATE NORMALS FOR TOMORROW
                         NORMAL    RECORD    YEAR
 MAXIMUM TEMPERATURE (F)   78        97      1953
 MINIMUM TEMPERATURE (F)   56        37      1903


SUNRISE AND SUNSET
SEPTEMBER 16 2017.....SUNRISE   650 AM CDT   SUNSET   713 PM CDT
SEPTEMBER 17 2017.....SUNRISE   651 AM CDT   SUNSET   711 PM CDT


-  INDICATES NEGATIVE NUMBERS.
R  INDICATES RECORD WAS SET OR TIED.
MM INDICATES DATA IS MISSING.
T  INDICATES TRACE AMOUNT.




$$
