000
CDUS43 KSGF 300626
CLIVIH


CLIMATE REPORT
NATIONAL WEATHER SERVICE SPRINGFIELD MO
126 AM CDT SAT AUG 30 2014


...................................

...THE VICHY-ROLLA MO CLIMATE SUMMARY FOR AUGUST 29 2014...

CLIMATE NORMAL PERIOD 1981 TO 2010
CLIMATE RECORD PERIOD 1888 TO 2014


WEATHER ITEM   OBSERVED TIME   RECORD YEAR NORMAL DEPARTURE LAST
                VALUE   (LST)  VALUE       VALUE  FROM      YEAR
                                                  NORMAL
..................................................................
TEMPERATURE (F)
 YESTERDAY
  MAXIMUM         92    153 PM 100    1901  85      7       93
  MINIMUM         69    557 AM  49    1965  63      6       69
  AVERAGE         81                        74      7       81

PRECIPITATION (IN)
  YESTERDAY        0.10          1.57 1975   0.13  -0.03     0.00
  MONTH TO DATE    3.19                      3.43  -0.24     4.29
  SINCE JUN 1      6.61                     12.50  -5.89    11.68
  SINCE JAN 1     16.23                     29.31 -13.08    32.98

DEGREE DAYS
 HEATING
  YESTERDAY        0                         0      0        0
  MONTH TO DATE    0                         0      0        2
  SINCE JUN 1      4                        15    -11       21
  SINCE JUL 1      3                         1      2        4

 COOLING
  YESTERDAY       16                         9      7       16
  MONTH TO DATE  367                       336     31      253
  SINCE JUN 1    866                       953    -87      752
  SINCE JAN 1   1013                      1060    -47      859
..................................................................


WIND (MPH)
  HIGHEST WIND SPEED    30   HIGHEST WIND DIRECTION    SW (240)
  HIGHEST GUST SPEED    38   HIGHEST GUST DIRECTION    SW (240)
  AVERAGE WIND SPEED     9.3


SKY COVER
  AVERAGE SKY COVER 0.1


WEATHER CONDITIONS
 THE FOLLOWING WEATHER WAS RECORDED YESTERDAY.
  THUNDERSTORM
  HEAVY RAIN
  RAIN
  LIGHT RAIN


RELATIVE HUMIDITY (PERCENT)
 HIGHEST    84           400 AM
 LOWEST     36           200 PM
 AVERAGE    60

..........................................................


THE VICHY-ROLLA MO CLIMATE NORMALS FOR TODAY
                         NORMAL    RECORD    YEAR
 MAXIMUM TEMPERATURE (F)   85        99      2000
                                             1901
 MINIMUM TEMPERATURE (F)   63        50      2009


SUNRISE AND SUNSET
AUGUST 30 2014........SUNRISE   635 AM CDT   SUNSET   740 PM CDT
AUGUST 31 2014........SUNRISE   636 AM CDT   SUNSET   738 PM CDT


-  INDICATES NEGATIVE NUMBERS.
R  INDICATES RECORD WAS SET OR TIED.
MM INDICATES DATA IS MISSING.
T  INDICATES TRACE AMOUNT.




$$
