000
CDUS43 KSGF 020703
CLIVIH


CLIMATE REPORT
NATIONAL WEATHER SERVICE SPRINGFIELD MO
127 AM CDT SUN AUG 2 2015


...................................

...THE VICHY-ROLLA MO CLIMATE SUMMARY FOR AUGUST 1 2015...

CLIMATE NORMAL PERIOD 1981 TO 2010
CLIMATE RECORD PERIOD 1888 TO 2015


WEATHER ITEM   OBSERVED TIME   RECORD YEAR NORMAL DEPARTURE LAST
                VALUE   (LST)  VALUE       VALUE  FROM      YEAR
                                                  NORMAL
..................................................................
TEMPERATURE (F)
 YESTERDAY
  MAXIMUM         90   1252 PM 104    1897  89      1       85
  MINIMUM         63    410 AM  56    1992  66     -3       61
  AVERAGE         77                        78     -1       73

PRECIPITATION (IN)
  YESTERDAY        0.00          0.78 1961   0.13  -0.13     0.00
  MONTH TO DATE    0.00                      0.13  -0.13     0.00
  SINCE JUN 1     12.85                      9.20   3.65     3.42
  SINCE JAN 1     26.87                     26.01   0.86    13.04

DEGREE DAYS
 HEATING
  YESTERDAY        0                         0      0        0
  MONTH TO DATE    0                         0      0        0
  SINCE JUN 1     15                        15      0        4
  SINCE JUL 1      0                         1     -1        3

 COOLING
  YESTERDAY       12                        13     -1        8
  MONTH TO DATE   12                        13     -1        8
  SINCE JUN 1    663                       630     33      507
  SINCE JAN 1    770                       737     33      654
..................................................................


WIND (MPH)
  HIGHEST WIND SPEED    14   HIGHEST WIND DIRECTION     W (280)
  HIGHEST GUST SPEED    18   HIGHEST GUST DIRECTION     W (290)
  AVERAGE WIND SPEED     4.6


SKY COVER
  AVERAGE SKY COVER 0.1


WEATHER CONDITIONS
 THE FOLLOWING WEATHER WAS RECORDED YESTERDAY.
  NO SIGNIFICANT WEATHER WAS OBSERVED.


RELATIVE HUMIDITY (PERCENT)
 HIGHEST    97           900 PM
 LOWEST     47           100 PM
 AVERAGE    72

..........................................................


THE VICHY-ROLLA MO CLIMATE NORMALS FOR TODAY
                         NORMAL    RECORD    YEAR
 MAXIMUM TEMPERATURE (F)   89       103      1897
 MINIMUM TEMPERATURE (F)   66        56      2009


SUNRISE AND SUNSET
AUGUST  2 2015........SUNRISE   610 AM CDT   SUNSET   816 PM CDT
AUGUST  3 2015........SUNRISE   611 AM CDT   SUNSET   815 PM CDT


-  INDICATES NEGATIVE NUMBERS.
R  INDICATES RECORD WAS SET OR TIED.
MM INDICATES DATA IS MISSING.
T  INDICATES TRACE AMOUNT.




$$
