000
CDUS43 KSGF 260625
CLIVIH


CLIMATE REPORT
NATIONAL WEATHER SERVICE SPRINGFIELD MO
125 AM CDT SAT JUL 26 2014


...................................

...THE VICHY-ROLLA MO CLIMATE SUMMARY FOR JULY 25 2014...

CLIMATE NORMAL PERIOD 1981 TO 2010
CLIMATE RECORD PERIOD 1888 TO 2014


WEATHER ITEM   OBSERVED TIME   RECORD YEAR NORMAL DEPARTURE LAST
                VALUE   (LST)  VALUE       VALUE  FROM      YEAR
                                                  NORMAL
..................................................................
TEMPERATURE (F)
 YESTERDAY
  MAXIMUM         90    324 PM 104    1999  89      1       81
  MINIMUM         62    215 AM  50    1905  67     -5       56
  AVERAGE         76                        78     -2       69

PRECIPITATION (IN)
  YESTERDAY        0.00          2.15 1960   0.15  -0.15     0.00
  MONTH TO DATE    0.11                      3.62  -3.51     2.80
  SINCE JUN 1      3.42                      8.25  -4.83     6.59
  SINCE JAN 1     13.04                     25.06 -12.02    27.89

DEGREE DAYS
 HEATING
  YESTERDAY        0                         0      0        0
  MONTH TO DATE    3                         0      3        0
  SINCE JUN 1      4                        14    -10       17
  SINCE JUL 1      3                         0      3        0

 COOLING
  YESTERDAY       11                        13     -2        4
  MONTH TO DATE  188                       306   -118      260
  SINCE JUN 1    446                       541    -95      477
  SINCE JAN 1    593                       648    -55      584
..................................................................


WIND (MPH)
  HIGHEST WIND SPEED    20   HIGHEST WIND DIRECTION     S (190)
  HIGHEST GUST SPEED    26   HIGHEST GUST DIRECTION     S (190)
  AVERAGE WIND SPEED    12.7


SKY COVER
  AVERAGE SKY COVER 0.0


WEATHER CONDITIONS
 THE FOLLOWING WEATHER WAS RECORDED YESTERDAY.
  NO SIGNIFICANT WEATHER WAS OBSERVED.


RELATIVE HUMIDITY (PERCENT)
 HIGHEST    78           500 AM
 LOWEST     44           200 PM
 AVERAGE    61

..........................................................


THE VICHY-ROLLA MO CLIMATE NORMALS FOR TODAY
                         NORMAL    RECORD    YEAR
 MAXIMUM TEMPERATURE (F)   89       101      1999
 MINIMUM TEMPERATURE (F)   67        54      2004


SUNRISE AND SUNSET
JULY 26 2014..........SUNRISE   605 AM CDT   SUNSET   822 PM CDT
JULY 27 2014..........SUNRISE   606 AM CDT   SUNSET   821 PM CDT


-  INDICATES NEGATIVE NUMBERS.
R  INDICATES RECORD WAS SET OR TIED.
MM INDICATES DATA IS MISSING.
T  INDICATES TRACE AMOUNT.




$$
