906
CDUS43 KSGF 230646
CLIVIH


CLIMATE REPORT
NATIONAL WEATHER SERVICE SPRINGFIELD MO
145 AM CDT FRI SEP 23 2016


...................................

...THE VICHY-ROLLA MO CLIMATE SUMMARY FOR SEPTEMBER 22 2016...

CLIMATE NORMAL PERIOD 1981 TO 2010
CLIMATE RECORD PERIOD 1888 TO 2016


WEATHER ITEM   OBSERVED TIME   RECORD YEAR NORMAL DEPARTURE LAST
                VALUE   (LST)  VALUE       VALUE  FROM      YEAR
                                                  NORMAL
..................................................................
TEMPERATURE (F)
 YESTERDAY
  MAXIMUM         86    357 PM  95    1956  76     10       84
  MINIMUM         62    433 AM  34    1995  54      8       57
  AVERAGE         74                        65      9       71

PRECIPITATION (IN)
  YESTERDAY        0.00          1.97 1970   0.12  -0.12     0.00
  MONTH TO DATE    4.08                      3.07   1.01     0.75
  SINCE SEP 1      4.08                      3.07   1.01     0.75
  SINCE JAN 1     36.42                     32.62   3.80    30.01

DEGREE DAYS
 HEATING
  YESTERDAY        0                         3     -3        0
  MONTH TO DATE    3                        27    -24       24
  SINCE SEP 1      3                        27    -24       24
  SINCE JUL 1      3                        30    -27       26

 COOLING
  YESTERDAY        9                         3      6        6
  MONTH TO DATE  180                       122     58      201
  SINCE SEP 1    180                       122     58      201
  SINCE JAN 1   1369                      1199    170     1216
..................................................................


WIND (MPH)
  HIGHEST WIND SPEED    13   HIGHEST WIND DIRECTION    SW (220)
  HIGHEST GUST SPEED    17   HIGHEST GUST DIRECTION    SE (140)
  AVERAGE WIND SPEED     6.3


SKY COVER
  AVERAGE SKY COVER 0.0


WEATHER CONDITIONS
 THE FOLLOWING WEATHER WAS RECORDED YESTERDAY.
  NO SIGNIFICANT WEATHER WAS OBSERVED.


RELATIVE HUMIDITY (PERCENT)
 HIGHEST    93           600 AM
 LOWEST     48          1200 PM
 AVERAGE    71

..........................................................


THE VICHY-ROLLA MO CLIMATE NORMALS FOR TODAY
                         NORMAL    RECORD    YEAR
 MAXIMUM TEMPERATURE (F)   76        92      1901
 MINIMUM TEMPERATURE (F)   54        36      1897


SUNRISE AND SUNSET
SEPTEMBER 23 2016.....SUNRISE   656 AM CDT   SUNSET   702 PM CDT
SEPTEMBER 24 2016.....SUNRISE   657 AM CDT   SUNSET   700 PM CDT


-  INDICATES NEGATIVE NUMBERS.
R  INDICATES RECORD WAS SET OR TIED.
MM INDICATES DATA IS MISSING.
T  INDICATES TRACE AMOUNT.




$$
