000
CDUS43 KSGF 230639
CLIVIH


CLIMATE REPORT
NATIONAL WEATHER SERVICE SPRINGFIELD MO
138 AM CDT THU MAR 23 2017


...................................

...THE VICHY-ROLLA MO CLIMATE SUMMARY FOR MARCH 22 2017...

CLIMATE NORMAL PERIOD 1981 TO 2010
CLIMATE RECORD PERIOD 1888 TO 2017


WEATHER ITEM   OBSERVED TIME   RECORD YEAR NORMAL DEPARTURE LAST
                VALUE   (LST)  VALUE       VALUE  FROM      YEAR
                                                  NORMAL
..................................................................
TEMPERATURE (F)
 YESTERDAY
  MAXIMUM         54    417 PM  78    1904  59     -5       72
  MINIMUM         37    654 AM  14    1955  36      1       45
  AVERAGE         46                        47     -1       59

PRECIPITATION (IN)
  YESTERDAY        0.00          0.94 1898   0.13  -0.13     0.00
  MONTH TO DATE    1.00                      2.24  -1.24     1.42
  SINCE MAR 1      1.00                      2.24  -1.24     1.42
  SINCE JAN 1      3.06                      6.34  -3.28     3.54

DEGREE DAYS
 HEATING
  YESTERDAY       19                        18      1        6
  MONTH TO DATE  426                       469    -43      327
  SINCE MAR 1    426                       469    -43      327
  SINCE JUL 1   3412                      4259   -847     3530

 COOLING
  YESTERDAY        0                         0      0        0
  MONTH TO DATE    3                         0      3        0
  SINCE MAR 1      3                         0      3        0
  SINCE JAN 1      4                         0      4        0
..................................................................


WIND (MPH)
  HIGHEST WIND SPEED    18   HIGHEST WIND DIRECTION     E (100)
  HIGHEST GUST SPEED    25   HIGHEST GUST DIRECTION     E (80)
  AVERAGE WIND SPEED    12.0


SKY COVER
  AVERAGE SKY COVER 0.4


WEATHER CONDITIONS
 THE FOLLOWING WEATHER WAS RECORDED YESTERDAY.
  NO SIGNIFICANT WEATHER WAS OBSERVED.


RELATIVE HUMIDITY (PERCENT)
 HIGHEST    70           500 AM
 LOWEST     35           200 PM
 AVERAGE    53

..........................................................


THE VICHY-ROLLA MO CLIMATE NORMALS FOR TODAY
                         NORMAL    RECORD    YEAR
 MAXIMUM TEMPERATURE (F)   59        82      1994
 MINIMUM TEMPERATURE (F)   36         8      1974


SUNRISE AND SUNSET
MARCH 23 2017.........SUNRISE   706 AM CDT   SUNSET   722 PM CDT
MARCH 24 2017.........SUNRISE   704 AM CDT   SUNSET   723 PM CDT


-  INDICATES NEGATIVE NUMBERS.
R  INDICATES RECORD WAS SET OR TIED.
MM INDICATES DATA IS MISSING.
T  INDICATES TRACE AMOUNT.




$$
