000
CDUS43 KSGF 210626
CLIVIH


CLIMATE REPORT
NATIONAL WEATHER SERVICE SPRINGFIELD MO
125 AM CDT THU SEP 21 2017


...................................

...THE VICHY-ROLLA MO CLIMATE SUMMARY FOR SEPTEMBER 20 2017...

CLIMATE NORMAL PERIOD 1981 TO 2010
CLIMATE RECORD PERIOD 1888 TO 2017


WEATHER ITEM   OBSERVED TIME   RECORD YEAR NORMAL DEPARTURE LAST
                VALUE   (LST)  VALUE       VALUE  FROM      YEAR
                                                  NORMAL
..................................................................
TEMPERATURE (F)
 YESTERDAY
  MAXIMUM         94    305 PM  95    1954  77     17       90
  MINIMUM         71    207 AM  37    1991  55     16       68
  AVERAGE         83                        66     17       79

PRECIPITATION (IN)
  YESTERDAY        0.00          1.83 2009   0.12  -0.12      T
  MONTH TO DATE    0.16                      2.82  -2.66     4.08
  SINCE SEP 1      0.16                      2.82  -2.66     4.08
  SINCE JAN 1     38.76                     32.37   6.39    36.42

DEGREE DAYS
 HEATING
  YESTERDAY        0                         3     -3        0
  MONTH TO DATE   13                        21     -8        3
  SINCE SEP 1     13                        21     -8        3
  SINCE JUL 1     14                        24    -10        3

 COOLING
  YESTERDAY       18                         3     15       14
  MONTH TO DATE  113                       116     -3      159
  SINCE SEP 1    113                       116     -3      159
  SINCE JAN 1   1083                      1193   -110     1348
..................................................................


WIND (MPH)
  HIGHEST WIND SPEED    21   HIGHEST WIND DIRECTION    SW (210)
  HIGHEST GUST SPEED    34   HIGHEST GUST DIRECTION    SW (210)
  AVERAGE WIND SPEED    10.9


SKY COVER
  AVERAGE SKY COVER 0.0


WEATHER CONDITIONS
 THE FOLLOWING WEATHER WAS RECORDED YESTERDAY.
  NO SIGNIFICANT WEATHER WAS OBSERVED.


RELATIVE HUMIDITY (PERCENT)
 HIGHEST    93           300 AM
 LOWEST     44           200 PM
 AVERAGE    69

..........................................................


THE VICHY-ROLLA MO CLIMATE NORMALS FOR TODAY
                         NORMAL    RECORD    YEAR
 MAXIMUM TEMPERATURE (F)   76        94      1955
 MINIMUM TEMPERATURE (F)   55        36      1897


SUNRISE AND SUNSET
SEPTEMBER 21 2017.....SUNRISE   654 AM CDT   SUNSET   705 PM CDT
SEPTEMBER 22 2017.....SUNRISE   655 AM CDT   SUNSET   704 PM CDT


-  INDICATES NEGATIVE NUMBERS.
R  INDICATES RECORD WAS SET OR TIED.
MM INDICATES DATA IS MISSING.
T  INDICATES TRACE AMOUNT.




$$
