406
CDUS43 KSGF 280628
CLIVIH


CLIMATE REPORT
NATIONAL WEATHER SERVICE SPRINGFIELD MO
128 AM CDT WED SEP 28 2016


...................................

...THE VICHY-ROLLA MO CLIMATE SUMMARY FOR SEPTEMBER 27 2016...

CLIMATE NORMAL PERIOD 1981 TO 2010
CLIMATE RECORD PERIOD 1888 TO 2016


WEATHER ITEM   OBSERVED TIME   RECORD YEAR NORMAL DEPARTURE LAST
                VALUE   (LST)  VALUE       VALUE  FROM      YEAR
                                                  NORMAL
..................................................................
TEMPERATURE (F)
 YESTERDAY
  MAXIMUM         78    337 PM  92    1897  74      4       75
  MINIMUM         48    431 AM  40    1903  52     -4       63
  AVERAGE         63                        63      0       69

PRECIPITATION (IN)
  YESTERDAY        0.00          1.00 1945   0.12  -0.12     0.07
  MONTH TO DATE    4.48                      3.70   0.78     0.82
  SINCE SEP 1      4.48                      3.70   0.78     0.82
  SINCE JAN 1     36.82                     33.25   3.57    30.08

DEGREE DAYS
 HEATING
  YESTERDAY        2                         4     -2        0
  MONTH TO DATE   10                        46    -36       24
  SINCE SEP 1     10                        46    -36       24
  SINCE JUL 1     10                        49    -39       26

 COOLING
  YESTERDAY        0                         2     -2        4
  MONTH TO DATE  211                       135     76      223
  SINCE SEP 1    211                       135     76      223
  SINCE JAN 1   1400                      1212    188     1238
..................................................................


WIND (MPH)
  HIGHEST WIND SPEED    16   HIGHEST WIND DIRECTION    SW (240)
  HIGHEST GUST SPEED    24   HIGHEST GUST DIRECTION     W (270)
  AVERAGE WIND SPEED     9.9


SKY COVER
  AVERAGE SKY COVER 0.0


WEATHER CONDITIONS
 THE FOLLOWING WEATHER WAS RECORDED YESTERDAY.
  NO SIGNIFICANT WEATHER WAS OBSERVED.


RELATIVE HUMIDITY (PERCENT)
 HIGHEST    86           100 AM
 LOWEST     35           300 PM
 AVERAGE    61

..........................................................


THE VICHY-ROLLA MO CLIMATE NORMALS FOR TODAY
                         NORMAL    RECORD    YEAR
 MAXIMUM TEMPERATURE (F)   73       101      1953
 MINIMUM TEMPERATURE (F)   52        38      1951


SUNRISE AND SUNSET
SEPTEMBER 28 2016.....SUNRISE   701 AM CDT   SUNSET   654 PM CDT
SEPTEMBER 29 2016.....SUNRISE   701 AM CDT   SUNSET   652 PM CDT


-  INDICATES NEGATIVE NUMBERS.
R  INDICATES RECORD WAS SET OR TIED.
MM INDICATES DATA IS MISSING.
T  INDICATES TRACE AMOUNT.




$$
