000
CDUS43 KSGF 160633
CLIVIH


CLIMATE REPORT
NATIONAL WEATHER SERVICE SPRINGFIELD MO
132 AM CDT SUN JUL 16 2017


...................................

...THE VICHY-ROLLA MO CLIMATE SUMMARY FOR JULY 15 2017...

CLIMATE NORMAL PERIOD 1981 TO 2010
CLIMATE RECORD PERIOD 1888 TO 2017


WEATHER ITEM   OBSERVED TIME   RECORD YEAR NORMAL DEPARTURE LAST
                VALUE   (LST)  VALUE       VALUE  FROM      YEAR
                                                  NORMAL
..................................................................
TEMPERATURE (F)
 YESTERDAY
  MAXIMUM         86    353 PM 107    1980  88     -2       87
  MINIMUM         64   1132 PM  54    2014  67     -3       66
  AVERAGE         75                        78     -3       77

PRECIPITATION (IN)
  YESTERDAY        0.00          1.64 1981   0.14  -0.14     0.00
  MONTH TO DATE    6.97                      2.16   4.81     5.24
  SINCE JUN 1      9.90                      6.79   3.11     7.18
  SINCE JAN 1     32.34                     23.60   8.74    21.42

DEGREE DAYS
 HEATING
  YESTERDAY        0                         0      0        0
  MONTH TO DATE    0                         0      0        0
  SINCE JUN 1      1                        14    -13        0
  SINCE JUL 1      0                         0      0        0

 COOLING
  YESTERDAY       10                        12     -2       12
  MONTH TO DATE  187                       176     11      164
  SINCE JUN 1    418                       411      7      511
  SINCE JAN 1    522                       518      4      589
..................................................................


WIND (MPH)
  HIGHEST WIND SPEED    14   HIGHEST WIND DIRECTION     N (10)
  HIGHEST GUST SPEED    19   HIGHEST GUST DIRECTION     N (360)
  AVERAGE WIND SPEED     5.5


SKY COVER
  AVERAGE SKY COVER 0.1


WEATHER CONDITIONS
 THE FOLLOWING WEATHER WAS RECORDED YESTERDAY.
  NO SIGNIFICANT WEATHER WAS OBSERVED.


RELATIVE HUMIDITY (PERCENT)
 HIGHEST   100          1200 AM
 LOWEST     48           400 PM
 AVERAGE    74

..........................................................


THE VICHY-ROLLA MO CLIMATE NORMALS FOR TODAY
                         NORMAL    RECORD    YEAR
 MAXIMUM TEMPERATURE (F)   88       105      1980
 MINIMUM TEMPERATURE (F)   67        51      2014


SUNRISE AND SUNSET
JULY 16 2017..........SUNRISE   557 AM CDT   SUNSET   829 PM CDT
JULY 17 2017..........SUNRISE   558 AM CDT   SUNSET   828 PM CDT


-  INDICATES NEGATIVE NUMBERS.
R  INDICATES RECORD WAS SET OR TIED.
MM INDICATES DATA IS MISSING.
T  INDICATES TRACE AMOUNT.




$$
