000
CDUS43 KSGF 250627
CLIVIH


CLIMATE REPORT
NATIONAL WEATHER SERVICE SPRINGFIELD MO
127 AM CDT WED MAY 25 2016


...................................

...THE VICHY-ROLLA MO CLIMATE SUMMARY FOR MAY 24 2016...

CLIMATE NORMAL PERIOD 1981 TO 2010
CLIMATE RECORD PERIOD 1888 TO 2016


WEATHER ITEM   OBSERVED TIME   RECORD YEAR NORMAL DEPARTURE LAST
                VALUE   (LST)  VALUE       VALUE  FROM      YEAR
                                                  NORMAL
..................................................................
TEMPERATURE (F)
 YESTERDAY
  MAXIMUM         72   1027 AM  93    1996  76     -4       81
  MINIMUM         59    320 AM  41    2001  56      3       62
  AVERAGE         66                        66      0       72

PRECIPITATION (IN)
  YESTERDAY        0.67          1.64 1958   0.15   0.52     0.54
  MONTH TO DATE    2.98                      3.89  -0.91     3.81
  SINCE MAR 1      9.92                     11.56  -1.64     8.95
  SINCE JAN 1     12.04                     15.66  -3.62    11.23

DEGREE DAYS
 HEATING
  YESTERDAY        0                         2     -2        0
  MONTH TO DATE  161                       103     58       80
  SINCE MAR 1    849                      1031   -182      918
  SINCE JUL 1   4052                      4821   -769     5035

 COOLING
  YESTERDAY        1                         3     -2        7
  MONTH TO DATE   15                        52    -37       64
  SINCE MAR 1     29                        78    -49       77
  SINCE JAN 1     29                        78    -49       77
..................................................................


WIND (MPH)
  HIGHEST WIND SPEED    23   HIGHEST WIND DIRECTION    SE (140)
  HIGHEST GUST SPEED    28   HIGHEST GUST DIRECTION    SE (150)
  AVERAGE WIND SPEED     7.8


SKY COVER
  AVERAGE SKY COVER 0.7


WEATHER CONDITIONS
 THE FOLLOWING WEATHER WAS RECORDED YESTERDAY.
  THUNDERSTORM
  HEAVY RAIN
  RAIN
  LIGHT RAIN
  FOG


RELATIVE HUMIDITY (PERCENT)
 HIGHEST   100          1100 PM
 LOWEST     73          1200 AM
 AVERAGE    87

..........................................................


THE VICHY-ROLLA MO CLIMATE NORMALS FOR TODAY
                         NORMAL    RECORD    YEAR
 MAXIMUM TEMPERATURE (F)   77        93      2012
                                             1953
 MINIMUM TEMPERATURE (F)   56        35      1897


SUNRISE AND SUNSET
MAY 25 2016...........SUNRISE   549 AM CDT   SUNSET   820 PM CDT
MAY 26 2016...........SUNRISE   548 AM CDT   SUNSET   820 PM CDT


-  INDICATES NEGATIVE NUMBERS.
R  INDICATES RECORD WAS SET OR TIED.
MM INDICATES DATA IS MISSING.
T  INDICATES TRACE AMOUNT.




$$
