000
CDUS43 KSGF 302126
CLIVIH


CLIMATE REPORT
NATIONAL WEATHER SERVICE SPRINGFIELD MO
425 PM CDT TUE JUN 30 2015


...................................

...THE VICHY-ROLLA MO CLIMATE SUMMARY FOR JUNE 30 2015...
VALID AS OF 0400 PM LOCAL TIME.

CLIMATE NORMAL PERIOD 1981 TO 2010
CLIMATE RECORD PERIOD 1888 TO 2015


WEATHER ITEM   OBSERVED TIME   RECORD YEAR NORMAL DEPARTURE LAST
                VALUE   (LST)  VALUE       VALUE  FROM      YEAR
                                                  NORMAL
..................................................................
TEMPERATURE (F)
 TODAY
  MAXIMUM         82    245 PM 102    2012  86     -4       90
  MINIMUM         65    541 AM  56    2008  66     -1       74
  AVERAGE         74                        76     -2       82

PRECIPITATION (IN)
  TODAY            0.00          1.84 1951   0.13  -0.13     0.00
  MONTH TO DATE    7.43                      4.63   2.80     3.31
  SINCE JUN 1      7.43                      4.63   2.80     3.31
  SINCE JAN 1     21.45                     21.44   0.01    12.93

DEGREE DAYS
 HEATING
  TODAY            0                         0      0        0
  MONTH TO DATE   15                        12      3        1
  SINCE JUN 1     15                        14      1        1
  SINCE JUL 1   5058                      4848    210     5479

 COOLING
  TODAY            9                        11     -2       17
  MONTH TO DATE  272                       235     37      258
  SINCE JUN 1    272                       235     37      258
  SINCE JAN 1    379                       342     37      405
..................................................................


WIND (MPH)
  HIGHEST WIND SPEED    13   HIGHEST WIND DIRECTION     W (280)
  HIGHEST GUST SPEED    17   HIGHEST GUST DIRECTION     W (270)


SKY COVER
  AVERAGE SKY COVER 0.1


WEATHER CONDITIONS
 THE FOLLOWING WEATHER WAS RECORDED TODAY.
  FOG


RELATIVE HUMIDITY (PERCENT)
 HIGHEST   100           300 AM
 LOWEST     62          1200 PM
 AVERAGE    81

..........................................................


THE VICHY-ROLLA MO CLIMATE NORMALS FOR TOMORROW
                         NORMAL    RECORD    YEAR
 MAXIMUM TEMPERATURE (F)   86       106      1980
 MINIMUM TEMPERATURE (F)   66        56      1951


SUNRISE AND SUNSET
JUNE 30 2015..........SUNRISE   547 AM CDT   SUNSET   834 PM CDT
JULY  1 2015..........SUNRISE   548 AM CDT   SUNSET   834 PM CDT


-  INDICATES NEGATIVE NUMBERS.
R  INDICATES RECORD WAS SET OR TIED.
MM INDICATES DATA IS MISSING.
T  INDICATES TRACE AMOUNT.




$$
