023
CDUS43 KSGF 040627
CLIVIH


CLIMATE REPORT
NATIONAL WEATHER SERVICE SPRINGFIELD MO
1227 AM CST THU FEB 4 2016


...................................

...THE VICHY-ROLLA MO CLIMATE SUMMARY FOR FEBRUARY 3 2016...

CLIMATE NORMAL PERIOD 1981 TO 2010
CLIMATE RECORD PERIOD 1888 TO 2016


WEATHER ITEM   OBSERVED TIME   RECORD YEAR NORMAL DEPARTURE LAST
                VALUE   (LST)  VALUE       VALUE  FROM      YEAR
                                                  NORMAL
..................................................................
TEMPERATURE (F)
 YESTERDAY
  MAXIMUM         39   1208 AM  75    1962  43     -4       48
  MINIMUM         25   1144 PM -12    1996  23      2       20
  AVERAGE         32                        33     -1       34

PRECIPITATION (IN)
  YESTERDAY        0.00          0.99 2012   0.06  -0.06     0.00
  MONTH TO DATE    0.21                      0.19   0.02     0.73
  SINCE DEC 1     11.27                      5.00   6.27     4.03
  SINCE JAN 1      0.95                      2.36  -1.41     1.66

DEGREE DAYS
 HEATING
  YESTERDAY       33                        32      1       31
  MONTH TO DATE   65                        97    -32      110
  SINCE DEC 1   1779                      2118   -339     1999
  SINCE JUL 1   2500                      3065   -565     3141

 COOLING
  YESTERDAY        0                         0      0        0
  MONTH TO DATE    0                         0      0        0
  SINCE DEC 1      0                         0      0        0
  SINCE JAN 1      0                         0      0        0
..................................................................


WIND (MPH)
  HIGHEST WIND SPEED    26   HIGHEST WIND DIRECTION     W (260)
  HIGHEST GUST SPEED    35   HIGHEST GUST DIRECTION     W (260)
  AVERAGE WIND SPEED    15.9


SKY COVER
  AVERAGE SKY COVER 1.0


WEATHER CONDITIONS
 THE FOLLOWING WEATHER WAS RECORDED YESTERDAY.
  NO SIGNIFICANT WEATHER WAS OBSERVED.


RELATIVE HUMIDITY (PERCENT)
 HIGHEST    82           700 AM
 LOWEST     59           100 AM
 AVERAGE    71

..........................................................


THE VICHY-ROLLA MO CLIMATE NORMALS FOR TODAY
                         NORMAL    RECORD    YEAR
 MAXIMUM TEMPERATURE (F)   43        78      1962
 MINIMUM TEMPERATURE (F)   23        -9      1996


SUNRISE AND SUNSET
FEBRUARY  4 2016......SUNRISE   709 AM CST   SUNSET   533 PM CST
FEBRUARY  5 2016......SUNRISE   708 AM CST   SUNSET   534 PM CST


-  INDICATES NEGATIVE NUMBERS.
R  INDICATES RECORD WAS SET OR TIED.
MM INDICATES DATA IS MISSING.
T  INDICATES TRACE AMOUNT.




$$
