909
CDUS43 KSGF 272328
CLIVIH


CLIMATE REPORT
NATIONAL WEATHER SERVICE SPRINGFIELD MO
527 PM CST MON FEB 27 2017


...................................

...THE VICHY-ROLLA MO CLIMATE SUMMARY FOR FEBRUARY 27 2017...
VALID TODAY AS OF 0500 PM LOCAL TIME.

CLIMATE NORMAL PERIOD 1981 TO 2010
CLIMATE RECORD PERIOD 1888 TO 2017


WEATHER ITEM   OBSERVED TIME   RECORD YEAR NORMAL DEPARTURE LAST
                VALUE   (LST)  VALUE       VALUE  FROM      YEAR
                                                  NORMAL
..................................................................
TEMPERATURE (F)
 TODAY
  MAXIMUM         65    322 PM  76    1976  50     15       65
  MINIMUM         29    448 AM   2    2015  29      0       31
  AVERAGE         47                        39      8       48

PRECIPITATION (IN)
  TODAY            0.00          1.57 1958   0.07  -0.07     0.00
  MONTH TO DATE    0.46                      1.85  -1.39     1.38
  SINCE DEC 1      2.92                      6.66  -3.74    12.44
  SINCE JAN 1      2.06                      4.02  -1.96     2.12

DEGREE DAYS
 COOLING
  TODAY            0                         0      0        0
  MONTH TO DATE    1                         0      1        0
  SINCE DEC 1      1                         0      1        0
  SINCE JAN 1      1                         0      1        0
..................................................................


WIND (MPH)
  HIGHEST WIND SPEED    22   HIGHEST WIND DIRECTION     S (180)
  HIGHEST GUST SPEED    29   HIGHEST GUST DIRECTION     S (180)


SKY COVER
  AVERAGE SKY COVER 0.1


WEATHER CONDITIONS
 THE FOLLOWING WEATHER WAS RECORDED TODAY.
  NO SIGNIFICANT WEATHER WAS OBSERVED.


RELATIVE HUMIDITY (PERCENT)
 HIGHEST    92          1200 AM
 LOWEST     31           300 PM
 AVERAGE    62

..........................................................


THE VICHY-ROLLA MO CLIMATE NORMALS FOR TOMORROW
                         NORMAL    RECORD    YEAR
 MAXIMUM TEMPERATURE (F)   50        75      2006
                                             1955
 MINIMUM TEMPERATURE (F)   29         6      1962


SUNRISE AND SUNSET
FEBRUARY 27 2017......SUNRISE   641 AM CST   SUNSET   559 PM CST
FEBRUARY 28 2017......SUNRISE   640 AM CST   SUNSET   600 PM CST


-  INDICATES NEGATIVE NUMBERS.
R  INDICATES RECORD WAS SET OR TIED.
MM INDICATES DATA IS MISSING.
T  INDICATES TRACE AMOUNT.




$$
