000
CDUS43 KSGF 210625
CLIVIH


CLIMATE REPORT
NATIONAL WEATHER SERVICE SPRINGFIELD MO
125 AM CDT SUN SEP 21 2014


...................................

...THE VICHY-ROLLA MO CLIMATE SUMMARY FOR SEPTEMBER 20 2014...

CLIMATE NORMAL PERIOD 1981 TO 2010
CLIMATE RECORD PERIOD 1888 TO 2014


WEATHER ITEM   OBSERVED TIME   RECORD YEAR NORMAL DEPARTURE LAST
                VALUE   (LST)  VALUE       VALUE  FROM      YEAR
                                                  NORMAL
..................................................................
TEMPERATURE (F)
 YESTERDAY
  MAXIMUM         84    331 PM  95    1954  77      7       71
  MINIMUM         63    544 AM  37    1991  55      8       53
  AVERAGE         74                        66      8       62

PRECIPITATION (IN)
  YESTERDAY        0.00          1.83 2009   0.12  -0.12     0.70
  MONTH TO DATE    1.91                      2.82  -0.91     2.86
  SINCE SEP 1      1.91                      2.82  -0.91     2.86
  SINCE JAN 1     19.21                     32.37 -13.16    35.84

DEGREE DAYS
 HEATING
  YESTERDAY        0                         3     -3        3
  MONTH TO DATE   52                        21     31       11
  SINCE SEP 1     52                        21     31       11
  SINCE JUL 1     55                        24     31       15

 COOLING
  YESTERDAY        9                         3      6        0
  MONTH TO DATE   90                       116    -26      162
  SINCE SEP 1     90                       116    -26      162
  SINCE JAN 1   1129                      1193    -64     1061
..................................................................


WIND (MPH)
  HIGHEST WIND SPEED    17   HIGHEST WIND DIRECTION    SW (240)
  HIGHEST GUST SPEED    22   HIGHEST GUST DIRECTION     W (250)
  AVERAGE WIND SPEED     9.2


SKY COVER
  AVERAGE SKY COVER 0.0


WEATHER CONDITIONS
 THE FOLLOWING WEATHER WAS RECORDED YESTERDAY.
  FOG


RELATIVE HUMIDITY (PERCENT)
 HIGHEST    93           100 AM
 LOWEST     55           400 PM
 AVERAGE    74

..........................................................


THE VICHY-ROLLA MO CLIMATE NORMALS FOR TODAY
                         NORMAL    RECORD    YEAR
 MAXIMUM TEMPERATURE (F)   76        94      1955
 MINIMUM TEMPERATURE (F)   55        36      1897


SUNRISE AND SUNSET
SEPTEMBER 21 2014.....SUNRISE   654 AM CDT   SUNSET   706 PM CDT
SEPTEMBER 22 2014.....SUNRISE   655 AM CDT   SUNSET   704 PM CDT


-  INDICATES NEGATIVE NUMBERS.
R  INDICATES RECORD WAS SET OR TIED.
MM INDICATES DATA IS MISSING.
T  INDICATES TRACE AMOUNT.




$$
