234
CDUS43 KSGF 260628
CLIVIH


CLIMATE REPORT
NATIONAL WEATHER SERVICE SPRINGFIELD MO
128 AM CDT WED JUL 26 2017


...................................

...THE VICHY-ROLLA MO CLIMATE SUMMARY FOR JULY 25 2017...

CLIMATE NORMAL PERIOD 1981 TO 2010
CLIMATE RECORD PERIOD 1888 TO 2017


WEATHER ITEM   OBSERVED TIME   RECORD YEAR NORMAL DEPARTURE LAST
                VALUE   (LST)  VALUE       VALUE  FROM      YEAR
                                                  NORMAL
..................................................................
TEMPERATURE (F)
 YESTERDAY
  MAXIMUM         94    327 PM 104    1999  89      5       84
  MINIMUM         69    554 AM  50    1905  67      2       71
  AVERAGE         82                        78      4       78

PRECIPITATION (IN)
  YESTERDAY        0.00          2.15 1960   0.15  -0.15     0.11
  MONTH TO DATE    6.97                      3.62   3.35     5.35
  SINCE JUN 1      9.90                      8.25   1.65     7.29
  SINCE JAN 1     32.34                     25.06   7.28    21.53

DEGREE DAYS
 HEATING
  YESTERDAY        0                         0      0        0
  MONTH TO DATE    0                         0      0        0
  SINCE JUN 1      1                        14    -13        0
  SINCE JUL 1      0                         0      0        0

 COOLING
  YESTERDAY       17                        13      4       13
  MONTH TO DATE  351                       306     45      336
  SINCE JUN 1    582                       541     41      683
  SINCE JAN 1    686                       648     38      761
..................................................................


WIND (MPH)
  HIGHEST WIND SPEED     9   HIGHEST WIND DIRECTION     E (100)
  HIGHEST GUST SPEED    16   HIGHEST GUST DIRECTION    NE (60)
  AVERAGE WIND SPEED     6.1


SKY COVER
  AVERAGE SKY COVER 0.0


WEATHER CONDITIONS
 THE FOLLOWING WEATHER WAS RECORDED YESTERDAY.
  NO SIGNIFICANT WEATHER WAS OBSERVED.


RELATIVE HUMIDITY (PERCENT)
 HIGHEST    97           400 AM
 LOWEST     41           100 PM
 AVERAGE    69

..........................................................


THE VICHY-ROLLA MO CLIMATE NORMALS FOR TODAY
                         NORMAL    RECORD    YEAR
 MAXIMUM TEMPERATURE (F)   89       101      1999
 MINIMUM TEMPERATURE (F)   67        54      2004


SUNRISE AND SUNSET
JULY 26 2017..........SUNRISE   605 AM CDT   SUNSET   822 PM CDT
JULY 27 2017..........SUNRISE   606 AM CDT   SUNSET   821 PM CDT


-  INDICATES NEGATIVE NUMBERS.
R  INDICATES RECORD WAS SET OR TIED.
MM INDICATES DATA IS MISSING.
T  INDICATES TRACE AMOUNT.




$$
