000
CDUS43 KSGF 180629
CLIVIH


CLIMATE REPORT
NATIONAL WEATHER SERVICE SPRINGFIELD MO
129 AM CDT MON AUG 18 2014


...................................

...THE VICHY-ROLLA MO CLIMATE SUMMARY FOR AUGUST 17 2014...

CLIMATE NORMAL PERIOD 1981 TO 2010
CLIMATE RECORD PERIOD 1888 TO 2014


WEATHER ITEM   OBSERVED TIME   RECORD YEAR NORMAL DEPARTURE LAST
                VALUE   (LST)  VALUE       VALUE  FROM      YEAR
                                                  NORMAL
..................................................................
TEMPERATURE (F)
 YESTERDAY
  MAXIMUM         77    446 PM 103    2000  88    -11       78
  MINIMUM         67   1012 PM  54    2012  65      2       55
  AVERAGE         72                        77     -5       67

PRECIPITATION (IN)
  YESTERDAY        0.00          0.90 1968   0.12  -0.12     0.00
  MONTH TO DATE    2.87                      1.98   0.89     4.29
  SINCE JUN 1      6.29                     11.05  -4.76    11.68
  SINCE JAN 1     15.91                     27.86 -11.95    32.98

DEGREE DAYS
 HEATING
  YESTERDAY        0                         0      0        0
  MONTH TO DATE    0                         0      0        2
  SINCE JUN 1      4                        15    -11       21
  SINCE JUL 1      3                         1      2        4

 COOLING
  YESTERDAY        7                        12     -5        2
  MONTH TO DATE  164                       211    -47      115
  SINCE JUN 1    663                       828   -165      614
  SINCE JAN 1    810                       935   -125      721
..................................................................


WIND (MPH)
  HIGHEST WIND SPEED    13   HIGHEST WIND DIRECTION    NW (320)
  HIGHEST GUST SPEED    16   HIGHEST GUST DIRECTION     W (290)
  AVERAGE WIND SPEED     6.1


SKY COVER
  AVERAGE SKY COVER 0.9


WEATHER CONDITIONS
 THE FOLLOWING WEATHER WAS RECORDED YESTERDAY.
  FOG


RELATIVE HUMIDITY (PERCENT)
 HIGHEST   100           200 AM
 LOWEST     79          1000 AM
 AVERAGE    90

..........................................................


THE VICHY-ROLLA MO CLIMATE NORMALS FOR TODAY
                         NORMAL    RECORD    YEAR
 MAXIMUM TEMPERATURE (F)   88       100      2003
                                             1954
 MINIMUM TEMPERATURE (F)   65        51      2012


SUNRISE AND SUNSET
AUGUST 18 2014........SUNRISE   625 AM CDT   SUNSET   756 PM CDT
AUGUST 19 2014........SUNRISE   625 AM CDT   SUNSET   755 PM CDT


-  INDICATES NEGATIVE NUMBERS.
R  INDICATES RECORD WAS SET OR TIED.
MM INDICATES DATA IS MISSING.
T  INDICATES TRACE AMOUNT.




$$
