000
CDUS43 KSGF 020626
CLIVIH


CLIMATE REPORT
NATIONAL WEATHER SERVICE SPRINGFIELD MO
126 AM CDT THU JUL 2 2015


...................................

...THE VICHY-ROLLA MO CLIMATE SUMMARY FOR JULY 1 2015...

CLIMATE NORMAL PERIOD 1981 TO 2010
CLIMATE RECORD PERIOD 1888 TO 2015


WEATHER ITEM   OBSERVED TIME   RECORD YEAR NORMAL DEPARTURE LAST
                VALUE   (LST)  VALUE       VALUE  FROM      YEAR
                                                  NORMAL
..................................................................
TEMPERATURE (F)
 YESTERDAY
  MAXIMUM         80    318 PM 106    1980  86     -6       83
  MINIMUM         66    907 AM  56    1951  66      0       66
  AVERAGE         73                        76     -3       75

PRECIPITATION (IN)
  YESTERDAY        1.69R         1.58 1969   0.14   1.55     0.03
  MONTH TO DATE    1.69                      0.14   1.55     0.03
  SINCE JUN 1      9.14                      4.77   4.37     3.34
  SINCE JAN 1     23.16                     21.58   1.58    12.96

DEGREE DAYS
 HEATING
  YESTERDAY        0                         0      0        0
  MONTH TO DATE    0                         0      0        0
  SINCE JUN 1     15                        14      1        1
  SINCE JUL 1      0                         0      0        0

 COOLING
  YESTERDAY        8                        11     -3       10
  MONTH TO DATE    8                        11     -3       10
  SINCE JUN 1    280                       246     34      268
  SINCE JAN 1    387                       353     34      415
..................................................................


WIND (MPH)
  HIGHEST WIND SPEED    18   HIGHEST WIND DIRECTION     S (200)
  HIGHEST GUST SPEED    23   HIGHEST GUST DIRECTION    SW (210)
  AVERAGE WIND SPEED     7.4


SKY COVER
  AVERAGE SKY COVER 0.5


WEATHER CONDITIONS
 THE FOLLOWING WEATHER WAS RECORDED YESTERDAY.
  THUNDERSTORM
  HEAVY RAIN
  RAIN
  LIGHT RAIN
  FOG


RELATIVE HUMIDITY (PERCENT)
 HIGHEST   100           600 AM
 LOWEST     74           300 PM
 AVERAGE    87

..........................................................


THE VICHY-ROLLA MO CLIMATE NORMALS FOR TODAY
                         NORMAL    RECORD    YEAR
 MAXIMUM TEMPERATURE (F)   87       102      2012
 MINIMUM TEMPERATURE (F)   66        51      1959


SUNRISE AND SUNSET
JULY  2 2015..........SUNRISE   548 AM CDT   SUNSET   834 PM CDT
JULY  3 2015..........SUNRISE   549 AM CDT   SUNSET   834 PM CDT


-  INDICATES NEGATIVE NUMBERS.
R  INDICATES RECORD WAS SET OR TIED.
MM INDICATES DATA IS MISSING.
T  INDICATES TRACE AMOUNT.




$$
