550
CDUS43 KSGF 210629
CLIVIH


CLIMATE REPORT
NATIONAL WEATHER SERVICE SPRINGFIELD MO
128 AM CDT SAT MAY 21 2016


...................................

...THE VICHY-ROLLA MO CLIMATE SUMMARY FOR MAY 20 2016...

CLIMATE NORMAL PERIOD 1981 TO 2010
CLIMATE RECORD PERIOD 1888 TO 2016


WEATHER ITEM   OBSERVED TIME   RECORD YEAR NORMAL DEPARTURE LAST
                VALUE   (LST)  VALUE       VALUE  FROM      YEAR
                                                  NORMAL
..................................................................
TEMPERATURE (F)
 YESTERDAY
  MAXIMUM         67    413 PM  92    1902  75     -8       53
  MINIMUM         51    340 AM  36    2002  54     -3       45
  AVERAGE         59                        65     -6       49

PRECIPITATION (IN)
  YESTERDAY        0.14          1.58 2013   0.17  -0.03     0.25
  MONTH TO DATE    2.31                      3.26  -0.95     3.27
  SINCE MAR 1      9.25                     10.93  -1.68     8.41
  SINCE JAN 1     11.37                     15.03  -3.66    10.69

DEGREE DAYS
 HEATING
  YESTERDAY        6                         3      3       16
  MONTH TO DATE  158                        92     66       59
  SINCE MAR 1    846                      1020   -174      897
  SINCE JUL 1   4049                      4810   -761     5014

 COOLING
  YESTERDAY        0                         3     -3        0
  MONTH TO DATE   14                        40    -26       57
  SINCE MAR 1     28                        66    -38       70
  SINCE JAN 1     28                        66    -38       70
..................................................................


WIND (MPH)
  HIGHEST WIND SPEED    10   HIGHEST WIND DIRECTION     N (10)
  HIGHEST GUST SPEED    12   HIGHEST GUST DIRECTION     N (350)
  AVERAGE WIND SPEED     4.3


SKY COVER
  AVERAGE SKY COVER 1.0


WEATHER CONDITIONS
 THE FOLLOWING WEATHER WAS RECORDED YESTERDAY.
  RAIN
  LIGHT RAIN
  FOG


RELATIVE HUMIDITY (PERCENT)
 HIGHEST   100           500 AM
 LOWEST     63           400 PM
 AVERAGE    82

..........................................................


THE VICHY-ROLLA MO CLIMATE NORMALS FOR TODAY
                         NORMAL    RECORD    YEAR
 MAXIMUM TEMPERATURE (F)   76        90      1902
 MINIMUM TEMPERATURE (F)   55        40      2002


SUNRISE AND SUNSET
MAY 21 2016...........SUNRISE   551 AM CDT   SUNSET   816 PM CDT
MAY 22 2016...........SUNRISE   551 AM CDT   SUNSET   817 PM CDT


-  INDICATES NEGATIVE NUMBERS.
R  INDICATES RECORD WAS SET OR TIED.
MM INDICATES DATA IS MISSING.
T  INDICATES TRACE AMOUNT.




$$
