000
CDUS43 KSGF 160629
CLIVIH


CLIMATE REPORT
NATIONAL WEATHER SERVICE SPRINGFIELD MO
128 AM CDT THU OCT 16 2014


...................................

...THE VICHY-ROLLA MO CLIMATE SUMMARY FOR OCTOBER 15 2014...

CLIMATE NORMAL PERIOD 1981 TO 2010
CLIMATE RECORD PERIOD 1888 TO 2014


WEATHER ITEM   OBSERVED TIME   RECORD YEAR NORMAL DEPARTURE LAST
                VALUE   (LST)  VALUE       VALUE  FROM      YEAR
                                                  NORMAL
..................................................................
TEMPERATURE (F)
 YESTERDAY
  MAXIMUM         64    316 PM  90    1897  68     -4       63
  MINIMUM         49    813 AM  33    2002  46      3       49
  AVERAGE         57                        57      0       56

PRECIPITATION (IN)
  YESTERDAY        0.00          1.60 1967   0.11  -0.11     0.39
  MONTH TO DATE    5.20                      1.63   3.57     0.73
  SINCE SEP 1      7.11                      5.67   1.44     3.59
  SINCE JAN 1     24.41                     35.22 -10.81    36.57

DEGREE DAYS
 HEATING
  YESTERDAY        8                         9     -1        9
  MONTH TO DATE  114                       106      8       74
  SINCE SEP 1    175                       167      8      102
  SINCE JUL 1    178                       170      8      106

 COOLING
  YESTERDAY        0                         1     -1        0
  MONTH TO DATE   13                        18     -5       38
  SINCE SEP 1    135                       159    -24      225
  SINCE JAN 1   1174                      1236    -62     1124
..................................................................


WIND (MPH)
  HIGHEST WIND SPEED    21   HIGHEST WIND DIRECTION    NW (300)
  HIGHEST GUST SPEED    27   HIGHEST GUST DIRECTION    NW (310)
  AVERAGE WIND SPEED    11.6


SKY COVER
  AVERAGE SKY COVER 0.4


WEATHER CONDITIONS
 THE FOLLOWING WEATHER WAS RECORDED YESTERDAY.
  FOG


RELATIVE HUMIDITY (PERCENT)
 HIGHEST    93           200 AM
 LOWEST     36           400 PM
 AVERAGE    65

..........................................................


THE VICHY-ROLLA MO CLIMATE NORMALS FOR TODAY
                         NORMAL    RECORD    YEAR
 MAXIMUM TEMPERATURE (F)   67        87      1950
 MINIMUM TEMPERATURE (F)   46        33      2002
                                             1966


SUNRISE AND SUNSET
OCTOBER 16 2014.......SUNRISE   717 AM CDT   SUNSET   628 PM CDT
OCTOBER 17 2014.......SUNRISE   718 AM CDT   SUNSET   626 PM CDT


-  INDICATES NEGATIVE NUMBERS.
R  INDICATES RECORD WAS SET OR TIED.
MM INDICATES DATA IS MISSING.
T  INDICATES TRACE AMOUNT.




$$
