000
CDUS43 KSGF 270640
CLIVIH


CLIMATE REPORT
NATIONAL WEATHER SERVICE SPRINGFIELD MO
140 AM CDT THU APR 27 2017


...................................

...THE VICHY-ROLLA MO CLIMATE SUMMARY FOR APRIL 26 2017...

CLIMATE NORMAL PERIOD 1981 TO 2010
CLIMATE RECORD PERIOD 1888 TO 2017


WEATHER ITEM   OBSERVED TIME   RECORD YEAR NORMAL DEPARTURE LAST
                VALUE   (LST)  VALUE       VALUE  FROM      YEAR
                                                  NORMAL
..................................................................
TEMPERATURE (F)
 YESTERDAY
  MAXIMUM         68    226 AM  86    1994  70     -2       78
  MINIMUM         44   1159 PM  32    1976  47     -3       58
  AVERAGE         56                        58     -2       68

PRECIPITATION (IN)
  YESTERDAY        1.60R         1.23 1964   0.15   1.45     0.30
  MONTH TO DATE    4.91                      3.60   1.31     2.38
  SINCE MAR 1      8.05                      7.05   1.00     5.24
  SINCE JAN 1     10.11                     11.15  -1.04     7.36

DEGREE DAYS
 HEATING
  YESTERDAY        9                         8      1        0
  MONTH TO DATE  169                       287   -118      225
  SINCE MAR 1    672                       901   -229      671
  SINCE JUL 1   3658                      4691  -1033     3874

 COOLING
  YESTERDAY        0                         1     -1        3
  MONTH TO DATE   32                        20     12       14
  SINCE MAR 1     35                        24     11       14
  SINCE JAN 1     36                        24     12       14
..................................................................


WIND (MPH)
  HIGHEST WIND SPEED    43   HIGHEST WIND DIRECTION     W (250)
  HIGHEST GUST SPEED    58   HIGHEST GUST DIRECTION     W (250)
  AVERAGE WIND SPEED    12.3


SKY COVER
  AVERAGE SKY COVER 0.7


WEATHER CONDITIONS
 THE FOLLOWING WEATHER WAS RECORDED YESTERDAY.
  THUNDERSTORM
  HEAVY RAIN
  RAIN
  LIGHT RAIN
  FOG
  FOG W/VISIBILITY <= 1/4 MILE
  HAZE


RELATIVE HUMIDITY (PERCENT)
 HIGHEST   100           900 AM
 LOWEST     63          1200 AM
 AVERAGE    82

..........................................................


THE VICHY-ROLLA MO CLIMATE NORMALS FOR TODAY
                         NORMAL    RECORD    YEAR
 MAXIMUM TEMPERATURE (F)   70        89      1899
 MINIMUM TEMPERATURE (F)   48        33      1904


SUNRISE AND SUNSET
APRIL 27 2017.........SUNRISE   615 AM CDT   SUNSET   755 PM CDT
APRIL 28 2017.........SUNRISE   614 AM CDT   SUNSET   756 PM CDT


-  INDICATES NEGATIVE NUMBERS.
R  INDICATES RECORD WAS SET OR TIED.
MM INDICATES DATA IS MISSING.
T  INDICATES TRACE AMOUNT.




$$
