000
CDUS43 KSGF 262226
CLIVIH


CLIMATE REPORT
NATIONAL WEATHER SERVICE SPRINGFIELD MO
526 PM CDT FRI SEP 26 2014


...................................

...THE VICHY-ROLLA MO CLIMATE SUMMARY FOR SEPTEMBER 26 2014...
VALID TODAY AS OF 0500 PM LOCAL TIME.

CLIMATE NORMAL PERIOD 1981 TO 2010
CLIMATE RECORD PERIOD 1888 TO 2014


WEATHER ITEM   OBSERVED TIME   RECORD YEAR NORMAL DEPARTURE LAST
                VALUE   (LST)  VALUE       VALUE  FROM      YEAR
                                                  NORMAL
..................................................................
TEMPERATURE (F)
 TODAY
  MAXIMUM         83    221 PM  92    1897  74      9       82
  MINIMUM         57    118 AM  36    2000  53      4       65
  AVERAGE         70                        63      7       74

PRECIPITATION (IN)
  TODAY            0.00          1.19 1976   0.13  -0.13     0.00
  MONTH TO DATE    1.91                      3.58  -1.67     2.86
  SINCE SEP 1      1.91                      3.58  -1.67     2.86
  SINCE JAN 1     19.21                     33.13 -13.92    35.84

DEGREE DAYS
 HEATING
  TODAY            0                         4     -4        0
  MONTH TO DATE   61                        42     19       23
  SINCE SEP 1     61                        42     19       23
  SINCE JUL 1     64                        45     19       27

 COOLING
  TODAY            5                         2      3        9
  MONTH TO DATE   99                       133    -34      175
  SINCE SEP 1     99                       133    -34      175
  SINCE JAN 1   1138                      1210    -72     1074
..................................................................


WIND (MPH)
  HIGHEST WIND SPEED    10   HIGHEST WIND DIRECTION     E (80)
  HIGHEST GUST SPEED    14   HIGHEST GUST DIRECTION     E (100)


SKY COVER
  AVERAGE SKY COVER 0.2


WEATHER CONDITIONS
 THE FOLLOWING WEATHER WAS RECORDED TODAY.
  HAZE


RELATIVE HUMIDITY (PERCENT)
 HIGHEST    93           200 AM
 LOWEST     42          1200 PM
 AVERAGE    68

..........................................................


THE VICHY-ROLLA MO CLIMATE NORMALS FOR TOMORROW
                         NORMAL    RECORD    YEAR
 MAXIMUM TEMPERATURE (F)   74        92      1897
 MINIMUM TEMPERATURE (F)   52        40      1903


SUNRISE AND SUNSET
SEPTEMBER 26 2014.....SUNRISE   658 AM CDT   SUNSET   658 PM CDT
SEPTEMBER 27 2014.....SUNRISE   659 AM CDT   SUNSET   656 PM CDT


-  INDICATES NEGATIVE NUMBERS.
R  INDICATES RECORD WAS SET OR TIED.
MM INDICATES DATA IS MISSING.
T  INDICATES TRACE AMOUNT.




$$
