000
CDUS43 KSGF 170629
CLIVIH


CLIMATE REPORT
NATIONAL WEATHER SERVICE SPRINGFIELD MO
1229 AM CST WED DEC 17 2014


...................................

...THE VICHY-ROLLA MO CLIMATE SUMMARY FOR DECEMBER 16 2014...

CLIMATE NORMAL PERIOD 1981 TO 2010
CLIMATE RECORD PERIOD 1888 TO 2014


WEATHER ITEM   OBSERVED TIME   RECORD YEAR NORMAL DEPARTURE LAST
                VALUE   (LST)  VALUE       VALUE  FROM      YEAR
                                                  NORMAL
..................................................................
TEMPERATURE (F)
 YESTERDAY
  MAXIMUM         39   1220 AM  66    2006  42     -3       53
  MINIMUM         27   1031 PM -14    1901  24      3       30
  AVERAGE         33                        33      0       42

PRECIPITATION (IN)
  YESTERDAY        0.00          1.40 1957   0.09  -0.09     0.00
  MONTH TO DATE    1.69                      1.53   0.16     1.03
  SINCE DEC 1      1.69                      1.53   0.16     1.03
  SINCE JAN 1     28.97                     42.50 -13.53    40.78

DEGREE DAYS
 HEATING
  YESTERDAY       32                        32      0       23
  MONTH TO DATE  421                       473    -52      552
  SINCE DEC 1    421                       473    -52      552
  SINCE JUL 1   1563                      1420    143     1602

 COOLING
  YESTERDAY        0                         0      0        0
  MONTH TO DATE    0                         0      0        0
  SINCE DEC 1      0                         0      0        0
  SINCE JAN 1   1186                      1246    -60     1125
..................................................................


WIND (MPH)
  HIGHEST WIND SPEED    25   HIGHEST WIND DIRECTION     W (280)
  HIGHEST GUST SPEED    36   HIGHEST GUST DIRECTION     W (290)
  AVERAGE WIND SPEED    14.9


SKY COVER
  AVERAGE SKY COVER 1.0


WEATHER CONDITIONS
 THE FOLLOWING WEATHER WAS RECORDED YESTERDAY.
  FOG


RELATIVE HUMIDITY (PERCENT)
 HIGHEST    92           300 AM
 LOWEST     72           700 PM
 AVERAGE    82

..........................................................


THE VICHY-ROLLA MO CLIMATE NORMALS FOR TODAY
                         NORMAL    RECORD    YEAR
 MAXIMUM TEMPERATURE (F)   42        67      1962
 MINIMUM TEMPERATURE (F)   24         0      1901


SUNRISE AND SUNSET
DECEMBER 17 2014......SUNRISE   718 AM CST   SUNSET   449 PM CST
DECEMBER 18 2014......SUNRISE   718 AM CST   SUNSET   449 PM CST


-  INDICATES NEGATIVE NUMBERS.
R  INDICATES RECORD WAS SET OR TIED.
MM INDICATES DATA IS MISSING.
T  INDICATES TRACE AMOUNT.




$$
