000
CDUS43 KSGF 290637
CLIVIH


CLIMATE REPORT
NATIONAL WEATHER SERVICE SPRINGFIELD MO
137 AM CDT SAT AUG 29 2015


...................................

...THE VICHY-ROLLA MO CLIMATE SUMMARY FOR AUGUST 28 2015...

CLIMATE NORMAL PERIOD 1981 TO 2010
CLIMATE RECORD PERIOD 1888 TO 2015


WEATHER ITEM   OBSERVED TIME   RECORD YEAR NORMAL DEPARTURE LAST
                VALUE   (LST)  VALUE       VALUE  FROM      YEAR
                                                  NORMAL
..................................................................
TEMPERATURE (F)
 YESTERDAY
  MAXIMUM         81    241 PM  98    1898  86     -5       93
  MINIMUM         59    556 AM  50    1971  63     -4       69
  AVERAGE         70                        74     -4       81

PRECIPITATION (IN)
  YESTERDAY        T             1.59 1974   0.12  -0.12     0.00
  MONTH TO DATE    2.24                      3.30  -1.06     3.09
  SINCE JUN 1     15.09                     12.37   2.72     6.51
  SINCE JAN 1     29.11                     29.18  -0.07    16.13

DEGREE DAYS
 HEATING
  YESTERDAY        0                         0      0        0
  MONTH TO DATE    2                         0      2        0
  SINCE JUN 1     17                        15      2        4
  SINCE JUL 1      2                         1      1        3

 COOLING
  YESTERDAY        5                        10     -5       16
  MONTH TO DATE  220                       327   -107      351
  SINCE JUN 1    871                       944    -73      850
  SINCE JAN 1    978                      1051    -73      997
..................................................................


WIND (MPH)
  HIGHEST WIND SPEED    18   HIGHEST WIND DIRECTION     S (170)
  HIGHEST GUST SPEED    23   HIGHEST GUST DIRECTION     S (170)
  AVERAGE WIND SPEED    10.1


SKY COVER
  AVERAGE SKY COVER 0.0


WEATHER CONDITIONS
 THE FOLLOWING WEATHER WAS RECORDED YESTERDAY.
  LIGHT RAIN


RELATIVE HUMIDITY (PERCENT)
 HIGHEST    93           400 AM
 LOWEST     54          1200 PM
 AVERAGE    74

..........................................................


THE VICHY-ROLLA MO CLIMATE NORMALS FOR TODAY
                         NORMAL    RECORD    YEAR
 MAXIMUM TEMPERATURE (F)   85       100      1901
 MINIMUM TEMPERATURE (F)   63        49      1965


SUNRISE AND SUNSET
AUGUST 29 2015........SUNRISE   634 AM CDT   SUNSET   741 PM CDT
AUGUST 30 2015........SUNRISE   635 AM CDT   SUNSET   740 PM CDT


-  INDICATES NEGATIVE NUMBERS.
R  INDICATES RECORD WAS SET OR TIED.
MM INDICATES DATA IS MISSING.
T  INDICATES TRACE AMOUNT.




$$
