000
CDUS43 KSGF 230627
CLIVIH


CLIMATE REPORT
NATIONAL WEATHER SERVICE SPRINGFIELD MO
1227 AM CST SUN NOV 23 2014


...................................

...THE VICHY-ROLLA MO CLIMATE SUMMARY FOR NOVEMBER 22 2014...

CLIMATE NORMAL PERIOD 1981 TO 2010
CLIMATE RECORD PERIOD 1888 TO 2014


WEATHER ITEM   OBSERVED TIME   RECORD YEAR NORMAL DEPARTURE LAST
                VALUE   (LST)  VALUE       VALUE  FROM      YEAR
                                                  NORMAL
..................................................................
TEMPERATURE (F)
 YESTERDAY
  MAXIMUM         56   1239 PM  73    2010  52      4       49
  MINIMUM         43    105 AM   9    1898  32     11       31
  AVERAGE         50                        42      8       40

PRECIPITATION (IN)
  YESTERDAY        0.03          1.46 1963   0.14  -0.11     0.02
  MONTH TO DATE    1.00                      2.83  -1.83     1.67
  SINCE SEP 1      8.56                     10.38  -1.82     6.77
  SINCE JAN 1     25.86                     39.93 -14.07    39.75

DEGREE DAYS
 HEATING
  YESTERDAY       15                        23     -8       25
  MONTH TO DATE  609                       398    211      413
  SINCE SEP 1    945                       745    200      770
  SINCE JUL 1    948                       748    200      774

 COOLING
  YESTERDAY        0                         0      0        0
  MONTH TO DATE    0                         0      0        0
  SINCE SEP 1    147                       166    -19      226
  SINCE JAN 1   1186                      1243    -57     1125
..................................................................


WIND (MPH)
  HIGHEST WIND SPEED    24   HIGHEST WIND DIRECTION     S (180)
  HIGHEST GUST SPEED    28   HIGHEST GUST DIRECTION     S (170)
  AVERAGE WIND SPEED    14.6


SKY COVER
  AVERAGE SKY COVER 0.9


WEATHER CONDITIONS
 THE FOLLOWING WEATHER WAS RECORDED YESTERDAY.
  LIGHT RAIN
  FOG


RELATIVE HUMIDITY (PERCENT)
 HIGHEST    96           600 PM
 LOWEST     72          1100 AM
 AVERAGE    84

..........................................................


THE VICHY-ROLLA MO CLIMATE NORMALS FOR TODAY
                         NORMAL    RECORD    YEAR
 MAXIMUM TEMPERATURE (F)   52        70      1958
 MINIMUM TEMPERATURE (F)   32         7      1950


SUNRISE AND SUNSET
NOVEMBER 23 2014......SUNRISE   657 AM CST   SUNSET   450 PM CST
NOVEMBER 24 2014......SUNRISE   658 AM CST   SUNSET   450 PM CST


-  INDICATES NEGATIVE NUMBERS.
R  INDICATES RECORD WAS SET OR TIED.
MM INDICATES DATA IS MISSING.
T  INDICATES TRACE AMOUNT.




$$
