000
CDUS43 KSGF 132227
CLIVIH


CLIMATE REPORT
NATIONAL WEATHER SERVICE SPRINGFIELD MO
426 PM CST SAT JAN 13 2018


...................................

...THE VICHY-ROLLA MO CLIMATE SUMMARY FOR JANUARY 13 2018...
VALID AS OF 0400 PM LOCAL TIME.

CLIMATE NORMAL PERIOD 1981 TO 2010
CLIMATE RECORD PERIOD 1888 TO 2018


WEATHER ITEM   OBSERVED TIME   RECORD YEAR NORMAL DEPARTURE LAST
                VALUE   (LST)  VALUE       VALUE  FROM      YEAR
                                                  NORMAL
..................................................................
TEMPERATURE (F)
 TODAY
  MAXIMUM         22    359 PM  70    1952  40    -18       29
  MINIMUM         10    719 AM  -9    1905  21    -11       24
  AVERAGE         16                        31    -15       27

PRECIPITATION (IN)
  TODAY            0.00          2.05 1995   0.07  -0.07     0.37
  MONTH TO DATE    0.76                      0.98  -0.22     0.49
  SINCE DEC 1      1.40                      3.62  -2.22     1.35
  SINCE JAN 1      0.76                      0.98  -0.22     0.49

DEGREE DAYS
 HEATING
  TODAY           49                        34     15       38
  MONTH TO DATE  504                       442     62      452
  SINCE DEC 1   1454                      1412     42     1397
  SINCE JUL 1   2206                      2359   -153     2025

 COOLING
  TODAY            0                         0      0        0
  MONTH TO DATE    0                         0      0        0
  SINCE DEC 1      0                         0      0        0
  SINCE JAN 1      0                         0      0        0
..................................................................


WIND (MPH)
  HIGHEST WIND SPEED    17   HIGHEST WIND DIRECTION     N (350)
  HIGHEST GUST SPEED    24   HIGHEST GUST DIRECTION     N (360)


SKY COVER
  AVERAGE SKY COVER 0.7


WEATHER CONDITIONS
 THE FOLLOWING WEATHER WAS RECORDED TODAY.
  NO SIGNIFICANT WEATHER WAS OBSERVED.


RELATIVE HUMIDITY (PERCENT)
 HIGHEST    76           800 AM
 LOWEST     45           300 PM
 AVERAGE    61

..........................................................


THE VICHY-ROLLA MO CLIMATE NORMALS FOR TOMORROW
                         NORMAL    RECORD    YEAR
 MAXIMUM TEMPERATURE (F)   40        70      1996
 MINIMUM TEMPERATURE (F)   21        -8      1905


SUNRISE AND SUNSET
JANUARY 13 2018.......SUNRISE   723 AM CST   SUNSET   509 PM CST
JANUARY 14 2018.......SUNRISE   722 AM CST   SUNSET   510 PM CST


-  INDICATES NEGATIVE NUMBERS.
R  INDICATES RECORD WAS SET OR TIED.
MM INDICATES DATA IS MISSING.
T  INDICATES TRACE AMOUNT.




$$
