000
CDUS43 KSGF 180626
CLIVIH


CLIMATE REPORT
NATIONAL WEATHER SERVICE SPRINGFIELD MO
1226 AM CST TUE NOV 18 2014


...................................

...THE VICHY-ROLLA MO CLIMATE SUMMARY FOR NOVEMBER 17 2014...

CLIMATE NORMAL PERIOD 1981 TO 2010
CLIMATE RECORD PERIOD 1888 TO 2014


WEATHER ITEM   OBSERVED TIME   RECORD YEAR NORMAL DEPARTURE LAST
                VALUE   (LST)  VALUE       VALUE  FROM      YEAR
                                                  NORMAL
..................................................................
TEMPERATURE (F)
 YESTERDAY
  MAXIMUM         24   1250 PM  76    1963  55    -31       75
  MINIMUM         11   1158 PM   3    1959  35    -24       46
  AVERAGE         18                        45    -27       61

PRECIPITATION (IN)
  YESTERDAY        T             1.13 1957   0.12  -0.12      T
  MONTH TO DATE    0.97                      2.15  -1.18     0.99
  SINCE SEP 1      8.53                      9.70  -1.17     6.09
  SINCE JAN 1     25.83                     39.25 -13.42    39.07

DEGREE DAYS
 HEATING
  YESTERDAY       47                        20     27        4
  MONTH TO DATE  451                       289    162      307
  SINCE SEP 1    787                       636    151      664
  SINCE JUL 1    790                       639    151      668

 COOLING
  YESTERDAY        0                         0      0        0
  MONTH TO DATE    0                         0      0        0
  SINCE SEP 1    147                       166    -19      226
  SINCE JAN 1   1186                      1243    -57     1125
..................................................................


WIND (MPH)
  HIGHEST WIND SPEED    26   HIGHEST WIND DIRECTION     W (280)
  HIGHEST GUST SPEED    33   HIGHEST GUST DIRECTION     W (290)
  AVERAGE WIND SPEED    13.1


SKY COVER
  AVERAGE SKY COVER 0.3


WEATHER CONDITIONS
 THE FOLLOWING WEATHER WAS RECORDED YESTERDAY.
  LIGHT SNOW


RELATIVE HUMIDITY (PERCENT)
 HIGHEST    80           500 AM
 LOWEST     49           400 PM
 AVERAGE    65

..........................................................


THE VICHY-ROLLA MO CLIMATE NORMALS FOR TODAY
                         NORMAL    RECORD    YEAR
 MAXIMUM TEMPERATURE (F)   54        74      1981
 MINIMUM TEMPERATURE (F)   34         7      1903


SUNRISE AND SUNSET
NOVEMBER 18 2014......SUNRISE   651 AM CST   SUNSET   453 PM CST
NOVEMBER 19 2014......SUNRISE   652 AM CST   SUNSET   452 PM CST


-  INDICATES NEGATIVE NUMBERS.
R  INDICATES RECORD WAS SET OR TIED.
MM INDICATES DATA IS MISSING.
T  INDICATES TRACE AMOUNT.




$$
