000
CDUS43 KSGF 160630
CLIVIH


CLIMATE REPORT
NATIONAL WEATHER SERVICE SPRINGFIELD MO
1229 AM CST MON JAN 16 2017


...................................

...THE VICHY-ROLLA MO CLIMATE SUMMARY FOR JANUARY 15 2017...

CLIMATE NORMAL PERIOD 1981 TO 2010
CLIMATE RECORD PERIOD 1888 TO 2017


WEATHER ITEM   OBSERVED TIME   RECORD YEAR NORMAL DEPARTURE LAST
                VALUE   (LST)  VALUE       VALUE  FROM      YEAR
                                                  NORMAL
..................................................................
TEMPERATURE (F)
 YESTERDAY
  MAXIMUM         33   1159 PM  65    1949  40     -7       48
  MINIMUM         31    817 AM  -8    1979  21     10       26
  AVERAGE         32                        31      1       37

PRECIPITATION (IN)
  YESTERDAY        0.25          0.42 1965   0.07   0.18     0.04
  MONTH TO DATE    0.84                      1.13  -0.29     0.71
  SINCE DEC 1      1.70                      3.77  -2.07    11.03
  SINCE JAN 1      0.84                      1.13  -0.29     0.71

DEGREE DAYS
 HEATING
  YESTERDAY       33                        34     -1       28
  MONTH TO DATE  520                       510     10      493
  SINCE DEC 1   1465                      1480    -15     1168
  SINCE JUL 1   2093                      2427   -334     1889

 COOLING
  YESTERDAY        0                         0      0        0
  MONTH TO DATE    0                         0      0        0
  SINCE DEC 1      0                         0      0        0
  SINCE JAN 1      0                         0      0        0
..................................................................


WIND (MPH)
  HIGHEST WIND SPEED    15   HIGHEST WIND DIRECTION     E (100)
  HIGHEST GUST SPEED    18   HIGHEST GUST DIRECTION     E (100)
  AVERAGE WIND SPEED     8.2


SKY COVER
  AVERAGE SKY COVER 1.0


WEATHER CONDITIONS
 THE FOLLOWING WEATHER WAS RECORDED YESTERDAY.
  FREEZING RAIN
  LT FREEZING RAIN
  FOG
  FOG W/VISIBILITY <= 1/4 MILE


RELATIVE HUMIDITY (PERCENT)
 HIGHEST   100          1200 AM
 LOWEST    100          1200 AM
 AVERAGE   100

..........................................................


THE VICHY-ROLLA MO CLIMATE NORMALS FOR TODAY
                         NORMAL    RECORD    YEAR
 MAXIMUM TEMPERATURE (F)   40        70      1952
 MINIMUM TEMPERATURE (F)   21       -10      1952


SUNRISE AND SUNSET
JANUARY 16 2017.......SUNRISE   722 AM CST   SUNSET   513 PM CST
JANUARY 17 2017.......SUNRISE   721 AM CST   SUNSET   514 PM CST


-  INDICATES NEGATIVE NUMBERS.
R  INDICATES RECORD WAS SET OR TIED.
MM INDICATES DATA IS MISSING.
T  INDICATES TRACE AMOUNT.




$$
