000
CDUS43 KSGF 280628
CLIVIH


CLIMATE REPORT
NATIONAL WEATHER SERVICE SPRINGFIELD MO
1228 AM CST SAT FEB 28 2015


...................................

...THE VICHY-ROLLA MO CLIMATE SUMMARY FOR FEBRUARY 27 2015...

CLIMATE NORMAL PERIOD 1981 TO 2010
CLIMATE RECORD PERIOD 1888 TO 2015


WEATHER ITEM   OBSERVED TIME   RECORD YEAR NORMAL DEPARTURE LAST
                VALUE   (LST)  VALUE       VALUE  FROM      YEAR
                                                  NORMAL
..................................................................
TEMPERATURE (F)
 YESTERDAY
  MAXIMUM         21    347 PM  76    1976  50    -29       32
  MINIMUM          2R   708 AM  12    1976  29    -27       20
  AVERAGE         12                        39    -27       26

PRECIPITATION (IN)
  YESTERDAY        0.00          1.57 1958   0.07  -0.07     0.00
  MONTH TO DATE    1.08                      1.85  -0.77     0.61
  SINCE DEC 1      4.38                      6.66  -2.28     3.33
  SINCE JAN 1      2.01                      4.02  -2.01     1.46

DEGREE DAYS
 HEATING
  YESTERDAY       53                        26     27       39
  MONTH TO DATE 1042                       797    245      986
  SINCE DEC 1   2931                      2818    113     3224
  SINCE JUL 1   4073                      3765    308     4274

 COOLING
  YESTERDAY        0                         0      0        0
  MONTH TO DATE    0                         0      0        0
  SINCE DEC 1      0                         0      0        0
  SINCE JAN 1      0                         0      0        0
..................................................................


WIND (MPH)
  HIGHEST WIND SPEED    12   HIGHEST WIND DIRECTION     N (360)
  HIGHEST GUST SPEED    14   HIGHEST GUST DIRECTION     N (10)
  AVERAGE WIND SPEED     6.1


SKY COVER
  AVERAGE SKY COVER 0.4


WEATHER CONDITIONS
 THE FOLLOWING WEATHER WAS RECORDED YESTERDAY.
  NO SIGNIFICANT WEATHER WAS OBSERVED.


RELATIVE HUMIDITY (PERCENT)
 HIGHEST    76           300 AM
 LOWEST     39           300 PM
 AVERAGE    58

..........................................................


THE VICHY-ROLLA MO CLIMATE NORMALS FOR TODAY
                         NORMAL    RECORD    YEAR
 MAXIMUM TEMPERATURE (F)   50        75      2006
                                             1955
 MINIMUM TEMPERATURE (F)   29         6      1962


SUNRISE AND SUNSET
FEBRUARY 28 2015......SUNRISE   641 AM CST   SUNSET   559 PM CST
MARCH  1 2015.........SUNRISE   639 AM CST   SUNSET   600 PM CST


-  INDICATES NEGATIVE NUMBERS.
R  INDICATES RECORD WAS SET OR TIED.
MM INDICATES DATA IS MISSING.
T  INDICATES TRACE AMOUNT.




$$
