000
CDUS43 KSGF 280640
CLIVIH


CLIMATE REPORT
NATIONAL WEATHER SERVICE SPRINGFIELD MO
138 AM CDT SUN JUN 28 2015


...................................

...THE VICHY-ROLLA MO CLIMATE SUMMARY FOR JUNE 27 2015...

CLIMATE NORMAL PERIOD 1981 TO 2010
CLIMATE RECORD PERIOD 1888 TO 2015


WEATHER ITEM   OBSERVED TIME   RECORD YEAR NORMAL DEPARTURE LAST
                VALUE   (LST)  VALUE       VALUE  FROM      YEAR
                                                  NORMAL
..................................................................
TEMPERATURE (F)
 YESTERDAY
  MAXIMUM         78    433 PM 101    1901  86     -8       85
  MINIMUM         61   1120 PM  51    1968  65     -4       67
  AVERAGE         70                        75     -5       76

PRECIPITATION (IN)
  YESTERDAY        0.00          1.64 1967   0.13  -0.13     0.00
  MONTH TO DATE    7.40                      4.22   3.18     3.29
  SINCE JUN 1      7.40                      4.22   3.18     3.29
  SINCE JAN 1     21.42                     21.03   0.39    12.91

DEGREE DAYS
 HEATING
  YESTERDAY        0                         0      0        0
  MONTH TO DATE   15                        12      3        1
  SINCE JUN 1     15                        12      3        1
  SINCE JUL 1   5058                      4846    212     5479

 COOLING
  YESTERDAY        5                        10     -5       11
  MONTH TO DATE  248                       202     46      218
  SINCE JUN 1    248                       202     46      218
  SINCE JAN 1    355                       309     46      365
..................................................................


WIND (MPH)
  HIGHEST WIND SPEED    13   HIGHEST WIND DIRECTION     N (360)
  HIGHEST GUST SPEED    18   HIGHEST GUST DIRECTION    NW (330)
  AVERAGE WIND SPEED     6.9


SKY COVER
  AVERAGE SKY COVER 0.5


WEATHER CONDITIONS
 THE FOLLOWING WEATHER WAS RECORDED YESTERDAY.
  FOG


RELATIVE HUMIDITY (PERCENT)
 HIGHEST   100          1200 AM
 LOWEST     56           400 PM
 AVERAGE    78

..........................................................


THE VICHY-ROLLA MO CLIMATE NORMALS FOR TODAY
                         NORMAL    RECORD    YEAR
 MAXIMUM TEMPERATURE (F)   86       106      2012
 MINIMUM TEMPERATURE (F)   65        55      2006
                                             1903


SUNRISE AND SUNSET
JUNE 28 2015..........SUNRISE   546 AM CDT   SUNSET   834 PM CDT
JUNE 29 2015..........SUNRISE   547 AM CDT   SUNSET   834 PM CDT


-  INDICATES NEGATIVE NUMBERS.
R  INDICATES RECORD WAS SET OR TIED.
MM INDICATES DATA IS MISSING.
T  INDICATES TRACE AMOUNT.




$$
