000
CDUS43 KSGF 280625
CLIVIH


CLIMATE REPORT
NATIONAL WEATHER SERVICE SPRINGFIELD MO
125 AM CDT TUE JUL 28 2015


...................................

...THE VICHY-ROLLA MO CLIMATE SUMMARY FOR JULY 27 2015...

CLIMATE NORMAL PERIOD 1981 TO 2010
CLIMATE RECORD PERIOD 1888 TO 2015


WEATHER ITEM   OBSERVED TIME   RECORD YEAR NORMAL DEPARTURE LAST
                VALUE   (LST)  VALUE       VALUE  FROM      YEAR
                                                  NORMAL
..................................................................
TEMPERATURE (F)
 YESTERDAY
  MAXIMUM         92    438 PM 102    1899  89      3       92
  MINIMUM         73   1135 PM  48    2004  67      6       68
  AVERAGE         83                        78      5       80

PRECIPITATION (IN)
  YESTERDAY        0.04          1.58 1905   0.13  -0.09     0.00
  MONTH TO DATE    5.40                      3.89   1.51     0.11
  SINCE JUN 1     12.85                      8.52   4.33     3.42
  SINCE JAN 1     26.87                     25.33   1.54    13.04

DEGREE DAYS
 HEATING
  YESTERDAY        0                         0      0        0
  MONTH TO DATE    0                         0      0        3
  SINCE JUN 1     15                        14      1        4
  SINCE JUL 1      0                         0      0        3

 COOLING
  YESTERDAY       18                        13      5       15
  MONTH TO DATE  328                       332     -4      224
  SINCE JUN 1    600                       567     33      482
  SINCE JAN 1    707                       674     33      629
..................................................................


WIND (MPH)
  HIGHEST WIND SPEED    15   HIGHEST WIND DIRECTION    SE (140)
  HIGHEST GUST SPEED    21   HIGHEST GUST DIRECTION    SE (130)
  AVERAGE WIND SPEED     6.3


SKY COVER
  AVERAGE SKY COVER 0.1


WEATHER CONDITIONS
 THE FOLLOWING WEATHER WAS RECORDED YESTERDAY.
  THUNDERSTORM
  LIGHT RAIN
  FOG


RELATIVE HUMIDITY (PERCENT)
 HIGHEST   100           100 AM
 LOWEST     56           100 PM
 AVERAGE    78

..........................................................


THE VICHY-ROLLA MO CLIMATE NORMALS FOR TODAY
                         NORMAL    RECORD    YEAR
 MAXIMUM TEMPERATURE (F)   89       100      1952
 MINIMUM TEMPERATURE (F)   67        50      2013


SUNRISE AND SUNSET
JULY 28 2015..........SUNRISE   606 AM CDT   SUNSET   820 PM CDT
JULY 29 2015..........SUNRISE   607 AM CDT   SUNSET   820 PM CDT


-  INDICATES NEGATIVE NUMBERS.
R  INDICATES RECORD WAS SET OR TIED.
MM INDICATES DATA IS MISSING.
T  INDICATES TRACE AMOUNT.




$$
