000
CDUS43 KSGF 080627
CLIVIH


CLIMATE REPORT
NATIONAL WEATHER SERVICE SPRINGFIELD MO
126 AM CDT TUE JUL 8 2014


...................................

...THE VICHY-ROLLA MO CLIMATE SUMMARY FOR JULY 7 2014...

CLIMATE NORMAL PERIOD 1981 TO 2010
CLIMATE RECORD PERIOD 1888 TO 2014


WEATHER ITEM   OBSERVED TIME   RECORD YEAR NORMAL DEPARTURE LAST
                VALUE   (LST)  VALUE       VALUE  FROM      YEAR
                                                  NORMAL
..................................................................
TEMPERATURE (F)
 YESTERDAY
  MAXIMUM         94    346 PM 102    2012  87      7       88
  MINIMUM         66   1159 PM  53    2006  66      0       67
  AVERAGE         80                        77      3       78

PRECIPITATION (IN)
  YESTERDAY        0.02          2.54 1993   0.14  -0.12     0.00
  MONTH TO DATE    0.05                      0.99  -0.94     0.98
  SINCE JUN 1      3.36                      5.62  -2.26     4.77
  SINCE JAN 1     12.98                     22.43  -9.45    26.07

DEGREE DAYS
 HEATING
  YESTERDAY        0                         0      0        0
  MONTH TO DATE    0                         0      0        0
  SINCE JUN 1      1                        14    -13       17
  SINCE JUL 1      0                         0      0        0

 COOLING
  YESTERDAY       15                        12      3       13
  MONTH TO DATE   46                        80    -34       43
  SINCE JUN 1    304                       315    -11      260
  SINCE JAN 1    451                       422     29      367
..................................................................


WIND (MPH)
  HIGHEST WIND SPEED    35   HIGHEST WIND DIRECTION    NW (330)
  HIGHEST GUST SPEED    50   HIGHEST GUST DIRECTION    NW (310)
  AVERAGE WIND SPEED    12.6


SKY COVER
  AVERAGE SKY COVER 0.1


WEATHER CONDITIONS
 THE FOLLOWING WEATHER WAS RECORDED YESTERDAY.
  THUNDERSTORM
  HEAVY RAIN
  FOG
  HAZE


RELATIVE HUMIDITY (PERCENT)
 HIGHEST    93          1200 AM
 LOWEST     46           400 PM
 AVERAGE    70

..........................................................


THE VICHY-ROLLA MO CLIMATE NORMALS FOR TODAY
                         NORMAL    RECORD    YEAR
 MAXIMUM TEMPERATURE (F)   88       102      1980
 MINIMUM TEMPERATURE (F)   66        53      1898


SUNRISE AND SUNSET
JULY  8 2014..........SUNRISE   552 AM CDT   SUNSET   832 PM CDT
JULY  9 2014..........SUNRISE   552 AM CDT   SUNSET   832 PM CDT


-  INDICATES NEGATIVE NUMBERS.
R  INDICATES RECORD WAS SET OR TIED.
MM INDICATES DATA IS MISSING.
T  INDICATES TRACE AMOUNT.




$$
