000
CDUS43 KSGF 040626
CLIVIH


CLIMATE REPORT
NATIONAL WEATHER SERVICE SPRINGFIELD MO
1226 AM CST MON DEC 4 2017


...................................

...THE VICHY-ROLLA MO CLIMATE SUMMARY FOR DECEMBER 3 2017...

CLIMATE NORMAL PERIOD 1981 TO 2010
CLIMATE RECORD PERIOD 1888 TO 2017


WEATHER ITEM   OBSERVED TIME   RECORD YEAR NORMAL DEPARTURE LAST
                VALUE   (LST)  VALUE       VALUE  FROM      YEAR
                                                  NORMAL
..................................................................
TEMPERATURE (F)
 YESTERDAY
  MAXIMUM         71    110 PM  74    1970  47     24       45
  MINIMUM         39    344 AM   7    2006  28     11       29
  AVERAGE         55                        37     18       37

PRECIPITATION (IN)
  YESTERDAY        0.00          4.13 1982   0.10  -0.10     0.01
  MONTH TO DATE    0.00                      0.31  -0.31     0.01
  SINCE DEC 1      0.00                      0.31  -0.31     0.01
  SINCE JAN 1     41.95                     41.28   0.67    40.07

DEGREE DAYS
 HEATING
  YESTERDAY       10                        28    -18       28
  MONTH TO DATE   46                        82    -36       85
  SINCE DEC 1     46                        82    -36       85
  SINCE JUL 1    798                      1029   -231      713

 COOLING
  YESTERDAY        0                         0      0        0
  MONTH TO DATE    0                         0      0        0
  SINCE DEC 1      0                         0      0        0
  SINCE JAN 1   1247                      1246      1     1482
..................................................................


WIND (MPH)
  HIGHEST WIND SPEED    21   HIGHEST WIND DIRECTION     S (180)
  HIGHEST GUST SPEED    30   HIGHEST GUST DIRECTION     S (160)
  AVERAGE WIND SPEED    10.9


SKY COVER
  AVERAGE SKY COVER  MM


WEATHER CONDITIONS
 THE FOLLOWING WEATHER WAS RECORDED YESTERDAY.
  NO SIGNIFICANT WEATHER WAS OBSERVED.


RELATIVE HUMIDITY (PERCENT)
 HIGHEST    86           300 AM
 LOWEST     52          1200 PM
 AVERAGE    69

..........................................................


THE VICHY-ROLLA MO CLIMATE NORMALS FOR TODAY
                         NORMAL    RECORD    YEAR
 MAXIMUM TEMPERATURE (F)   46        71      2001
 MINIMUM TEMPERATURE (F)   27         7      2006


SUNRISE AND SUNSET
DECEMBER  4 2017......SUNRISE   708 AM CST   SUNSET   447 PM CST
DECEMBER  5 2017......SUNRISE   709 AM CST   SUNSET   447 PM CST


-  INDICATES NEGATIVE NUMBERS.
R  INDICATES RECORD WAS SET OR TIED.
MM INDICATES DATA IS MISSING.
T  INDICATES TRACE AMOUNT.




$$
