000
CDUS43 KSGF 210630
CLIVIH


CLIMATE REPORT
NATIONAL WEATHER SERVICE SPRINGFIELD MO
130 AM CDT MON JUL 21 2014


...................................

...THE VICHY-ROLLA MO CLIMATE SUMMARY FOR JULY 20 2014...

CLIMATE NORMAL PERIOD 1981 TO 2010
CLIMATE RECORD PERIOD 1888 TO 2014


WEATHER ITEM   OBSERVED TIME   RECORD YEAR NORMAL DEPARTURE LAST
                VALUE   (LST)  VALUE       VALUE  FROM      YEAR
                                                  NORMAL
..................................................................
TEMPERATURE (F)
 YESTERDAY
  MAXIMUM         84    222 PM 106    2006  89     -5       90
  MINIMUM         61    521 AM  55    1970  67     -6       68
  AVERAGE         73                        78     -5       79

PRECIPITATION (IN)
  YESTERDAY        0.00          1.84 2010   0.14  -0.14     1.16
  MONTH TO DATE    0.11                      2.89  -2.78     2.76
  SINCE JUN 1      3.42                      7.52  -4.10     6.55
  SINCE JAN 1     13.04                     24.33 -11.29    27.85

DEGREE DAYS
 HEATING
  YESTERDAY        0                         0      0        0
  MONTH TO DATE    3                         0      3        0
  SINCE JUN 1      4                        14    -10       17
  SINCE JUL 1      3                         0      3        0

 COOLING
  YESTERDAY        8                        13     -5       14
  MONTH TO DATE  129                       241   -112      212
  SINCE JUN 1    387                       476    -89      429
  SINCE JAN 1    534                       583    -49      536
..................................................................


WIND (MPH)
  HIGHEST WIND SPEED     9   HIGHEST WIND DIRECTION     S (200)
  HIGHEST GUST SPEED    12   HIGHEST GUST DIRECTION     S (190)
  AVERAGE WIND SPEED     5.5


SKY COVER
  AVERAGE SKY COVER 0.2


WEATHER CONDITIONS
 THE FOLLOWING WEATHER WAS RECORDED YESTERDAY.
  NO SIGNIFICANT WEATHER WAS OBSERVED.


RELATIVE HUMIDITY (PERCENT)
 HIGHEST    90           400 AM
 LOWEST     47           200 PM
 AVERAGE    69

..........................................................


THE VICHY-ROLLA MO CLIMATE NORMALS FOR TODAY
                         NORMAL    RECORD    YEAR
 MAXIMUM TEMPERATURE (F)   89       105      1901
 MINIMUM TEMPERATURE (F)   67        52      1970


SUNRISE AND SUNSET
JULY 21 2014..........SUNRISE   601 AM CDT   SUNSET   826 PM CDT
JULY 22 2014..........SUNRISE   602 AM CDT   SUNSET   825 PM CDT


-  INDICATES NEGATIVE NUMBERS.
R  INDICATES RECORD WAS SET OR TIED.
MM INDICATES DATA IS MISSING.
T  INDICATES TRACE AMOUNT.




$$
