000
CDUS43 KSGF 090642
CLIVIH


CLIMATE REPORT
NATIONAL WEATHER SERVICE SPRINGFIELD MO
1240 AM CST MON JAN 9 2017


...................................

...THE VICHY-ROLLA MO CLIMATE SUMMARY FOR JANUARY 8 2017...

CLIMATE NORMAL PERIOD 1981 TO 2010
CLIMATE RECORD PERIOD 1888 TO 2017


WEATHER ITEM   OBSERVED TIME   RECORD YEAR NORMAL DEPARTURE LAST
                VALUE   (LST)  VALUE       VALUE  FROM      YEAR
                                                  NORMAL
..................................................................
TEMPERATURE (F)
 YESTERDAY
  MAXIMUM         27    250 PM  69    2006  40    -13       50
  MINIMUM          5    345 AM  -5    1970  21    -16       40
  AVERAGE         16                        31    -15       45

PRECIPITATION (IN)
  YESTERDAY        0.00          1.13 1948   0.07  -0.07     0.02
  MONTH TO DATE    0.12                      0.61  -0.49     0.25
  SINCE DEC 1      0.98                      3.25  -2.27    10.57
  SINCE JAN 1      0.12                      0.61  -0.49     0.25

DEGREE DAYS
 HEATING
  YESTERDAY       49                        34     15       20
  MONTH TO DATE  328                       272     56      240
  SINCE DEC 1   1273                      1242     31      915
  SINCE JUL 1   1901                      2189   -288     1636

 COOLING
  YESTERDAY        0                         0      0        0
  MONTH TO DATE    0                         0      0        0
  SINCE DEC 1      0                         0      0        0
  SINCE JAN 1      0                         0      0        0
..................................................................


WIND (MPH)
  HIGHEST WIND SPEED    20   HIGHEST WIND DIRECTION     S (180)
  HIGHEST GUST SPEED    25   HIGHEST GUST DIRECTION     S (170)
  AVERAGE WIND SPEED    10.6


SKY COVER
  AVERAGE SKY COVER 0.2


WEATHER CONDITIONS
 THE FOLLOWING WEATHER WAS RECORDED YESTERDAY.
  NO SIGNIFICANT WEATHER WAS OBSERVED.


RELATIVE HUMIDITY (PERCENT)
 HIGHEST    88           100 AM
 LOWEST     57           300 PM
 AVERAGE    73

..........................................................


THE VICHY-ROLLA MO CLIMATE NORMALS FOR TODAY
                         NORMAL    RECORD    YEAR
 MAXIMUM TEMPERATURE (F)   40        68      2002
 MINIMUM TEMPERATURE (F)   21        -6      1962


SUNRISE AND SUNSET
JANUARY  9 2017.......SUNRISE   724 AM CST   SUNSET   505 PM CST
JANUARY 10 2017.......SUNRISE   723 AM CST   SUNSET   506 PM CST


-  INDICATES NEGATIVE NUMBERS.
R  INDICATES RECORD WAS SET OR TIED.
MM INDICATES DATA IS MISSING.
T  INDICATES TRACE AMOUNT.




$$
