000
CDUS43 KSGF 022326
CLIVIH


CLIMATE REPORT
NATIONAL WEATHER SERVICE SPRINGFIELD MO
526 PM CST SAT DEC 2 2017


...................................

...THE VICHY-ROLLA MO CLIMATE SUMMARY FOR DECEMBER 2 2017...
VALID TODAY AS OF 0500 PM LOCAL TIME.

CLIMATE NORMAL PERIOD 1981 TO 2010
CLIMATE RECORD PERIOD 1888 TO 2017


WEATHER ITEM   OBSERVED TIME   RECORD YEAR NORMAL DEPARTURE LAST
                VALUE   (LST)  VALUE       VALUE  FROM      YEAR
                                                  NORMAL
..................................................................
TEMPERATURE (F)
 TODAY
  MAXIMUM         65    253 PM  73    2012  47     18       51
  MINIMUM         42    312 AM  11    2006  28     14       24
  AVERAGE         54                        38     16       38

PRECIPITATION (IN)
  TODAY            0.00          3.11 1982   0.11  -0.11     0.00
  MONTH TO DATE    0.00                      0.21  -0.21     0.00
  SINCE DEC 1      0.00                      0.21  -0.21     0.00
  SINCE JAN 1     41.95                     41.18   0.77    40.06

DEGREE DAYS
 HEATING
  TODAY           11                        27    -16       27
  MONTH TO DATE   36                        54    -18       57
  SINCE DEC 1     36                        54    -18       57
  SINCE JUL 1    788                      1001   -213      685

 COOLING
  TODAY            0                         0      0        0
  MONTH TO DATE    0                         0      0        0
  SINCE DEC 1      0                         0      0        0
  SINCE JAN 1   1247                      1246      1     1482
..................................................................


WIND (MPH)
  HIGHEST WIND SPEED    13   HIGHEST WIND DIRECTION     S (190)
  HIGHEST GUST SPEED    17   HIGHEST GUST DIRECTION     S (190)


SKY COVER
  AVERAGE SKY COVER 0.3


WEATHER CONDITIONS
 THE FOLLOWING WEATHER WAS RECORDED TODAY.
  NO SIGNIFICANT WEATHER WAS OBSERVED.


RELATIVE HUMIDITY (PERCENT)
 HIGHEST    59           500 PM
 LOWEST     39          1200 PM
 AVERAGE    49

..........................................................


THE VICHY-ROLLA MO CLIMATE NORMALS FOR TOMORROW
                         NORMAL    RECORD    YEAR
 MAXIMUM TEMPERATURE (F)   47        74      1970
 MINIMUM TEMPERATURE (F)   28         7      2006


SUNRISE AND SUNSET
DECEMBER  2 2017......SUNRISE   706 AM CST   SUNSET   447 PM CST
DECEMBER  3 2017......SUNRISE   707 AM CST   SUNSET   447 PM CST


-  INDICATES NEGATIVE NUMBERS.
R  INDICATES RECORD WAS SET OR TIED.
MM INDICATES DATA IS MISSING.
T  INDICATES TRACE AMOUNT.




$$
