272
CDUS43 KSGF 240645
CLIVIH


CLIMATE REPORT
NATIONAL WEATHER SERVICE SPRINGFIELD MO
1245 AM CST FRI FEB 24 2017


...................................

...THE VICHY-ROLLA MO CLIMATE SUMMARY FOR FEBRUARY 23 2017...

CLIMATE NORMAL PERIOD 1981 TO 2010
CLIMATE RECORD PERIOD 1888 TO 2017


WEATHER ITEM   OBSERVED TIME   RECORD YEAR NORMAL DEPARTURE LAST
                VALUE   (LST)  VALUE       VALUE  FROM      YEAR
                                                  NORMAL
..................................................................
TEMPERATURE (F)
 YESTERDAY
  MAXIMUM         72    453 PM  81    1982  48     24       45
  MINIMUM         51    556 AM   2    1899  28     23       31
  AVERAGE         62                        38     24       38

PRECIPITATION (IN)
  YESTERDAY        T             0.81 1975   0.08  -0.08     0.13
  MONTH TO DATE    0.45                      1.55  -1.10     1.27
  SINCE DEC 1      2.91                      6.36  -3.45    12.33
  SINCE JAN 1      2.05                      3.72  -1.67     2.01

DEGREE DAYS
 HEATING
  YESTERDAY        3                        27    -24       27
  MONTH TO DATE  426                       692   -266      637
  SINCE DEC 1   2258                      2713   -455     2351
  SINCE JUL 1   2886                      3660   -774     3072

 COOLING
  YESTERDAY        0                         0      0        0
  MONTH TO DATE    1                         0      1        0
  SINCE DEC 1      1                         0      1        0
  SINCE JAN 1      1                         0      1        0
..................................................................


WIND (MPH)
  HIGHEST WIND SPEED    24   HIGHEST WIND DIRECTION    SE (150)
  HIGHEST GUST SPEED    31   HIGHEST GUST DIRECTION     S (170)
  AVERAGE WIND SPEED    11.3


SKY COVER
  AVERAGE SKY COVER 0.3


WEATHER CONDITIONS
 THE FOLLOWING WEATHER WAS RECORDED YESTERDAY.
  FOG
  FOG W/VISIBILITY <= 1/4 MILE


RELATIVE HUMIDITY (PERCENT)
 HIGHEST   100           100 AM
 LOWEST     57           200 PM
 AVERAGE    79

..........................................................


THE VICHY-ROLLA MO CLIMATE NORMALS FOR TODAY
                         NORMAL    RECORD    YEAR
 MAXIMUM TEMPERATURE (F)   49        78      1956
 MINIMUM TEMPERATURE (F)   28         2      1899


SUNRISE AND SUNSET
FEBRUARY 24 2017......SUNRISE   645 AM CST   SUNSET   556 PM CST
FEBRUARY 25 2017......SUNRISE   644 AM CST   SUNSET   557 PM CST


-  INDICATES NEGATIVE NUMBERS.
R  INDICATES RECORD WAS SET OR TIED.
MM INDICATES DATA IS MISSING.
T  INDICATES TRACE AMOUNT.




$$
