150
CDUS43 KSGF 222227
CLIVIH


CLIMATE REPORT
NATIONAL WEATHER SERVICE SPRINGFIELD MO
526 PM CDT MON MAY 22 2017


...................................

...THE VICHY-ROLLA MO CLIMATE SUMMARY FOR MAY 22 2017...
VALID TODAY AS OF 0500 PM LOCAL TIME.

CLIMATE NORMAL PERIOD 1981 TO 2010
CLIMATE RECORD PERIOD 1888 TO 2017


WEATHER ITEM   OBSERVED TIME   RECORD YEAR NORMAL DEPARTURE LAST
                VALUE   (LST)  VALUE       VALUE  FROM      YEAR
                                                  NORMAL
..................................................................
TEMPERATURE (F)
 TODAY
  MAXIMUM         73    249 PM  91    1972  76     -3       78
  MINIMUM         45    512 AM  42    2015  55    -10       50
                                      2012
                                      1963
  AVERAGE         59                        65     -6       64

PRECIPITATION (IN)
  TODAY            0.00          2.67 1957   0.16  -0.16     0.00
  MONTH TO DATE    4.84                      3.58   1.26     2.31
  SINCE MAR 1     19.07                     11.25   7.82     9.25
  SINCE JAN 1     21.13                     15.35   5.78    11.37

DEGREE DAYS
 COOLING
  TODAY            0                         3     -3        0
  MONTH TO DATE   53                        46      7       14
  SINCE MAR 1     88                        72     16       28
  SINCE JAN 1     89                        72     17       28
..................................................................


WIND (MPH)
  HIGHEST WIND SPEED    13   HIGHEST WIND DIRECTION     S (200)
  HIGHEST GUST SPEED    21   HIGHEST GUST DIRECTION     S (200)


SKY COVER
  AVERAGE SKY COVER 0.1


WEATHER CONDITIONS
 THE FOLLOWING WEATHER WAS RECORDED TODAY.
  NO SIGNIFICANT WEATHER WAS OBSERVED.


RELATIVE HUMIDITY (PERCENT)
 HIGHEST    93           300 AM
 LOWEST     47           100 PM
 AVERAGE    70

..........................................................


THE VICHY-ROLLA MO CLIMATE NORMALS FOR TOMORROW
                         NORMAL    RECORD    YEAR
 MAXIMUM TEMPERATURE (F)   76        90      1996
 MINIMUM TEMPERATURE (F)   55        42      1963


SUNRISE AND SUNSET
MAY 22 2017...........SUNRISE   551 AM CDT   SUNSET   817 PM CDT
MAY 23 2017...........SUNRISE   550 AM CDT   SUNSET   818 PM CDT


-  INDICATES NEGATIVE NUMBERS.
R  INDICATES RECORD WAS SET OR TIED.
MM INDICATES DATA IS MISSING.
T  INDICATES TRACE AMOUNT.




$$
