000
CDUS43 KSGF 252143
CLIVIH


CLIMATE REPORT
NATIONAL WEATHER SERVICE SPRINGFIELD MO
443 PM CDT THU JUN 25 2015


...................................

...THE VICHY-ROLLA MO CLIMATE SUMMARY FOR JUNE 25 2015...
VALID AS OF 0400 PM LOCAL TIME.

CLIMATE NORMAL PERIOD 1981 TO 2010
CLIMATE RECORD PERIOD 1888 TO 2015


WEATHER ITEM   OBSERVED TIME   RECORD YEAR NORMAL DEPARTURE LAST
                VALUE   (LST)  VALUE       VALUE  FROM      YEAR
                                                  NORMAL
..................................................................
TEMPERATURE (F)
 TODAY
  MAXIMUM         90    250 PM 100    1952  85      5       85
  MINIMUM         72    513 AM  49    1958  65      7       62
  AVERAGE         81                        75      6       74

PRECIPITATION (IN)
  TODAY            0.00          2.82 1993   0.13  -0.13     0.00
  MONTH TO DATE    6.01                      3.95   2.06     3.24
  SINCE JUN 1      6.01                      3.95   2.06     3.24
  SINCE JAN 1     20.03                     20.76  -0.73    12.86

DEGREE DAYS
 HEATING
  TODAY            0                         0      0        0
  MONTH TO DATE   15                        12      3        1
  SINCE JUN 1     15                        12      3        1
  SINCE JUL 1   5058                      4846    212     5479

 COOLING
  TODAY           16                        10      6        9
  MONTH TO DATE  237                       182     55      196
  SINCE JUN 1    237                       182     55      196
  SINCE JAN 1    344                       289     55      343
..................................................................


WIND (MPH)
  HIGHEST WIND SPEED    18   HIGHEST WIND DIRECTION    SW (220)
  HIGHEST GUST SPEED    23   HIGHEST GUST DIRECTION    SW (240)


SKY COVER
  AVERAGE SKY COVER 0.1


WEATHER CONDITIONS
 THE FOLLOWING WEATHER WAS RECORDED TODAY.
  NO SIGNIFICANT WEATHER WAS OBSERVED.


RELATIVE HUMIDITY (PERCENT)
 HIGHEST    93           300 AM
 LOWEST     59           300 PM
 AVERAGE    76

..........................................................


THE VICHY-ROLLA MO CLIMATE NORMALS FOR TOMORROW
                         NORMAL    RECORD    YEAR
 MAXIMUM TEMPERATURE (F)   85       100      1901
 MINIMUM TEMPERATURE (F)   65        46      2004


SUNRISE AND SUNSET
JUNE 25 2015..........SUNRISE   545 AM CDT   SUNSET   834 PM CDT
JUNE 26 2015..........SUNRISE   546 AM CDT   SUNSET   834 PM CDT


-  INDICATES NEGATIVE NUMBERS.
R  INDICATES RECORD WAS SET OR TIED.
MM INDICATES DATA IS MISSING.
T  INDICATES TRACE AMOUNT.




$$
