000
CDUS43 KSGF 152126
CLIVIH


CLIMATE REPORT
NATIONAL WEATHER SERVICE SPRINGFIELD MO
426 PM CDT SAT APR 15 2017


...................................

...THE VICHY-ROLLA MO CLIMATE SUMMARY FOR APRIL 15 2017...
VALID AS OF 0400 PM LOCAL TIME.

CLIMATE NORMAL PERIOD 1981 TO 2010
CLIMATE RECORD PERIOD 1888 TO 2017


WEATHER ITEM   OBSERVED TIME   RECORD YEAR NORMAL DEPARTURE LAST
                VALUE   (LST)  VALUE       VALUE  FROM      YEAR
                                                  NORMAL
..................................................................
TEMPERATURE (F)
 TODAY
  MAXIMUM         81    252 PM  84    1955  67     14       74
  MINIMUM         62    550 AM  26    2014  44     18       51
  AVERAGE         72                        55     17       63

PRECIPITATION (IN)
  TODAY            0.00          1.53 1991   0.14  -0.14     0.00
  MONTH TO DATE    1.41                      2.00  -0.59     1.99
  SINCE MAR 1      4.55                      5.45  -0.90     4.85
  SINCE JAN 1      6.61                      9.55  -2.94     6.97

DEGREE DAYS
 HEATING
  TODAY            0                        11    -11        2
  MONTH TO DATE  103                       189    -86      204
  SINCE MAR 1    606                       803   -197      650
  SINCE JUL 1   3592                      4593  -1001     3853

 COOLING
  TODAY            7                         1      6        0
  MONTH TO DATE   22                         9     13        0
  SINCE MAR 1     25                        13     12        0
  SINCE JAN 1     26                        13     13        0
..................................................................


WIND (MPH)
  HIGHEST WIND SPEED    26   HIGHEST WIND DIRECTION     S (200)
  HIGHEST GUST SPEED    34   HIGHEST GUST DIRECTION     S (200)


SKY COVER
  AVERAGE SKY COVER 0.2


WEATHER CONDITIONS
 THE FOLLOWING WEATHER WAS RECORDED TODAY.
  NO SIGNIFICANT WEATHER WAS OBSERVED.


RELATIVE HUMIDITY (PERCENT)
 HIGHEST    73           700 AM
 LOWEST     42          1200 PM
 AVERAGE    58

..........................................................


THE VICHY-ROLLA MO CLIMATE NORMALS FOR TOMORROW
                         NORMAL    RECORD    YEAR
 MAXIMUM TEMPERATURE (F)   67        85      2006
                                             1977
 MINIMUM TEMPERATURE (F)   44        27      1949


SUNRISE AND SUNSET
APRIL 15 2017.........SUNRISE   631 AM CDT   SUNSET   744 PM CDT
APRIL 16 2017.........SUNRISE   630 AM CDT   SUNSET   744 PM CDT


-  INDICATES NEGATIVE NUMBERS.
R  INDICATES RECORD WAS SET OR TIED.
MM INDICATES DATA IS MISSING.
T  INDICATES TRACE AMOUNT.




$$
