000
CDUS43 KSGF 190626
CLIVIH


CLIMATE REPORT
NATIONAL WEATHER SERVICE SPRINGFIELD MO
126 AM CDT THU MAY 19 2016


...................................

...THE VICHY-ROLLA MO CLIMATE SUMMARY FOR MAY 18 2016...

CLIMATE NORMAL PERIOD 1981 TO 2010
CLIMATE RECORD PERIOD 1888 TO 2016


WEATHER ITEM   OBSERVED TIME   RECORD YEAR NORMAL DEPARTURE LAST
                VALUE   (LST)  VALUE       VALUE  FROM      YEAR
                                                  NORMAL
..................................................................
TEMPERATURE (F)
 YESTERDAY
  MAXIMUM         65    356 PM  92    1996  75    -10       80
  MINIMUM         44    402 AM  32    2002  54    -10       54
  AVERAGE         55                        64     -9       67

PRECIPITATION (IN)
  YESTERDAY        0.00          2.43 1981   0.16  -0.16     0.00
  MONTH TO DATE    2.17                      2.93  -0.76     3.02
  SINCE MAR 1      9.11                     10.60  -1.49     8.16
  SINCE JAN 1     11.23                     14.70  -3.47    10.44

DEGREE DAYS
 HEATING
  YESTERDAY       10                         3      7        0
  MONTH TO DATE  142                        86     56       34
  SINCE MAR 1    830                      1014   -184      872
  SINCE JUL 1   4033                      4804   -771     4989

 COOLING
  YESTERDAY        0                         3     -3        2
  MONTH TO DATE   14                        34    -20       57
  SINCE MAR 1     28                        60    -32       70
  SINCE JAN 1     28                        60    -32       70
..................................................................


WIND (MPH)
  HIGHEST WIND SPEED    16   HIGHEST WIND DIRECTION    NE (30)
  HIGHEST GUST SPEED    20   HIGHEST GUST DIRECTION    NE (50)
  AVERAGE WIND SPEED     6.4


SKY COVER
  AVERAGE SKY COVER 0.5


WEATHER CONDITIONS
 THE FOLLOWING WEATHER WAS RECORDED YESTERDAY.
  FOG
  FOG W/VISIBILITY <= 1/4 MILE


RELATIVE HUMIDITY (PERCENT)
 HIGHEST   100          1200 AM
 LOWEST     44           400 PM
 AVERAGE    72

..........................................................


THE VICHY-ROLLA MO CLIMATE NORMALS FOR TODAY
                         NORMAL    RECORD    YEAR
 MAXIMUM TEMPERATURE (F)   75        92      1996
 MINIMUM TEMPERATURE (F)   54        37      2002


SUNRISE AND SUNSET
MAY 19 2016...........SUNRISE   553 AM CDT   SUNSET   815 PM CDT
MAY 20 2016...........SUNRISE   552 AM CDT   SUNSET   816 PM CDT


-  INDICATES NEGATIVE NUMBERS.
R  INDICATES RECORD WAS SET OR TIED.
MM INDICATES DATA IS MISSING.
T  INDICATES TRACE AMOUNT.




$$
