000
CDUS43 KSGF 030627
CLIVIH


CLIMATE REPORT
NATIONAL WEATHER SERVICE SPRINGFIELD MO
1226 AM CST WED FEB 3 2016


...................................

...THE VICHY-ROLLA MO CLIMATE SUMMARY FOR FEBRUARY 2 2016...

CLIMATE NORMAL PERIOD 1981 TO 2010
CLIMATE RECORD PERIOD 1888 TO 2016


WEATHER ITEM   OBSERVED TIME   RECORD YEAR NORMAL DEPARTURE LAST
                VALUE   (LST)  VALUE       VALUE  FROM      YEAR
                                                  NORMAL
..................................................................
TEMPERATURE (F)
 YESTERDAY
  MAXIMUM         64    355 PM  70    2003  43     21       26
  MINIMUM         39   1159 PM -10    1951  23     16       14
  AVERAGE         52                        32     20       20

PRECIPITATION (IN)
  YESTERDAY        0.21          0.91 1961   0.07   0.14      T
  MONTH TO DATE    0.21                      0.13   0.08     0.73
  SINCE DEC 1     11.27                      4.94   6.33     4.03
  SINCE JAN 1      0.95                      2.30  -1.35     1.66

DEGREE DAYS
 HEATING
  YESTERDAY       13                        32    -19       45
  MONTH TO DATE   32                        65    -33       79
  SINCE DEC 1   1746                      2086   -340     1968
  SINCE JUL 1   2467                      3033   -566     3110

 COOLING
  YESTERDAY        0                         0      0        0
  MONTH TO DATE    0                         0      0        0
  SINCE DEC 1      0                         0      0        0
  SINCE JAN 1      0                         0      0        0
..................................................................


WIND (MPH)
  HIGHEST WIND SPEED    29   HIGHEST WIND DIRECTION     W (260)
  HIGHEST GUST SPEED    38   HIGHEST GUST DIRECTION     W (270)
  AVERAGE WIND SPEED    17.6


SKY COVER
  AVERAGE SKY COVER 0.5


WEATHER CONDITIONS
 THE FOLLOWING WEATHER WAS RECORDED YESTERDAY.
  HEAVY RAIN
  RAIN
  LIGHT RAIN
  FOG


RELATIVE HUMIDITY (PERCENT)
 HIGHEST    93           800 AM
 LOWEST     25           500 PM
 AVERAGE    59

..........................................................


THE VICHY-ROLLA MO CLIMATE NORMALS FOR TODAY
                         NORMAL    RECORD    YEAR
 MAXIMUM TEMPERATURE (F)   43        75      1962
 MINIMUM TEMPERATURE (F)   23       -12      1996


SUNRISE AND SUNSET
FEBRUARY  3 2016......SUNRISE   710 AM CST   SUNSET   532 PM CST
FEBRUARY  4 2016......SUNRISE   709 AM CST   SUNSET   533 PM CST


-  INDICATES NEGATIVE NUMBERS.
R  INDICATES RECORD WAS SET OR TIED.
MM INDICATES DATA IS MISSING.
T  INDICATES TRACE AMOUNT.




$$
