000
CDUS43 KSGF 192328
CLIVIH


CLIMATE REPORT
NATIONAL WEATHER SERVICE SPRINGFIELD MO
528 PM CST FRI DEC 19 2014


...................................

...THE VICHY-ROLLA MO CLIMATE SUMMARY FOR DECEMBER 19 2014...
VALID TODAY AS OF 0500 PM LOCAL TIME.

CLIMATE NORMAL PERIOD 1981 TO 2010
CLIMATE RECORD PERIOD 1888 TO 2014


WEATHER ITEM   OBSERVED TIME   RECORD YEAR NORMAL DEPARTURE LAST
                VALUE   (LST)  VALUE       VALUE  FROM      YEAR
                                                  NORMAL
..................................................................
TEMPERATURE (F)
 TODAY
  MAXIMUM         35    459 PM  66    1978  42     -7       56
  MINIMUM         32    852 AM -13    1901  23      9       46
  AVERAGE         34                        33      1       51

PRECIPITATION (IN)
  TODAY            0.00          1.87 1995   0.07  -0.07     0.00
  MONTH TO DATE    1.82                      1.74   0.08     1.03
  SINCE DEC 1      1.82                      1.74   0.08     1.03
  SINCE JAN 1     29.10                     42.71 -13.61    40.78

DEGREE DAYS
 HEATING
  TODAY           31                        32     -1       14
  MONTH TO DATE  521                       569    -48      622
  SINCE DEC 1    521                       569    -48      622
  SINCE JUL 1   1663                      1516    147     1672

 COOLING
  TODAY            0                         0      0        0
  MONTH TO DATE    0                         0      0        0
  SINCE DEC 1      0                         0      0        0
  SINCE JAN 1   1186                      1246    -60     1125
..................................................................


WIND (MPH)
  HIGHEST WIND SPEED    10   HIGHEST WIND DIRECTION     E (100)
  HIGHEST GUST SPEED    17   HIGHEST GUST DIRECTION    NE (50)


SKY COVER
  AVERAGE SKY COVER 1.0


WEATHER CONDITIONS
 THE FOLLOWING WEATHER WAS RECORDED TODAY.
  FOG
  FOG W/VISIBILITY <= 1/4 MILE


RELATIVE HUMIDITY (PERCENT)
 HIGHEST   100           100 AM
 LOWEST     82           200 PM
 AVERAGE    91

..........................................................


THE VICHY-ROLLA MO CLIMATE NORMALS FOR TOMORROW
                         NORMAL    RECORD    YEAR
 MAXIMUM TEMPERATURE (F)   42        67      1949
 MINIMUM TEMPERATURE (F)   23       -11      1901


SUNRISE AND SUNSET
DECEMBER 19 2014......SUNRISE   719 AM CST   SUNSET   450 PM CST
DECEMBER 20 2014......SUNRISE   719 AM CST   SUNSET   450 PM CST


-  INDICATES NEGATIVE NUMBERS.
R  INDICATES RECORD WAS SET OR TIED.
MM INDICATES DATA IS MISSING.
T  INDICATES TRACE AMOUNT.




$$
