000
CDUS43 KSGF 140626
CLIVIH


CLIMATE REPORT
NATIONAL WEATHER SERVICE SPRINGFIELD MO
126 AM CDT MON APR 14 2014


...................................

...THE VICHY-ROLLA MO CLIMATE SUMMARY FOR APRIL 13 2014...

CLIMATE NORMAL PERIOD 1981 TO 2010
CLIMATE RECORD PERIOD 1888 TO 2014


WEATHER ITEM   OBSERVED TIME   RECORD YEAR NORMAL DEPARTURE LAST
                VALUE   (LST)  VALUE       VALUE  FROM      YEAR
                                                  NORMAL
..................................................................
TEMPERATURE (F)
 YESTERDAY
  MAXIMUM         71    309 PM  86    2006  66      5       65
  MINIMUM         54   1159 PM  23    1950  43     11       30
  AVERAGE         63                        54      9       48

PRECIPITATION (IN)
  YESTERDAY        0.23          1.94 2012   0.14   0.09     0.00
  MONTH TO DATE    1.98                      1.72   0.26     1.49
  SINCE MAR 1      2.69                      5.17  -2.48     4.75
  SINCE JAN 1      4.15                      9.27  -5.12     9.46

DEGREE DAYS
 HEATING
  YESTERDAY        2                        11     -9       17
  MONTH TO DATE  143                       167    -24      190
  SINCE MAR 1    894                       781    113     1009
  SINCE JUL 1   5200                      4571    629     4595

 COOLING
  YESTERDAY        0                         1     -1        0
  MONTH TO DATE    7                         7      0        6
  SINCE MAR 1      7                        11     -4        6
  SINCE JAN 1      7                        11     -4        6
..................................................................


WIND (MPH)
  HIGHEST WIND SPEED    33   HIGHEST WIND DIRECTION    NW (300)
  HIGHEST GUST SPEED    43   HIGHEST GUST DIRECTION     W (290)
  AVERAGE WIND SPEED    15.0


SKY COVER
  AVERAGE SKY COVER 0.4


WEATHER CONDITIONS
 THE FOLLOWING WEATHER WAS RECORDED YESTERDAY.
  HEAVY RAIN
  LIGHT RAIN
  FOG


RELATIVE HUMIDITY (PERCENT)
 HIGHEST   100          1000 PM
 LOWEST     63           400 PM
 AVERAGE    82

..........................................................


THE VICHY-ROLLA MO CLIMATE NORMALS FOR TODAY
                         NORMAL    RECORD    YEAR
 MAXIMUM TEMPERATURE (F)   66        87      2006
                                             1994
 MINIMUM TEMPERATURE (F)   43        26      1950


SUNRISE AND SUNSET
APRIL 14 2014.........SUNRISE   633 AM CDT   SUNSET   742 PM CDT
APRIL 15 2014.........SUNRISE   632 AM CDT   SUNSET   743 PM CDT


-  INDICATES NEGATIVE NUMBERS.
R  INDICATES RECORD WAS SET OR TIED.
MM INDICATES DATA IS MISSING.
T  INDICATES TRACE AMOUNT.




$$
