893
CDUS43 KSGF 260645
CLIVIH


CLIMATE REPORT
NATIONAL WEATHER SERVICE SPRINGFIELD MO
145 AM CDT MON SEP 26 2016


...................................

...THE VICHY-ROLLA MO CLIMATE SUMMARY FOR SEPTEMBER 25 2016...

CLIMATE NORMAL PERIOD 1981 TO 2010
CLIMATE RECORD PERIOD 1888 TO 2016


WEATHER ITEM   OBSERVED TIME   RECORD YEAR NORMAL DEPARTURE LAST
                VALUE   (LST)  VALUE       VALUE  FROM      YEAR
                                                  NORMAL
..................................................................
TEMPERATURE (F)
 YESTERDAY
  MAXIMUM         87   1222 PM  90    2012  75     12       84
                                      1898
  MINIMUM         59   1159 PM  36    2001  53      6       53
  AVERAGE         73                        64      9       69

PRECIPITATION (IN)
  YESTERDAY        0.31          1.10 1970   0.13   0.18     0.00
  MONTH TO DATE    4.39                      3.45   0.94     0.75
  SINCE SEP 1      4.39                      3.45   0.94     0.75
  SINCE JAN 1     36.73                     33.00   3.73    30.01

DEGREE DAYS
 HEATING
  YESTERDAY        0                         4     -4        0
  MONTH TO DATE    3                        38    -35       24
  SINCE SEP 1      3                        38    -35       24
  SINCE JUL 1      3                        41    -38       26

 COOLING
  YESTERDAY        8                         3      5        4
  MONTH TO DATE  211                       131     80      217
  SINCE SEP 1    211                       131     80      217
  SINCE JAN 1   1400                      1208    192     1232
..................................................................


WIND (MPH)
  HIGHEST WIND SPEED    21   HIGHEST WIND DIRECTION    NW (300)
  HIGHEST GUST SPEED    26   HIGHEST GUST DIRECTION     W (290)
  AVERAGE WIND SPEED     9.1


SKY COVER
  AVERAGE SKY COVER 0.2


WEATHER CONDITIONS
 THE FOLLOWING WEATHER WAS RECORDED YESTERDAY.
  THUNDERSTORM
  HEAVY RAIN
  RAIN
  LIGHT RAIN
  FOG
  HAZE


RELATIVE HUMIDITY (PERCENT)
 HIGHEST    93           600 AM
 LOWEST     55          1200 PM
 AVERAGE    74

..........................................................


THE VICHY-ROLLA MO CLIMATE NORMALS FOR TODAY
                         NORMAL    RECORD    YEAR
 MAXIMUM TEMPERATURE (F)   74        92      1897
 MINIMUM TEMPERATURE (F)   53        36      2000


SUNRISE AND SUNSET
SEPTEMBER 26 2016.....SUNRISE   659 AM CDT   SUNSET   657 PM CDT
SEPTEMBER 27 2016.....SUNRISE   700 AM CDT   SUNSET   655 PM CDT


-  INDICATES NEGATIVE NUMBERS.
R  INDICATES RECORD WAS SET OR TIED.
MM INDICATES DATA IS MISSING.
T  INDICATES TRACE AMOUNT.




$$
