000
CDUS43 KSGF 190631
CLIVIH


CLIMATE REPORT
NATIONAL WEATHER SERVICE SPRINGFIELD MO
130 AM CDT WED APR 19 2017


...................................

...THE VICHY-ROLLA MO CLIMATE SUMMARY FOR APRIL 18 2017...

CLIMATE NORMAL PERIOD 1981 TO 2010
CLIMATE RECORD PERIOD 1888 TO 2017


WEATHER ITEM   OBSERVED TIME   RECORD YEAR NORMAL DEPARTURE LAST
                VALUE   (LST)  VALUE       VALUE  FROM      YEAR
                                                  NORMAL
..................................................................
TEMPERATURE (F)
 YESTERDAY
  MAXIMUM         78    413 PM  88    2006  68     10       78
                                      1899
  MINIMUM         50    316 AM  25    1953  45      5       54
  AVERAGE         64                        56      8       66

PRECIPITATION (IN)
  YESTERDAY        0.00          1.54 2013   0.14  -0.14      T
  MONTH TO DATE    1.61                      2.42  -0.81     1.99
  SINCE MAR 1      4.75                      5.87  -1.12     4.85
  SINCE JAN 1      6.81                      9.97  -3.16     6.97

DEGREE DAYS
 HEATING
  YESTERDAY        1                        10     -9        0
  MONTH TO DATE  109                       219   -110      206
  SINCE MAR 1    612                       833   -221      652
  SINCE JUL 1   3598                      4623  -1025     3855

 COOLING
  YESTERDAY        0                         1     -1        1
  MONTH TO DATE   23                        12     11        2
  SINCE MAR 1     26                        16     10        2
  SINCE JAN 1     27                        16     11        2
..................................................................


WIND (MPH)
  HIGHEST WIND SPEED    16   HIGHEST WIND DIRECTION     S (160)
  HIGHEST GUST SPEED    20   HIGHEST GUST DIRECTION    SE (150)
  AVERAGE WIND SPEED     8.6


SKY COVER
  AVERAGE SKY COVER 0.3


WEATHER CONDITIONS
 THE FOLLOWING WEATHER WAS RECORDED YESTERDAY.
  NO SIGNIFICANT WEATHER WAS OBSERVED.


RELATIVE HUMIDITY (PERCENT)
 HIGHEST    89           500 AM
 LOWEST     50           400 PM
 AVERAGE    70

..........................................................


THE VICHY-ROLLA MO CLIMATE NORMALS FOR TODAY
                         NORMAL    RECORD    YEAR
 MAXIMUM TEMPERATURE (F)   68        86      2011
                                             1966
 MINIMUM TEMPERATURE (F)   45        27      1953


SUNRISE AND SUNSET
APRIL 19 2017.........SUNRISE   626 AM CDT   SUNSET   747 PM CDT
APRIL 20 2017.........SUNRISE   624 AM CDT   SUNSET   748 PM CDT


-  INDICATES NEGATIVE NUMBERS.
R  INDICATES RECORD WAS SET OR TIED.
MM INDICATES DATA IS MISSING.
T  INDICATES TRACE AMOUNT.




$$
