000
CDUS43 KSGF 152126
CLIVIH


CLIMATE REPORT
NATIONAL WEATHER SERVICE SPRINGFIELD MO
426 PM CDT FRI AUG 15 2014


...................................

...THE VICHY-ROLLA MO CLIMATE SUMMARY FOR AUGUST 15 2014...
VALID AS OF 0400 PM LOCAL TIME.

CLIMATE NORMAL PERIOD 1981 TO 2010
CLIMATE RECORD PERIOD 1888 TO 2014


WEATHER ITEM   OBSERVED TIME   RECORD YEAR NORMAL DEPARTURE LAST
                VALUE   (LST)  VALUE       VALUE  FROM      YEAR
                                                  NORMAL
..................................................................
TEMPERATURE (F)
 TODAY
  MAXIMUM         87    214 PM 107    2007  88     -1       73
  MINIMUM         63    339 AM  46    2004  65     -2       55
  AVERAGE         75                        77     -2       64

PRECIPITATION (IN)
  TODAY            0.00          3.06 1980   0.11  -0.11     0.00
  MONTH TO DATE    2.06                      1.74   0.32     4.29
  SINCE JUN 1      5.48                     10.81  -5.33    11.68
  SINCE JAN 1     15.10                     27.62 -12.52    32.98

DEGREE DAYS
 HEATING
  TODAY            0                         0      0        1
  MONTH TO DATE    0                         0      0        1
  SINCE JUN 1      4                        15    -11       20
  SINCE JUL 1      3                         1      2        3

 COOLING
  TODAY           10                        12     -2        0
  MONTH TO DATE  145                       187    -42      113
  SINCE JUN 1    644                       804   -160      612
  SINCE JAN 1    791                       911   -120      719
..................................................................


WIND (MPH)
  HIGHEST WIND SPEED    10   HIGHEST WIND DIRECTION    NE (40)
  HIGHEST GUST SPEED    14   HIGHEST GUST DIRECTION    SW (220)


SKY COVER
  AVERAGE SKY COVER 0.2


WEATHER CONDITIONS
 THE FOLLOWING WEATHER WAS RECORDED TODAY.
  NO SIGNIFICANT WEATHER WAS OBSERVED.


RELATIVE HUMIDITY (PERCENT)
 HIGHEST    87           300 AM
 LOWEST     43           200 PM
 AVERAGE    65

..........................................................


THE VICHY-ROLLA MO CLIMATE NORMALS FOR TOMORROW
                         NORMAL    RECORD    YEAR
 MAXIMUM TEMPERATURE (F)   88       104      2007
 MINIMUM TEMPERATURE (F)   65        50      1992


SUNRISE AND SUNSET
AUGUST 15 2014........SUNRISE   622 AM CDT   SUNSET   800 PM CDT
AUGUST 16 2014........SUNRISE   623 AM CDT   SUNSET   759 PM CDT


-  INDICATES NEGATIVE NUMBERS.
R  INDICATES RECORD WAS SET OR TIED.
MM INDICATES DATA IS MISSING.
T  INDICATES TRACE AMOUNT.




$$
