000
CDUS43 KSGF 130631
CLIVIH


CLIMATE REPORT
NATIONAL WEATHER SERVICE SPRINGFIELD MO
130 AM CDT FRI OCT 13 2017


...................................

...THE VICHY-ROLLA MO CLIMATE SUMMARY FOR OCTOBER 12 2017...

CLIMATE NORMAL PERIOD 1981 TO 2010
CLIMATE RECORD PERIOD 1888 TO 2017


WEATHER ITEM   OBSERVED TIME   RECORD YEAR NORMAL DEPARTURE LAST
                VALUE   (LST)  VALUE       VALUE  FROM      YEAR
                                                  NORMAL
..................................................................
TEMPERATURE (F)
 YESTERDAY
  MAXIMUM         71    402 PM  87    1962  69      2       72
  MINIMUM         51    849 AM  32    2006  47      4       48
  AVERAGE         61                        58      3       60

PRECIPITATION (IN)
  YESTERDAY        0.00          1.06 1969   0.10  -0.10     0.02
  MONTH TO DATE    1.23                      1.31  -0.08     0.13
  SINCE SEP 1      1.42                      5.35  -3.93     4.61
  SINCE JAN 1     40.02                     34.90   5.12    36.95

DEGREE DAYS
 HEATING
  YESTERDAY        4                         8     -4        5
  MONTH TO DATE   25                        81    -56       47
  SINCE SEP 1     42                       142   -100       71
  SINCE JUL 1     43                       145   -102       71

 COOLING
  YESTERDAY        0                         1     -1        0
  MONTH TO DATE   52                        15     37       17
  SINCE SEP 1    252                       156     96      228
  SINCE JAN 1   1222                      1233    -11     1417
..................................................................


WIND (MPH)
  HIGHEST WIND SPEED    13   HIGHEST WIND DIRECTION     S (170)
  HIGHEST GUST SPEED    18   HIGHEST GUST DIRECTION     S (170)
  AVERAGE WIND SPEED     5.9


SKY COVER
  AVERAGE SKY COVER 0.5


WEATHER CONDITIONS
 THE FOLLOWING WEATHER WAS RECORDED YESTERDAY.
  NO SIGNIFICANT WEATHER WAS OBSERVED.


RELATIVE HUMIDITY (PERCENT)
 HIGHEST    96          1200 AM
 LOWEST     57           300 PM
 AVERAGE    77

..........................................................


THE VICHY-ROLLA MO CLIMATE NORMALS FOR TODAY
                         NORMAL    RECORD    YEAR
 MAXIMUM TEMPERATURE (F)   68        88      1899
 MINIMUM TEMPERATURE (F)   47        26      2006


SUNRISE AND SUNSET
OCTOBER 13 2017.......SUNRISE   714 AM CDT   SUNSET   632 PM CDT
OCTOBER 14 2017.......SUNRISE   715 AM CDT   SUNSET   630 PM CDT


-  INDICATES NEGATIVE NUMBERS.
R  INDICATES RECORD WAS SET OR TIED.
MM INDICATES DATA IS MISSING.
T  INDICATES TRACE AMOUNT.




$$
