000
CDUS43 KSGF 262226
CLIVIH


CLIMATE REPORT
NATIONAL WEATHER SERVICE SPRINGFIELD MO
526 PM CDT TUE AUG 26 2014


...................................

...THE VICHY-ROLLA MO CLIMATE SUMMARY FOR AUGUST 26 2014...
VALID TODAY AS OF 0500 PM LOCAL TIME.

CLIMATE NORMAL PERIOD 1981 TO 2010
CLIMATE RECORD PERIOD 1888 TO 2014


WEATHER ITEM   OBSERVED TIME   RECORD YEAR NORMAL DEPARTURE LAST
                VALUE   (LST)  VALUE       VALUE  FROM      YEAR
                                                  NORMAL
..................................................................
TEMPERATURE (F)
 TODAY
  MAXIMUM         97    149 PM 100    2003  86     11       90
                                      1897
  MINIMUM         71    516 AM  55    2010  64      7       71
  AVERAGE         84                        75      9       81

PRECIPITATION (IN)
  TODAY            0.00          2.44 2006   0.12  -0.12     0.00
  MONTH TO DATE    3.07                      3.06   0.01     4.29
  SINCE JUN 1      6.49                     12.13  -5.64    11.68
  SINCE JAN 1     16.11                     28.94 -12.83    32.98

DEGREE DAYS
 HEATING
  TODAY            0                         0      0        0
  MONTH TO DATE    0                         0      0        2
  SINCE JUN 1      4                        15    -11       21
  SINCE JUL 1      3                         1      2        4

 COOLING
  TODAY           19                        10      9       16
  MONTH TO DATE  318                       307     11      208
  SINCE JUN 1    817                       924   -107      707
  SINCE JAN 1    964                      1031    -67      814
..................................................................


WIND (MPH)
  HIGHEST WIND SPEED    23   HIGHEST WIND DIRECTION     S (190)
  HIGHEST GUST SPEED    30   HIGHEST GUST DIRECTION     S (190)


SKY COVER
  AVERAGE SKY COVER 0.2


WEATHER CONDITIONS
 THE FOLLOWING WEATHER WAS RECORDED TODAY.
  THUNDERSTORM


RELATIVE HUMIDITY (PERCENT)
 HIGHEST    84           300 AM
 LOWEST     43           100 PM
 AVERAGE    64

..........................................................


THE VICHY-ROLLA MO CLIMATE NORMALS FOR TOMORROW
                         NORMAL    RECORD    YEAR
 MAXIMUM TEMPERATURE (F)   86        98      1901
 MINIMUM TEMPERATURE (F)   63        51      1971


SUNRISE AND SUNSET
AUGUST 26 2014........SUNRISE   632 AM CDT   SUNSET   745 PM CDT
AUGUST 27 2014........SUNRISE   632 AM CDT   SUNSET   744 PM CDT


-  INDICATES NEGATIVE NUMBERS.
R  INDICATES RECORD WAS SET OR TIED.
MM INDICATES DATA IS MISSING.
T  INDICATES TRACE AMOUNT.




$$
