341
CDUS43 KSGF 180630
CLIVIH


CLIMATE REPORT
NATIONAL WEATHER SERVICE SPRINGFIELD MO
129 AM CDT MON JUL 18 2016


...................................

...THE VICHY-ROLLA MO CLIMATE SUMMARY FOR JULY 17 2016...

CLIMATE NORMAL PERIOD 1981 TO 2010
CLIMATE RECORD PERIOD 1888 TO 2016


WEATHER ITEM   OBSERVED TIME   RECORD YEAR NORMAL DEPARTURE LAST
                VALUE   (LST)  VALUE       VALUE  FROM      YEAR
                                                  NORMAL
..................................................................
TEMPERATURE (F)
 YESTERDAY
  MAXIMUM         91    321 PM 108    1954  88      3       91
  MINIMUM         73    523 AM  51    2014  67      6       74
  AVERAGE         82                        78      4       83

PRECIPITATION (IN)
  YESTERDAY        0.00          0.79 1900   0.15  -0.15     0.00
  MONTH TO DATE    5.24                      2.46   2.78     4.49
  SINCE JUN 1      7.18                      7.09   0.09    11.94
  SINCE JAN 1     21.42                     23.90  -2.48    25.96

DEGREE DAYS
 HEATING
  YESTERDAY        0                         0      0        0
  MONTH TO DATE    0                         0      0        0
  SINCE JUN 1      0                        14    -14       15
  SINCE JUL 1      0                         0      0        0

 COOLING
  YESTERDAY       17                        13      4       18
  MONTH TO DATE  193                       202     -9      192
  SINCE JUN 1    540                       437    103      464
  SINCE JAN 1    618                       544     74      571
..................................................................


WIND (MPH)
  HIGHEST WIND SPEED    16   HIGHEST WIND DIRECTION     S (200)
  HIGHEST GUST SPEED    22   HIGHEST GUST DIRECTION    SW (220)
  AVERAGE WIND SPEED     9.7


SKY COVER
  AVERAGE SKY COVER 0.0


WEATHER CONDITIONS
 THE FOLLOWING WEATHER WAS RECORDED YESTERDAY.
  NO SIGNIFICANT WEATHER WAS OBSERVED.


RELATIVE HUMIDITY (PERCENT)
 HIGHEST    87           200 AM
 LOWEST     56           200 PM
 AVERAGE    72

..........................................................


THE VICHY-ROLLA MO CLIMATE NORMALS FOR TODAY
                         NORMAL    RECORD    YEAR
 MAXIMUM TEMPERATURE (F)   89       113      1954
 MINIMUM TEMPERATURE (F)   67        58      2014
                                             2009
                                             1979


SUNRISE AND SUNSET
JULY 18 2016..........SUNRISE   559 AM CDT   SUNSET   827 PM CDT
JULY 19 2016..........SUNRISE   600 AM CDT   SUNSET   827 PM CDT


-  INDICATES NEGATIVE NUMBERS.
R  INDICATES RECORD WAS SET OR TIED.
MM INDICATES DATA IS MISSING.
T  INDICATES TRACE AMOUNT.




$$
