000
CDUS43 KSGF 122225
CLIVIH


CLIMATE REPORT
NATIONAL WEATHER SERVICE SPRINGFIELD MO
525 PM CDT SAT APR 12 2014


...................................

...THE VICHY-ROLLA MO CLIMATE SUMMARY FOR APRIL 12 2014...
VALID TODAY AS OF 0500 PM LOCAL TIME.

CLIMATE NORMAL PERIOD 1981 TO 2010
CLIMATE RECORD PERIOD 1888 TO 2014


WEATHER ITEM   OBSERVED TIME   RECORD YEAR NORMAL DEPARTURE LAST
                VALUE   (LST)  VALUE       VALUE  FROM      YEAR
                                                  NORMAL
..................................................................
TEMPERATURE (F)
 TODAY
  MAXIMUM         81    146 PM  92    1972  66     15       46
  MINIMUM         58    558 AM  24    1957  43     15       33
  AVERAGE         70                        54     16       40

PRECIPITATION (IN)
  TODAY            0.00          1.18 1970   0.14  -0.14     0.00
  MONTH TO DATE    1.75                      1.58   0.17     1.49
  SINCE MAR 1      2.46                      5.03  -2.57     4.75
  SINCE JAN 1      3.92                      9.13  -5.21     9.46

DEGREE DAYS
 COOLING
  TODAY            5                         1      4        0
  MONTH TO DATE    7                         6      1        6
  SINCE MAR 1      7                        10     -3        6
  SINCE JAN 1      7                        10     -3        6
..................................................................


WIND (MPH)
  HIGHEST WIND SPEED    28   HIGHEST WIND DIRECTION     S (170)
  HIGHEST GUST SPEED    33   HIGHEST GUST DIRECTION     S (190)


SKY COVER
  AVERAGE SKY COVER 0.1


WEATHER CONDITIONS
 THE FOLLOWING WEATHER WAS RECORDED TODAY.
  NO SIGNIFICANT WEATHER WAS OBSERVED.


RELATIVE HUMIDITY (PERCENT)
 HIGHEST    84          1200 AM
 LOWEST     45           100 PM
 AVERAGE    65

..........................................................


THE VICHY-ROLLA MO CLIMATE NORMALS FOR TOMORROW
                         NORMAL    RECORD    YEAR
 MAXIMUM TEMPERATURE (F)   66        86      2006
 MINIMUM TEMPERATURE (F)   43        23      1950


SUNRISE AND SUNSET
APRIL 12 2014.........SUNRISE   636 AM CDT   SUNSET   740 PM CDT
APRIL 13 2014.........SUNRISE   634 AM CDT   SUNSET   741 PM CDT


-  INDICATES NEGATIVE NUMBERS.
R  INDICATES RECORD WAS SET OR TIED.
MM INDICATES DATA IS MISSING.
T  INDICATES TRACE AMOUNT.




$$
