000
CDUS43 KSGF 150644
CLIVIH


CLIMATE REPORT
NATIONAL WEATHER SERVICE SPRINGFIELD MO
144 AM CDT WED MAR 15 2017


...................................

...THE VICHY-ROLLA MO CLIMATE SUMMARY FOR MARCH 14 2017...

CLIMATE NORMAL PERIOD 1981 TO 2010
CLIMATE RECORD PERIOD 1888 TO 2017


WEATHER ITEM   OBSERVED TIME   RECORD YEAR NORMAL DEPARTURE LAST
                VALUE   (LST)  VALUE       VALUE  FROM      YEAR
                                                  NORMAL
..................................................................
TEMPERATURE (F)
 YESTERDAY
  MAXIMUM         30   1246 AM  83    2012  56    -26       70
  MINIMUM         19   1159 PM  10    1993  34    -15       48
  AVERAGE         25                        45    -20       59

PRECIPITATION (IN)
  YESTERDAY        T             1.28 2011   0.11  -0.11     0.02
  MONTH TO DATE    0.91                      1.29  -0.38     1.36
  SINCE MAR 1      0.91                      1.29  -0.38     1.36
  SINCE JAN 1      2.97                      5.39  -2.42     3.48

DEGREE DAYS
 HEATING
  YESTERDAY       40                        20     20        6
  MONTH TO DATE  298                       318    -20      191
  SINCE MAR 1    298                       318    -20      191
  SINCE JUL 1   3284                      4108   -824     3394

 COOLING
  YESTERDAY        0                         0      0        0
  MONTH TO DATE    0                         0      0        0
  SINCE MAR 1      0                         0      0        0
  SINCE JAN 1      1                         0      1        0
..................................................................


WIND (MPH)
  HIGHEST WIND SPEED    15   HIGHEST WIND DIRECTION     N (340)
  HIGHEST GUST SPEED    18   HIGHEST GUST DIRECTION     N (340)
  AVERAGE WIND SPEED     8.3


SKY COVER
  AVERAGE SKY COVER 0.8


WEATHER CONDITIONS
 THE FOLLOWING WEATHER WAS RECORDED YESTERDAY.
  LT FREEZING RAIN
  FOG


RELATIVE HUMIDITY (PERCENT)
 HIGHEST    92           100 AM
 LOWEST     63           600 PM
 AVERAGE    78

..........................................................


THE VICHY-ROLLA MO CLIMATE NORMALS FOR TODAY
                         NORMAL    RECORD    YEAR
 MAXIMUM TEMPERATURE (F)   56        82      2016
 MINIMUM TEMPERATURE (F)   34        10      1949


SUNRISE AND SUNSET
MARCH 15 2017.........SUNRISE   718 AM CDT   SUNSET   715 PM CDT
MARCH 16 2017.........SUNRISE   716 AM CDT   SUNSET   715 PM CDT


-  INDICATES NEGATIVE NUMBERS.
R  INDICATES RECORD WAS SET OR TIED.
MM INDICATES DATA IS MISSING.
T  INDICATES TRACE AMOUNT.




$$
