000
CDUS43 KSGF 200630
CLIVIH


CLIMATE REPORT
NATIONAL WEATHER SERVICE SPRINGFIELD MO
1229 AM CST THU NOV 20 2014


...................................

...THE VICHY-ROLLA MO CLIMATE SUMMARY FOR NOVEMBER 19 2014...

CLIMATE NORMAL PERIOD 1981 TO 2010
CLIMATE RECORD PERIOD 1888 TO 2014


WEATHER ITEM   OBSERVED TIME   RECORD YEAR NORMAL DEPARTURE LAST
                VALUE   (LST)  VALUE       VALUE  FROM      YEAR
                                                  NORMAL
..................................................................
TEMPERATURE (F)
 YESTERDAY
  MAXIMUM         43    151 PM  74    1949  54    -11       53
  MINIMUM         22   1159 PM   8    1903  34    -12       31
  AVERAGE         33                        44    -11       42

PRECIPITATION (IN)
  YESTERDAY        0.00          1.09 1950   0.13  -0.13     0.00
  MONTH TO DATE    0.97                      2.42  -1.45     0.99
  SINCE SEP 1      8.53                      9.97  -1.44     6.09
  SINCE JAN 1     25.83                     39.52 -13.69    39.07

DEGREE DAYS
 HEATING
  YESTERDAY       32                        21     11       23
  MONTH TO DATE  529                       331    198      352
  SINCE SEP 1    865                       678    187      709
  SINCE JUL 1    868                       681    187      713

 COOLING
  YESTERDAY        0                         0      0        0
  MONTH TO DATE    0                         0      0        0
  SINCE SEP 1    147                       166    -19      226
  SINCE JAN 1   1186                      1243    -57     1125
..................................................................


WIND (MPH)
  HIGHEST WIND SPEED    24   HIGHEST WIND DIRECTION    NW (300)
  HIGHEST GUST SPEED    30   HIGHEST GUST DIRECTION    NW (310)
  AVERAGE WIND SPEED    12.5


SKY COVER
  AVERAGE SKY COVER 0.2


WEATHER CONDITIONS
 THE FOLLOWING WEATHER WAS RECORDED YESTERDAY.
  NO SIGNIFICANT WEATHER WAS OBSERVED.


RELATIVE HUMIDITY (PERCENT)
 HIGHEST    74          1000 PM
 LOWEST     49           200 PM
 AVERAGE    62

..........................................................


THE VICHY-ROLLA MO CLIMATE NORMALS FOR TODAY
                         NORMAL    RECORD    YEAR
 MAXIMUM TEMPERATURE (F)   53        75      1898
 MINIMUM TEMPERATURE (F)   33        16      1903


SUNRISE AND SUNSET
NOVEMBER 20 2014......SUNRISE   653 AM CST   SUNSET   452 PM CST
NOVEMBER 21 2014......SUNRISE   654 AM CST   SUNSET   451 PM CST


-  INDICATES NEGATIVE NUMBERS.
R  INDICATES RECORD WAS SET OR TIED.
MM INDICATES DATA IS MISSING.
T  INDICATES TRACE AMOUNT.




$$
