000
CDUS43 KSGF 100625
CLIVIH


CLIMATE REPORT
NATIONAL WEATHER SERVICE SPRINGFIELD MO
125 AM CDT THU APR 10 2014


...................................

...THE VICHY-ROLLA MO CLIMATE SUMMARY FOR APRIL 9 2014...

CLIMATE NORMAL PERIOD 1981 TO 2010
CLIMATE RECORD PERIOD 1888 TO 2014


WEATHER ITEM   OBSERVED TIME   RECORD YEAR NORMAL DEPARTURE LAST
                VALUE   (LST)  VALUE       VALUE  FROM      YEAR
                                                  NORMAL
..................................................................
TEMPERATURE (F)
 YESTERDAY
  MAXIMUM         67    356 PM  89    2011  65      2       75
  MINIMUM         30    424 AM  20    2007  42    -12       62
  AVERAGE         49                        53     -4       69

PRECIPITATION (IN)
  YESTERDAY        0.00          0.87 1956   0.14  -0.14     0.00
  MONTH TO DATE    1.75                      1.17   0.58     0.11
  SINCE MAR 1      2.46                      4.62  -2.16     3.37
  SINCE JAN 1      3.92                      8.72  -4.80     8.08

DEGREE DAYS
 HEATING
  YESTERDAY       16                        12      4        0
  MONTH TO DATE  137                       121     16      116
  SINCE MAR 1    888                       735    153      935
  SINCE JUL 1   5194                      4525    669     4521

 COOLING
  YESTERDAY        0                         1     -1        4
  MONTH TO DATE    0                         3     -3        6
  SINCE MAR 1      0                         7     -7        6
  SINCE JAN 1      0                         7     -7        6
..................................................................


WIND (MPH)
  HIGHEST WIND SPEED    20   HIGHEST WIND DIRECTION     S (190)
  HIGHEST GUST SPEED    27   HIGHEST GUST DIRECTION     S (170)
  AVERAGE WIND SPEED     9.8


SKY COVER
  AVERAGE SKY COVER 0.0


WEATHER CONDITIONS
 THE FOLLOWING WEATHER WAS RECORDED YESTERDAY.
  NO SIGNIFICANT WEATHER WAS OBSERVED.


RELATIVE HUMIDITY (PERCENT)
 HIGHEST    85           500 AM
 LOWEST     26           400 PM
 AVERAGE    56

..........................................................


THE VICHY-ROLLA MO CLIMATE NORMALS FOR TODAY
                         NORMAL    RECORD    YEAR
 MAXIMUM TEMPERATURE (F)   65        86      2011
 MINIMUM TEMPERATURE (F)   42        25      2003
                                             1960


SUNRISE AND SUNSET
APRIL 10 2014.........SUNRISE   639 AM CDT   SUNSET   739 PM CDT
APRIL 11 2014.........SUNRISE   637 AM CDT   SUNSET   740 PM CDT


-  INDICATES NEGATIVE NUMBERS.
R  INDICATES RECORD WAS SET OR TIED.
MM INDICATES DATA IS MISSING.
T  INDICATES TRACE AMOUNT.




$$
