044
CDUS43 KSGF 200637
CLIVIH


CLIMATE REPORT
NATIONAL WEATHER SERVICE SPRINGFIELD MO
137 AM CDT FRI MAY 20 2016


...................................

...THE VICHY-ROLLA MO CLIMATE SUMMARY FOR MAY 19 2016...

CLIMATE NORMAL PERIOD 1981 TO 2010
CLIMATE RECORD PERIOD 1888 TO 2016


WEATHER ITEM   OBSERVED TIME   RECORD YEAR NORMAL DEPARTURE LAST
                VALUE   (LST)  VALUE       VALUE  FROM      YEAR
                                                  NORMAL
..................................................................
TEMPERATURE (F)
 YESTERDAY
  MAXIMUM         68    223 PM  92    1996  75     -7       66
  MINIMUM         41    442 AM  37    2002  54    -13       46
  AVERAGE         55                        65    -10       56

PRECIPITATION (IN)
  YESTERDAY        0.00          2.36 1950   0.16  -0.16     0.00
  MONTH TO DATE    2.17                      3.09  -0.92     3.02
  SINCE MAR 1      9.11                     10.76  -1.65     8.16
  SINCE JAN 1     11.23                     14.86  -3.63    10.44

DEGREE DAYS
 HEATING
  YESTERDAY       10                         3      7        9
  MONTH TO DATE  152                        89     63       43
  SINCE MAR 1    840                      1017   -177      881
  SINCE JUL 1   4043                      4807   -764     4998

 COOLING
  YESTERDAY        0                         3     -3        0
  MONTH TO DATE   14                        37    -23       57
  SINCE MAR 1     28                        63    -35       70
  SINCE JAN 1     28                        63    -35       70
..................................................................


WIND (MPH)
  HIGHEST WIND SPEED    10   HIGHEST WIND DIRECTION     E (100)
  HIGHEST GUST SPEED    16   HIGHEST GUST DIRECTION    NE (60)
  AVERAGE WIND SPEED     5.2


SKY COVER
  AVERAGE SKY COVER 0.2


WEATHER CONDITIONS
 THE FOLLOWING WEATHER WAS RECORDED YESTERDAY.
  NO SIGNIFICANT WEATHER WAS OBSERVED.


RELATIVE HUMIDITY (PERCENT)
 HIGHEST    89          1200 AM
 LOWEST     48           100 PM
 AVERAGE    69

..........................................................


THE VICHY-ROLLA MO CLIMATE NORMALS FOR TODAY
                         NORMAL    RECORD    YEAR
 MAXIMUM TEMPERATURE (F)   75        92      1902
 MINIMUM TEMPERATURE (F)   54        36      2002


SUNRISE AND SUNSET
MAY 20 2016...........SUNRISE   552 AM CDT   SUNSET   816 PM CDT
MAY 21 2016...........SUNRISE   551 AM CDT   SUNSET   816 PM CDT


-  INDICATES NEGATIVE NUMBERS.
R  INDICATES RECORD WAS SET OR TIED.
MM INDICATES DATA IS MISSING.
T  INDICATES TRACE AMOUNT.




$$
