000
CDUS43 KSGF 100636
CLIVIH


CLIMATE REPORT
NATIONAL WEATHER SERVICE SPRINGFIELD MO
135 AM CDT SUN SEP 10 2017


...................................

...THE VICHY-ROLLA MO CLIMATE SUMMARY FOR SEPTEMBER 9 2017...

CLIMATE NORMAL PERIOD 1981 TO 2010
CLIMATE RECORD PERIOD 1888 TO 2017


WEATHER ITEM   OBSERVED TIME   RECORD YEAR NORMAL DEPARTURE LAST
                VALUE   (LST)  VALUE       VALUE  FROM      YEAR
                                                  NORMAL
..................................................................
TEMPERATURE (F)
 YESTERDAY
  MAXIMUM         83    111 PM  97    1897  81      2       86
  MINIMUM         58    511 AM  45    1902  59     -1       71
  AVERAGE         71                        70      1       79

PRECIPITATION (IN)
  YESTERDAY        0.00          1.20 2010   0.15  -0.15     0.44
  MONTH TO DATE    T                         1.30  -1.30     1.03
  SINCE SEP 1      T                         1.30  -1.30     1.03
  SINCE JAN 1     38.60                     30.85   7.75    33.37

DEGREE DAYS
 HEATING
  YESTERDAY        0                         1     -1        0
  MONTH TO DATE   12                         3      9        0
  SINCE SEP 1     12                         3      9        0
  SINCE JUL 1     13                         6      7        0

 COOLING
  YESTERDAY        6                         6      0       14
  MONTH TO DATE   34                        65    -31       87
  SINCE SEP 1     34                        65    -31       87
  SINCE JAN 1   1004                      1142   -138     1276
..................................................................


WIND (MPH)
  HIGHEST WIND SPEED    12   HIGHEST WIND DIRECTION     S (200)
  HIGHEST GUST SPEED    MM   HIGHEST GUST DIRECTION    MM
  AVERAGE WIND SPEED     5.7


SKY COVER
  AVERAGE SKY COVER 0.2


WEATHER CONDITIONS
 THE FOLLOWING WEATHER WAS RECORDED YESTERDAY.
  NO SIGNIFICANT WEATHER WAS OBSERVED.


RELATIVE HUMIDITY (PERCENT)
 HIGHEST    87           600 AM
 LOWEST     45          1200 PM
 AVERAGE    66

..........................................................


THE VICHY-ROLLA MO CLIMATE NORMALS FOR TODAY
                         NORMAL    RECORD    YEAR
 MAXIMUM TEMPERATURE (F)   81        96      1897
 MINIMUM TEMPERATURE (F)   59        43      1902


SUNRISE AND SUNSET
SEPTEMBER 10 2017.....SUNRISE   645 AM CDT   SUNSET   722 PM CDT
SEPTEMBER 11 2017.....SUNRISE   646 AM CDT   SUNSET   721 PM CDT


-  INDICATES NEGATIVE NUMBERS.
R  INDICATES RECORD WAS SET OR TIED.
MM INDICATES DATA IS MISSING.
T  INDICATES TRACE AMOUNT.




$$
