000
CDUS43 KSGF 042129
CLIVIH


CLIMATE REPORT
NATIONAL WEATHER SERVICE SPRINGFIELD MO
428 PM CDT FRI AUG 4 2017


...................................

...THE VICHY-ROLLA MO CLIMATE SUMMARY FOR AUGUST 4 2017...
VALID AS OF 0400 PM LOCAL TIME.

CLIMATE NORMAL PERIOD 1981 TO 2010
CLIMATE RECORD PERIOD 1888 TO 2017


WEATHER ITEM   OBSERVED TIME   RECORD YEAR NORMAL DEPARTURE LAST
                VALUE   (LST)  VALUE       VALUE  FROM      YEAR
                                                  NORMAL
..................................................................
TEMPERATURE (F)
 TODAY
  MAXIMUM         79    239 PM  99    2012  89    -10       93
                                      2002
                                      1897
  MINIMUM         60    621 AM  53    1974  66     -6       71
  AVERAGE         70                        78     -8       82

PRECIPITATION (IN)
  TODAY            0.00          2.36 2004   0.12  -0.12     0.00
  MONTH TO DATE    0.01                      0.48  -0.47     2.75
  SINCE JUN 1     10.21                      9.55   0.66    10.85
  SINCE JAN 1     32.65                     26.36   6.29    25.09

DEGREE DAYS
 HEATING
  TODAY            0                         0      0        0
  MONTH TO DATE    0                         0      0        0
  SINCE JUN 1      1                        15    -14        0
  SINCE JUL 1      0                         1     -1        0

 COOLING
  TODAY            5                        13     -8       17
  MONTH TO DATE   43                        52     -9       53
  SINCE JUN 1    684                       669     15      809
  SINCE JAN 1    788                       776     12      887
..................................................................


WIND (MPH)
  HIGHEST WIND SPEED    16   HIGHEST WIND DIRECTION     N (360)
  HIGHEST GUST SPEED    23   HIGHEST GUST DIRECTION     N (10)


SKY COVER
  AVERAGE SKY COVER 0.1


WEATHER CONDITIONS
 THE FOLLOWING WEATHER WAS RECORDED TODAY.
  NO SIGNIFICANT WEATHER WAS OBSERVED.


RELATIVE HUMIDITY (PERCENT)
 HIGHEST    84           500 AM
 LOWEST     35           200 PM
 AVERAGE    60

..........................................................


THE VICHY-ROLLA MO CLIMATE NORMALS FOR TOMORROW
                         NORMAL    RECORD    YEAR
 MAXIMUM TEMPERATURE (F)   89        99      1956
 MINIMUM TEMPERATURE (F)   66        54      1948


SUNRISE AND SUNSET
AUGUST  4 2017........SUNRISE   613 AM CDT   SUNSET   813 PM CDT
AUGUST  5 2017........SUNRISE   613 AM CDT   SUNSET   812 PM CDT


-  INDICATES NEGATIVE NUMBERS.
R  INDICATES RECORD WAS SET OR TIED.
MM INDICATES DATA IS MISSING.
T  INDICATES TRACE AMOUNT.




$$
