000
CDUS43 KSGF 242126
CLIVIH


CLIMATE REPORT
NATIONAL WEATHER SERVICE SPRINGFIELD MO
426 PM CDT SUN APR 24 2016


...................................

...THE VICHY-ROLLA MO CLIMATE SUMMARY FOR APRIL 24 2016...
VALID AS OF 0400 PM LOCAL TIME.

CLIMATE NORMAL PERIOD 1981 TO 2010
CLIMATE RECORD PERIOD 1888 TO 2016


WEATHER ITEM   OBSERVED TIME   RECORD YEAR NORMAL DEPARTURE LAST
                VALUE   (LST)  VALUE       VALUE  FROM      YEAR
                                                  NORMAL
..................................................................
TEMPERATURE (F)
 TODAY
  MAXIMUM         79    259 PM  88    1965  69     10       60
  MINIMUM         56    530 AM  29    1956  47      9       50
  AVERAGE         68                        58     10       55

PRECIPITATION (IN)
  TODAY            0.00          2.46 1975   0.16  -0.16     0.00
  MONTH TO DATE    2.08                      3.30  -1.22     2.06
  SINCE MAR 1      4.94                      6.75  -1.81     5.08
  SINCE JAN 1      7.06                     10.85  -3.79     7.36

DEGREE DAYS
 HEATING
  TODAY            0                         8     -8       10
  MONTH TO DATE  225                       271    -46      175
  SINCE MAR 1    671                       885   -214      787
  SINCE JUL 1   3874                      4675   -801     4904

 COOLING
  TODAY            3                         1      2        0
  MONTH TO DATE    5                        18    -13       13
  SINCE MAR 1      5                        22    -17       13
  SINCE JAN 1      5                        22    -17       13
..................................................................


WIND (MPH)
  HIGHEST WIND SPEED    24   HIGHEST WIND DIRECTION     S (180)
  HIGHEST GUST SPEED    32   HIGHEST GUST DIRECTION     S (190)


SKY COVER
  AVERAGE SKY COVER 0.0


WEATHER CONDITIONS
 THE FOLLOWING WEATHER WAS RECORDED TODAY.
  NO SIGNIFICANT WEATHER WAS OBSERVED.


RELATIVE HUMIDITY (PERCENT)
 HIGHEST    80           600 AM
 LOWEST     39           100 PM
 AVERAGE    60

..........................................................


THE VICHY-ROLLA MO CLIMATE NORMALS FOR TOMORROW
                         NORMAL    RECORD    YEAR
 MAXIMUM TEMPERATURE (F)   69        86      2012
 MINIMUM TEMPERATURE (F)   47        34      2013


SUNRISE AND SUNSET
APRIL 24 2016.........SUNRISE   619 AM CDT   SUNSET   752 PM CDT
APRIL 25 2016.........SUNRISE   617 AM CDT   SUNSET   753 PM CDT


-  INDICATES NEGATIVE NUMBERS.
R  INDICATES RECORD WAS SET OR TIED.
MM INDICATES DATA IS MISSING.
T  INDICATES TRACE AMOUNT.




$$
