000
CDUS43 KSGF 300645
CLIVIH


CLIMATE REPORT
NATIONAL WEATHER SERVICE SPRINGFIELD MO
1245 AM CST WED NOV 30 2016


...................................

...THE VICHY-ROLLA MO CLIMATE SUMMARY FOR NOVEMBER 29 2016...

CLIMATE NORMAL PERIOD 1981 TO 2010
CLIMATE RECORD PERIOD 1888 TO 2016


WEATHER ITEM   OBSERVED TIME   RECORD YEAR NORMAL DEPARTURE LAST
                VALUE   (LST)  VALUE       VALUE  FROM      YEAR
                                                  NORMAL
..................................................................
TEMPERATURE (F)
 YESTERDAY
  MAXIMUM         61    232 PM  71    2006  49     12       37
  MINIMUM         31   1139 PM   6    1976  29      2       36
  AVERAGE         46                        39      7       37

PRECIPITATION (IN)
  YESTERDAY        T             0.79 2001   0.12  -0.12     0.21
  MONTH TO DATE    0.52                      3.75  -3.23    10.01
  SINCE SEP 1      7.72                     11.30  -3.58    12.67
  SINCE JAN 1     40.06                     40.85  -0.79    41.93

DEGREE DAYS
 HEATING
  YESTERDAY       19                        26     -7       28
  MONTH TO DATE  445                       571   -126      446
  SINCE SEP 1    598                       918   -320      696
  SINCE JUL 1    598                       921   -323      698

 COOLING
  YESTERDAY        0                         0      0        0
  MONTH TO DATE   20                         0     20        0
  SINCE SEP 1    293                       166    127      265
  SINCE JAN 1   1482                      1243    239     1280
..................................................................


WIND (MPH)
  HIGHEST WIND SPEED    23   HIGHEST WIND DIRECTION     S (200)
  HIGHEST GUST SPEED    28   HIGHEST GUST DIRECTION     S (200)
  AVERAGE WIND SPEED    11.0


SKY COVER
  AVERAGE SKY COVER 0.1


WEATHER CONDITIONS
 THE FOLLOWING WEATHER WAS RECORDED YESTERDAY.
  LIGHT RAIN


RELATIVE HUMIDITY (PERCENT)
 HIGHEST    86           900 AM
 LOWEST     46           200 PM
 AVERAGE    66

..........................................................


THE VICHY-ROLLA MO CLIMATE NORMALS FOR TODAY
                         NORMAL    RECORD    YEAR
 MAXIMUM TEMPERATURE (F)   48        71      1973
 MINIMUM TEMPERATURE (F)   29         5      1964


SUNRISE AND SUNSET
NOVEMBER 30 2016......SUNRISE   704 AM CST   SUNSET   448 PM CST
DECEMBER  1 2016......SUNRISE   705 AM CST   SUNSET   447 PM CST


-  INDICATES NEGATIVE NUMBERS.
R  INDICATES RECORD WAS SET OR TIED.
MM INDICATES DATA IS MISSING.
T  INDICATES TRACE AMOUNT.




$$
