000
CDUS43 KSGF 260627
CLIVIH


CLIMATE REPORT
NATIONAL WEATHER SERVICE SPRINGFIELD MO
126 AM CDT SUN JUL 26 2015


...................................

...THE VICHY-ROLLA MO CLIMATE SUMMARY FOR JULY 25 2015...

CLIMATE NORMAL PERIOD 1981 TO 2010
CLIMATE RECORD PERIOD 1888 TO 2015


WEATHER ITEM   OBSERVED TIME   RECORD YEAR NORMAL DEPARTURE LAST
                VALUE   (LST)  VALUE       VALUE  FROM      YEAR
                                                  NORMAL
..................................................................
TEMPERATURE (F)
 YESTERDAY
  MAXIMUM         90    504 PM 104    1999  89      1       90
  MINIMUM         70    113 AM  50    1905  67      3       62
  AVERAGE         80                        78      2       76

PRECIPITATION (IN)
  YESTERDAY        T             2.15 1960   0.15  -0.15     0.00
  MONTH TO DATE    5.10                      3.62   1.48     0.11
  SINCE JUN 1     12.55                      8.25   4.30     3.42
  SINCE JAN 1     26.57                     25.06   1.51    13.04

DEGREE DAYS
 HEATING
  YESTERDAY        0                         0      0        0
  MONTH TO DATE    0                         0      0        3
  SINCE JUN 1     15                        14      1        4
  SINCE JUL 1      0                         0      0        3

 COOLING
  YESTERDAY       15                        13      2       11
  MONTH TO DATE  295                       306    -11      188
  SINCE JUN 1    567                       541     26      446
  SINCE JAN 1    674                       648     26      593
..................................................................


WIND (MPH)
  HIGHEST WIND SPEED    18   HIGHEST WIND DIRECTION    NW (320)
  HIGHEST GUST SPEED    25   HIGHEST GUST DIRECTION    NW (330)
  AVERAGE WIND SPEED     6.4


SKY COVER
  AVERAGE SKY COVER 0.1


WEATHER CONDITIONS
 THE FOLLOWING WEATHER WAS RECORDED YESTERDAY.
  LIGHT RAIN


RELATIVE HUMIDITY (PERCENT)
 HIGHEST    93          1200 AM
 LOWEST     59           100 PM
 AVERAGE    76

..........................................................


THE VICHY-ROLLA MO CLIMATE NORMALS FOR TODAY
                         NORMAL    RECORD    YEAR
 MAXIMUM TEMPERATURE (F)   89       101      1999
 MINIMUM TEMPERATURE (F)   67        54      2004


SUNRISE AND SUNSET
JULY 26 2015..........SUNRISE   605 AM CDT   SUNSET   822 PM CDT
JULY 27 2015..........SUNRISE   605 AM CDT   SUNSET   821 PM CDT


-  INDICATES NEGATIVE NUMBERS.
R  INDICATES RECORD WAS SET OR TIED.
MM INDICATES DATA IS MISSING.
T  INDICATES TRACE AMOUNT.




$$
