000
CDUS43 KSGF 170626
CLIVIH


CLIMATE REPORT
NATIONAL WEATHER SERVICE SPRINGFIELD MO
125 AM CDT THU JUL 17 2014


...................................

...THE VICHY-ROLLA MO CLIMATE SUMMARY FOR JULY 16 2014...

CLIMATE NORMAL PERIOD 1981 TO 2010
CLIMATE RECORD PERIOD 1888 TO 2014


WEATHER ITEM   OBSERVED TIME   RECORD YEAR NORMAL DEPARTURE LAST
                VALUE   (LST)  VALUE       VALUE  FROM      YEAR
                                                  NORMAL
..................................................................
TEMPERATURE (F)
 YESTERDAY
  MAXIMUM         76   1255 PM 105    1980  88    -12       89
  MINIMUM         51R   449 AM  60    1967  67    -16       71
  AVERAGE         64                        78    -14       80

PRECIPITATION (IN)
  YESTERDAY        0.00          1.91 1959   0.15  -0.15     0.00
  MONTH TO DATE    0.11                      2.31  -2.20     1.60
  SINCE JUN 1      3.42                      6.94  -3.52     5.39
  SINCE JAN 1     13.04                     23.75 -10.71    26.69

DEGREE DAYS
 HEATING
  YESTERDAY        1                         0      1        0
  MONTH TO DATE    2                         0      2        0
  SINCE JUN 1      3                        14    -11       17
  SINCE JUL 1      2                         0      2        0

 COOLING
  YESTERDAY        0                        13    -13       15
  MONTH TO DATE  114                       189    -75      145
  SINCE JUN 1    372                       424    -52      362
  SINCE JAN 1    519                       531    -12      469
..................................................................


WIND (MPH)
  HIGHEST WIND SPEED    12   HIGHEST WIND DIRECTION     N (10)
  HIGHEST GUST SPEED    16   HIGHEST GUST DIRECTION     N (360)
  AVERAGE WIND SPEED     2.7


SKY COVER
  AVERAGE SKY COVER 0.4


WEATHER CONDITIONS
 THE FOLLOWING WEATHER WAS RECORDED YESTERDAY.
  NO SIGNIFICANT WEATHER WAS OBSERVED.


RELATIVE HUMIDITY (PERCENT)
 HIGHEST    96           500 AM
 LOWEST     38           100 PM
 AVERAGE    67

..........................................................


THE VICHY-ROLLA MO CLIMATE NORMALS FOR TODAY
                         NORMAL    RECORD    YEAR
 MAXIMUM TEMPERATURE (F)   88       108      1954
 MINIMUM TEMPERATURE (F)   67        56      1967


SUNRISE AND SUNSET
JULY 17 2014..........SUNRISE   558 AM CDT   SUNSET   828 PM CDT
JULY 18 2014..........SUNRISE   558 AM CDT   SUNSET   828 PM CDT


-  INDICATES NEGATIVE NUMBERS.
R  INDICATES RECORD WAS SET OR TIED.
MM INDICATES DATA IS MISSING.
T  INDICATES TRACE AMOUNT.




$$
