000
CDUS43 KSGF 152227
CLIVIH


CLIMATE REPORT
NATIONAL WEATHER SERVICE SPRINGFIELD MO
526 PM CDT MON AUG 15 2016


...................................

...THE VICHY-ROLLA MO CLIMATE SUMMARY FOR AUGUST 15 2016...
VALID TODAY AS OF 0500 PM LOCAL TIME.

CLIMATE NORMAL PERIOD 1981 TO 2010
CLIMATE RECORD PERIOD 1888 TO 2016


WEATHER ITEM   OBSERVED TIME   RECORD YEAR NORMAL DEPARTURE LAST
                VALUE   (LST)  VALUE       VALUE  FROM      YEAR
                                                  NORMAL
..................................................................
TEMPERATURE (F)
 TODAY
  MAXIMUM         72    254 PM 107    2007  88    -16       87
  MINIMUM         67    653 AM  46    2004  65      2       61
  AVERAGE         70                        77     -7       74

PRECIPITATION (IN)
  TODAY            0.03          3.06 1980   0.11  -0.08     0.00
  MONTH TO DATE    9.32                      1.74   7.58     1.57
  SINCE JUN 1     17.42                     10.81   6.61    14.42
  SINCE JAN 1     31.66                     27.62   4.04    28.44

DEGREE DAYS
 HEATING
  TODAY            0                         0      0        0
  MONTH TO DATE    0                         0      0        0
  SINCE JUN 1      0                        15    -15       15
  SINCE JUL 1      0                         1     -1        0

 COOLING
  TODAY            5                        12     -7        9
  MONTH TO DATE  186                       187     -1      164
  SINCE JUN 1    942                       804    138      815
  SINCE JAN 1   1020                       911    109      922
..................................................................


WIND (MPH)
  HIGHEST WIND SPEED    14   HIGHEST WIND DIRECTION    NE (50)
  HIGHEST GUST SPEED    20   HIGHEST GUST DIRECTION    NE (60)


SKY COVER
  AVERAGE SKY COVER 0.8


WEATHER CONDITIONS
 THE FOLLOWING WEATHER WAS RECORDED TODAY.
  LIGHT RAIN
  FOG


RELATIVE HUMIDITY (PERCENT)
 HIGHEST   100           300 AM
 LOWEST     90          1000 AM
 AVERAGE    95

..........................................................


THE VICHY-ROLLA MO CLIMATE NORMALS FOR TOMORROW
                         NORMAL    RECORD    YEAR
 MAXIMUM TEMPERATURE (F)   88       104      2007
 MINIMUM TEMPERATURE (F)   65        50      1992


SUNRISE AND SUNSET
AUGUST 15 2016........SUNRISE   622 AM CDT   SUNSET   800 PM CDT
AUGUST 16 2016........SUNRISE   623 AM CDT   SUNSET   758 PM CDT


-  INDICATES NEGATIVE NUMBERS.
R  INDICATES RECORD WAS SET OR TIED.
MM INDICATES DATA IS MISSING.
T  INDICATES TRACE AMOUNT.




$$
