000
CDUS43 KSGF 140658
CLIVIH


CLIMATE REPORT
NATIONAL WEATHER SERVICE SPRINGFIELD MO
156 AM CDT THU JUL 14 2016


...................................

...THE VICHY-ROLLA MO CLIMATE SUMMARY FOR JULY 13 2016...

CLIMATE NORMAL PERIOD 1981 TO 2010
CLIMATE RECORD PERIOD 1888 TO 2016


WEATHER ITEM   OBSERVED TIME   RECORD YEAR NORMAL DEPARTURE LAST
                VALUE   (LST)  VALUE       VALUE  FROM      YEAR
                                                  NORMAL
..................................................................
TEMPERATURE (F)
 YESTERDAY
  MAXIMUM         89   1222 PM 112    1901  88      1       93
  MINIMUM         67    203 PM  49    1898  67      0       74
  AVERAGE         78                        77      1       84

PRECIPITATION (IN)
  YESTERDAY       MM             1.30 1952   0.15  MM        0.00
  MONTH TO DATE    5.24                      1.87   3.37     4.49
  SINCE JUN 1      7.18                      6.50   0.68    11.94
  SINCE JAN 1     21.42                     23.31  -1.89    25.96

DEGREE DAYS
 HEATING
  YESTERDAY        0                         0      0        0
  MONTH TO DATE    0                         0      0        0
  SINCE JUN 1      0                        14    -14       15
  SINCE JUL 1      0                         0      0        0

 COOLING
  YESTERDAY       13                        12      1       19
  MONTH TO DATE  140                       152    -12      126
  SINCE JUN 1    487                       387    100      398
  SINCE JAN 1    565                       494     71      505
..................................................................


WIND (MPH)
  HIGHEST WIND SPEED    51   HIGHEST WIND DIRECTION     W (280)
  HIGHEST GUST SPEED    66   HIGHEST GUST DIRECTION     W (270)
  AVERAGE WIND SPEED     8.2


SKY COVER
  AVERAGE SKY COVER 0.3


WEATHER CONDITIONS
 THE FOLLOWING WEATHER WAS RECORDED YESTERDAY.
  THUNDERSTORM
  LIGHT RAIN
  FOG


RELATIVE HUMIDITY (PERCENT)
 HIGHEST    90           800 PM
 LOWEST     74           200 AM
 AVERAGE    82

..........................................................


THE VICHY-ROLLA MO CLIMATE NORMALS FOR TODAY
                         NORMAL    RECORD    YEAR
 MAXIMUM TEMPERATURE (F)   88       112      1954
 MINIMUM TEMPERATURE (F)   67        46      1898


SUNRISE AND SUNSET
JULY 14 2016..........SUNRISE   556 AM CDT   SUNSET   830 PM CDT
JULY 15 2016..........SUNRISE   557 AM CDT   SUNSET   829 PM CDT


-  INDICATES NEGATIVE NUMBERS.
R  INDICATES RECORD WAS SET OR TIED.
MM INDICATES DATA IS MISSING.
T  INDICATES TRACE AMOUNT.




$$
