000
CDUS43 KSGF 012229
CLIVIH


CLIMATE REPORT
NATIONAL WEATHER SERVICE SPRINGFIELD MO
428 PM CST MON FEB 1 2016


...................................

...THE VICHY-ROLLA MO CLIMATE SUMMARY FOR FEBRUARY 1 2016...
VALID AS OF 0400 PM LOCAL TIME.

CLIMATE NORMAL PERIOD 1981 TO 2010
CLIMATE RECORD PERIOD 1888 TO 2016


WEATHER ITEM   OBSERVED TIME   RECORD YEAR NORMAL DEPARTURE LAST
                VALUE   (LST)  VALUE       VALUE  FROM      YEAR
                                                  NORMAL
..................................................................
TEMPERATURE (F)
 TODAY
  MAXIMUM         55    359 PM  69    1974  42     13       41
  MINIMUM         37    734 AM  -6    1899  22     15       20
  AVERAGE         46                        32     14       31

PRECIPITATION (IN)
  TODAY            0.00          1.84 1952   0.06  -0.06     0.73
  MONTH TO DATE    0.00                      0.06  -0.06     0.73
  SINCE DEC 1     11.06                      4.87   6.19     4.03
  SINCE JAN 1      0.74                      2.23  -1.49     1.66

DEGREE DAYS
 HEATING
  TODAY           19                        33    -14       34
  MONTH TO DATE   19                        33    -14       34
  SINCE DEC 1   1733                      2054   -321     1923
  SINCE JUL 1   2454                      3001   -547     3065

 COOLING
  TODAY            0                         0      0        0
  MONTH TO DATE    0                         0      0        0
  SINCE DEC 1      0                         0      0        0
  SINCE JAN 1      0                         0      0        0
..................................................................


WIND (MPH)
  HIGHEST WIND SPEED    15   HIGHEST WIND DIRECTION    NE (50)
  HIGHEST GUST SPEED    17   HIGHEST GUST DIRECTION    NE (50)


SKY COVER
  AVERAGE SKY COVER 0.4


WEATHER CONDITIONS
 THE FOLLOWING WEATHER WAS RECORDED TODAY.
  NO SIGNIFICANT WEATHER WAS OBSERVED.


RELATIVE HUMIDITY (PERCENT)
 HIGHEST    85           400 AM
 LOWEST     41           300 PM
 AVERAGE    63

..........................................................


THE VICHY-ROLLA MO CLIMATE NORMALS FOR TOMORROW
                         NORMAL    RECORD    YEAR
 MAXIMUM TEMPERATURE (F)   43        70      2003
 MINIMUM TEMPERATURE (F)   23       -10      1951


SUNRISE AND SUNSET
FEBRUARY  1 2016......SUNRISE   712 AM CST   SUNSET   529 PM CST
FEBRUARY  2 2016......SUNRISE   711 AM CST   SUNSET   531 PM CST


-  INDICATES NEGATIVE NUMBERS.
R  INDICATES RECORD WAS SET OR TIED.
MM INDICATES DATA IS MISSING.
T  INDICATES TRACE AMOUNT.




$$
