000
CDUS43 KSGF 122328
CLIVIH


CLIMATE REPORT
NATIONAL WEATHER SERVICE SPRINGFIELD MO
527 PM CST MON FEB 12 2018


...................................

...THE VICHY-ROLLA MO CLIMATE SUMMARY FOR FEBRUARY 12 2018...
VALID TODAY AS OF 0500 PM LOCAL TIME.

CLIMATE NORMAL PERIOD 1981 TO 2010
CLIMATE RECORD PERIOD 1888 TO 2018


WEATHER ITEM   OBSERVED TIME   RECORD YEAR NORMAL DEPARTURE LAST
                VALUE   (LST)  VALUE       VALUE  FROM      YEAR
                                                  NORMAL
..................................................................
TEMPERATURE (F)
 TODAY
  MAXIMUM         36    424 PM  72    1961  45     -9       55
  MINIMUM          8   1229 AM -29    1899  25    -17       27
  AVERAGE         22                        35    -13       41

PRECIPITATION (IN)
  TODAY            0.00          1.41 1948   0.07  -0.07     0.00
  MONTH TO DATE    0.04                      0.79  -0.75      T
  SINCE DEC 1      2.34                      5.60  -3.26     2.46
  SINCE JAN 1      1.70                      2.96  -1.26     1.60

DEGREE DAYS
 COOLING
  TODAY            0                         0      0        0
  MONTH TO DATE    0                         0      0        0
  SINCE DEC 1      0                         0      0        0
  SINCE JAN 1      0                         0      0        0
..................................................................


WIND (MPH)
  HIGHEST WIND SPEED    14   HIGHEST WIND DIRECTION    NE (60)
  HIGHEST GUST SPEED    17   HIGHEST GUST DIRECTION    NE (40)


SKY COVER
  AVERAGE SKY COVER 0.0


WEATHER CONDITIONS
 THE FOLLOWING WEATHER WAS RECORDED TODAY.
  FOG


RELATIVE HUMIDITY (PERCENT)
 HIGHEST   100           600 AM
 LOWEST     52           400 PM
 AVERAGE    76

..........................................................


THE VICHY-ROLLA MO CLIMATE NORMALS FOR TOMORROW
                         NORMAL    RECORD    YEAR
 MAXIMUM TEMPERATURE (F)   45        81      1962
 MINIMUM TEMPERATURE (F)   25       -19      1899


SUNRISE AND SUNSET
FEBRUARY 12 2018......SUNRISE   701 AM CST   SUNSET   542 PM CST
FEBRUARY 13 2018......SUNRISE   659 AM CST   SUNSET   544 PM CST


-  INDICATES NEGATIVE NUMBERS.
R  INDICATES RECORD WAS SET OR TIED.
MM INDICATES DATA IS MISSING.
T  INDICATES TRACE AMOUNT.




$$
