000
CDUS43 KSGF 260631
CLIVIH


CLIMATE REPORT
NATIONAL WEATHER SERVICE SPRINGFIELD MO
1228 AM CST SAT NOV 26 2016


...................................

...THE VICHY-ROLLA MO CLIMATE SUMMARY FOR NOVEMBER 25 2016...

CLIMATE NORMAL PERIOD 1981 TO 2010
CLIMATE RECORD PERIOD 1888 TO 2016


WEATHER ITEM   OBSERVED TIME   RECORD YEAR NORMAL DEPARTURE LAST
                VALUE   (LST)  VALUE       VALUE  FROM      YEAR
                                                  NORMAL
..................................................................
TEMPERATURE (F)
 YESTERDAY
  MAXIMUM         47   1059 AM  76    1990  51     -4       55
  MINIMUM         23   1153 PM   4    1950  31     -8       46
  AVERAGE         35                        41     -6       51

PRECIPITATION (IN)
  YESTERDAY        0.00          1.75 1978   0.14  -0.14     0.00
  MONTH TO DATE    0.35                      3.24  -2.89     7.94
  SINCE SEP 1      7.55                     10.79  -3.24    10.60
  SINCE JAN 1     39.89                     40.34  -0.45    39.86

DEGREE DAYS
 HEATING
  YESTERDAY       30                        24      6       14
  MONTH TO DATE  357                       469   -112      370
  SINCE SEP 1    510                       816   -306      620
  SINCE JUL 1    510                       819   -309      622

 COOLING
  YESTERDAY        0                         0      0        0
  MONTH TO DATE   20                         0     20        0
  SINCE SEP 1    293                       166    127      265
  SINCE JAN 1   1482                      1243    239     1280
..................................................................


WIND (MPH)
  HIGHEST WIND SPEED    14   HIGHEST WIND DIRECTION    NW (320)
  HIGHEST GUST SPEED    19   HIGHEST GUST DIRECTION    NW (300)
  AVERAGE WIND SPEED     5.6


SKY COVER
  AVERAGE SKY COVER 0.7


WEATHER CONDITIONS
 THE FOLLOWING WEATHER WAS RECORDED YESTERDAY.
  FOG
  FOG W/VISIBILITY <= 1/4 MILE


RELATIVE HUMIDITY (PERCENT)
 HIGHEST   100          1200 AM
 LOWEST     71          1100 AM
 AVERAGE    86

..........................................................


THE VICHY-ROLLA MO CLIMATE NORMALS FOR TODAY
                         NORMAL    RECORD    YEAR
 MAXIMUM TEMPERATURE (F)   50        78      1965
 MINIMUM TEMPERATURE (F)   31         7      1977


SUNRISE AND SUNSET
NOVEMBER 26 2016......SUNRISE   700 AM CST   SUNSET   449 PM CST
NOVEMBER 27 2016......SUNRISE   701 AM CST   SUNSET   448 PM CST


-  INDICATES NEGATIVE NUMBERS.
R  INDICATES RECORD WAS SET OR TIED.
MM INDICATES DATA IS MISSING.
T  INDICATES TRACE AMOUNT.




$$
