000
CDUS43 KSGF 280636
CLIVIH


CLIMATE REPORT
NATIONAL WEATHER SERVICE SPRINGFIELD MO
1235 AM CST MON NOV 28 2016


...................................

...THE VICHY-ROLLA MO CLIMATE SUMMARY FOR NOVEMBER 27 2016...

CLIMATE NORMAL PERIOD 1981 TO 2010
CLIMATE RECORD PERIOD 1888 TO 2016


WEATHER ITEM   OBSERVED TIME   RECORD YEAR NORMAL DEPARTURE LAST
                VALUE   (LST)  VALUE       VALUE  FROM      YEAR
                                                  NORMAL
..................................................................
TEMPERATURE (F)
 YESTERDAY
  MAXIMUM         50    138 PM  71    1990  50      0       63
  MINIMUM         34    355 AM   8    1898  30      4       37
  AVERAGE         42                        40      2       50

PRECIPITATION (IN)
  YESTERDAY        0.03          1.84 2015   0.13  -0.10     1.84
  MONTH TO DATE    0.38                      3.50  -3.12     9.78
  SINCE SEP 1      7.58                     11.05  -3.47    12.44
  SINCE JAN 1     39.92                     40.60  -0.68    41.70

DEGREE DAYS
 HEATING
  YESTERDAY       23                        25     -2       15
  MONTH TO DATE  408                       519   -111      389
  SINCE SEP 1    561                       866   -305      639
  SINCE JUL 1    561                       869   -308      641

 COOLING
  YESTERDAY        0                         0      0        0
  MONTH TO DATE   20                         0     20        0
  SINCE SEP 1    293                       166    127      265
  SINCE JAN 1   1482                      1243    239     1280
..................................................................


WIND (MPH)
  HIGHEST WIND SPEED    26   HIGHEST WIND DIRECTION     S (180)
  HIGHEST GUST SPEED    41   HIGHEST GUST DIRECTION     S (180)
  AVERAGE WIND SPEED    13.7


SKY COVER
  AVERAGE SKY COVER 0.7


WEATHER CONDITIONS
 THE FOLLOWING WEATHER WAS RECORDED YESTERDAY.
  THUNDERSTORM
  LIGHT RAIN
  FOG


RELATIVE HUMIDITY (PERCENT)
 HIGHEST   100          1200 AM
 LOWEST     66          1200 PM
 AVERAGE    83

..........................................................


THE VICHY-ROLLA MO CLIMATE NORMALS FOR TODAY
                         NORMAL    RECORD    YEAR
 MAXIMUM TEMPERATURE (F)   49        75      1949
 MINIMUM TEMPERATURE (F)   30         8      1955


SUNRISE AND SUNSET
NOVEMBER 28 2016......SUNRISE   702 AM CST   SUNSET   448 PM CST
NOVEMBER 29 2016......SUNRISE   703 AM CST   SUNSET   448 PM CST


-  INDICATES NEGATIVE NUMBERS.
R  INDICATES RECORD WAS SET OR TIED.
MM INDICATES DATA IS MISSING.
T  INDICATES TRACE AMOUNT.




$$
