000
CDUS43 KSGF 210631
CLIVIH


CLIMATE REPORT
NATIONAL WEATHER SERVICE SPRINGFIELD MO
130 AM CDT TUE MAR 21 2017


...................................

...THE VICHY-ROLLA MO CLIMATE SUMMARY FOR MARCH 20 2017...

CLIMATE NORMAL PERIOD 1981 TO 2010
CLIMATE RECORD PERIOD 1888 TO 2017


WEATHER ITEM   OBSERVED TIME   RECORD YEAR NORMAL DEPARTURE LAST
                VALUE   (LST)  VALUE       VALUE  FROM      YEAR
                                                  NORMAL
..................................................................
TEMPERATURE (F)
 YESTERDAY
  MAXIMUM         83R   449 PM  80    1975  58     25       43
  MINIMUM         52   1234 AM  11    1965  36     16       28
  AVERAGE         68                        47     21       36

PRECIPITATION (IN)
  YESTERDAY        0.04          3.13 1962   0.12  -0.08     0.02
  MONTH TO DATE    0.95                      1.99  -1.04     1.42
  SINCE MAR 1      0.95                      1.99  -1.04     1.42
  SINCE JAN 1      3.01                      6.09  -3.08     3.54

DEGREE DAYS
 HEATING
  YESTERDAY        0                        18    -18       29
  MONTH TO DATE  393                       433    -40      299
  SINCE MAR 1    393                       433    -40      299
  SINCE JUL 1   3379                      4223   -844     3502

 COOLING
  YESTERDAY        3                         0      3        0
  MONTH TO DATE    3                         0      3        0
  SINCE MAR 1      3                         0      3        0
  SINCE JAN 1      4                         0      4        0
..................................................................


WIND (MPH)
  HIGHEST WIND SPEED    18   HIGHEST WIND DIRECTION    SW (220)
  HIGHEST GUST SPEED    24   HIGHEST GUST DIRECTION    SW (210)
  AVERAGE WIND SPEED    10.8


SKY COVER
  AVERAGE SKY COVER 0.1


WEATHER CONDITIONS
 THE FOLLOWING WEATHER WAS RECORDED YESTERDAY.
  THUNDERSTORM
  RAIN
  LIGHT RAIN


RELATIVE HUMIDITY (PERCENT)
 HIGHEST    72           600 AM
 LOWEST     40           400 PM
 AVERAGE    56

..........................................................


THE VICHY-ROLLA MO CLIMATE NORMALS FOR TODAY
                         NORMAL    RECORD    YEAR
 MAXIMUM TEMPERATURE (F)   58        85      1904
 MINIMUM TEMPERATURE (F)   36         7      1900


SUNRISE AND SUNSET
MARCH 21 2017.........SUNRISE   709 AM CDT   SUNSET   720 PM CDT
MARCH 22 2017.........SUNRISE   707 AM CDT   SUNSET   721 PM CDT


-  INDICATES NEGATIVE NUMBERS.
R  INDICATES RECORD WAS SET OR TIED.
MM INDICATES DATA IS MISSING.
T  INDICATES TRACE AMOUNT.




$$
