000
CDUS43 KSGF 052231
CLIVIH


CLIMATE REPORT
NATIONAL WEATHER SERVICE SPRINGFIELD MO
531 PM CDT SAT JUL 5 2014


...................................

...THE VICHY-ROLLA MO CLIMATE SUMMARY FOR JULY 5 2014...
VALID TODAY AS OF 0500 PM LOCAL TIME.

CLIMATE NORMAL PERIOD 1981 TO 2010
CLIMATE RECORD PERIOD 1888 TO 2014


WEATHER ITEM   OBSERVED TIME   RECORD YEAR NORMAL DEPARTURE LAST
                VALUE   (LST)  VALUE       VALUE  FROM      YEAR
                                                  NORMAL
..................................................................
TEMPERATURE (F)
 TODAY
  MAXIMUM         80    243 PM 103    1901  87     -7       85
  MINIMUM         59    358 AM  51    1972  66     -7       61
  AVERAGE         70                        77     -7       73

PRECIPITATION (IN)
  TODAY            0.00          1.48 1951   0.14  -0.14     0.97
  MONTH TO DATE    0.03                      0.70  -0.67     0.98
  SINCE JUN 1      3.34                      5.33  -1.99     4.77
  SINCE JAN 1     12.96                     22.14  -9.18    26.07

DEGREE DAYS
 HEATING
  TODAY            0                         0      0        0
  MONTH TO DATE    0                         0      0        0
  SINCE JUN 1      1                        14    -13       17
  SINCE JUL 1      0                         0      0        0

 COOLING
  TODAY            5                        12     -7        8
  MONTH TO DATE   18                        56    -38       21
  SINCE JUN 1    276                       291    -15      238
  SINCE JAN 1    423                       398     25      345
..................................................................


WIND (MPH)
  HIGHEST WIND SPEED    16   HIGHEST WIND DIRECTION     S (170)
  HIGHEST GUST SPEED    20   HIGHEST GUST DIRECTION    SE (150)


SKY COVER
  AVERAGE SKY COVER 0.3


WEATHER CONDITIONS
 THE FOLLOWING WEATHER WAS RECORDED TODAY.
  NO SIGNIFICANT WEATHER WAS OBSERVED.


RELATIVE HUMIDITY (PERCENT)
 HIGHEST    87           400 AM
 LOWEST     54          1100 AM
 AVERAGE    71

..........................................................


THE VICHY-ROLLA MO CLIMATE NORMALS FOR TOMORROW
                         NORMAL    RECORD    YEAR
 MAXIMUM TEMPERATURE (F)   87       102      2012
 MINIMUM TEMPERATURE (F)   66        51      1972


SUNRISE AND SUNSET
JULY  5 2014..........SUNRISE   550 AM CDT   SUNSET   833 PM CDT
JULY  6 2014..........SUNRISE   550 AM CDT   SUNSET   833 PM CDT


-  INDICATES NEGATIVE NUMBERS.
R  INDICATES RECORD WAS SET OR TIED.
MM INDICATES DATA IS MISSING.
T  INDICATES TRACE AMOUNT.




$$
