000
CDUS43 KSGF 240629
CLIVIH


CLIMATE REPORT
NATIONAL WEATHER SERVICE SPRINGFIELD MO
128 AM CDT FRI MAR 24 2017


...................................

...THE VICHY-ROLLA MO CLIMATE SUMMARY FOR MARCH 23 2017...

CLIMATE NORMAL PERIOD 1981 TO 2010
CLIMATE RECORD PERIOD 1888 TO 2017


WEATHER ITEM   OBSERVED TIME   RECORD YEAR NORMAL DEPARTURE LAST
                VALUE   (LST)  VALUE       VALUE  FROM      YEAR
                                                  NORMAL
..................................................................
TEMPERATURE (F)
 YESTERDAY
  MAXIMUM         77    323 PM  82    1994  59     18       73
  MINIMUM         45    423 AM   8    1974  36      9       56
  AVERAGE         61                        48     13       65

PRECIPITATION (IN)
  YESTERDAY        0.00          1.50 1969   0.12  -0.12      T
  MONTH TO DATE    1.00                      2.36  -1.36     1.42
  SINCE MAR 1      1.00                      2.36  -1.36     1.42
  SINCE JAN 1      3.06                      6.46  -3.40     3.54

DEGREE DAYS
 HEATING
  YESTERDAY        4                        17    -13        0
  MONTH TO DATE  430                       486    -56      327
  SINCE MAR 1    430                       486    -56      327
  SINCE JUL 1   3416                      4276   -860     3530

 COOLING
  YESTERDAY        0                         0      0        0
  MONTH TO DATE    3                         0      3        0
  SINCE MAR 1      3                         0      3        0
  SINCE JAN 1      4                         0      4        0
..................................................................


WIND (MPH)
  HIGHEST WIND SPEED    26   HIGHEST WIND DIRECTION     S (170)
  HIGHEST GUST SPEED    38   HIGHEST GUST DIRECTION     S (160)
  AVERAGE WIND SPEED    15.3


SKY COVER
  AVERAGE SKY COVER 0.5


WEATHER CONDITIONS
 THE FOLLOWING WEATHER WAS RECORDED YESTERDAY.
  NO SIGNIFICANT WEATHER WAS OBSERVED.


RELATIVE HUMIDITY (PERCENT)
 HIGHEST    63           900 PM
 LOWEST     34          1100 AM
 AVERAGE    49

..........................................................


THE VICHY-ROLLA MO CLIMATE NORMALS FOR TODAY
                         NORMAL    RECORD    YEAR
 MAXIMUM TEMPERATURE (F)   59        83      1967
 MINIMUM TEMPERATURE (F)   37         5      1974


SUNRISE AND SUNSET
MARCH 24 2017.........SUNRISE   704 AM CDT   SUNSET   723 PM CDT
MARCH 25 2017.........SUNRISE   702 AM CDT   SUNSET   724 PM CDT


-  INDICATES NEGATIVE NUMBERS.
R  INDICATES RECORD WAS SET OR TIED.
MM INDICATES DATA IS MISSING.
T  INDICATES TRACE AMOUNT.




$$
