000
CDUS43 KSGF 220626
CLIVIH


CLIMATE REPORT
NATIONAL WEATHER SERVICE SPRINGFIELD MO
1226 AM CST SAT NOV 22 2014


...................................

...THE VICHY-ROLLA MO CLIMATE SUMMARY FOR NOVEMBER 21 2014...

CLIMATE NORMAL PERIOD 1981 TO 2010
CLIMATE RECORD PERIOD 1888 TO 2014


WEATHER ITEM   OBSERVED TIME   RECORD YEAR NORMAL DEPARTURE LAST
                VALUE   (LST)  VALUE       VALUE  FROM      YEAR
                                                  NORMAL
..................................................................
TEMPERATURE (F)
 YESTERDAY
  MAXIMUM         46    107 PM  74    1897  53     -7       52
  MINIMUM         25    721 AM   9    2000  33     -8       47
  AVERAGE         36                        43     -7       50

PRECIPITATION (IN)
  YESTERDAY        0.00          1.20 1898   0.13  -0.13     0.52
  MONTH TO DATE    0.97                      2.69  -1.72     1.65
  SINCE SEP 1      8.53                     10.24  -1.71     6.75
  SINCE JAN 1     25.83                     39.79 -13.96    39.73

DEGREE DAYS
 HEATING
  YESTERDAY       29                        22      7       15
  MONTH TO DATE  594                       375    219      388
  SINCE SEP 1    930                       722    208      745
  SINCE JUL 1    933                       725    208      749

 COOLING
  YESTERDAY        0                         0      0        0
  MONTH TO DATE    0                         0      0        0
  SINCE SEP 1    147                       166    -19      226
  SINCE JAN 1   1186                      1243    -57     1125
..................................................................


WIND (MPH)
  HIGHEST WIND SPEED    22   HIGHEST WIND DIRECTION    SE (120)
  HIGHEST GUST SPEED    27   HIGHEST GUST DIRECTION    SE (120)
  AVERAGE WIND SPEED    13.3


SKY COVER
  AVERAGE SKY COVER 0.6


WEATHER CONDITIONS
 THE FOLLOWING WEATHER WAS RECORDED YESTERDAY.
  NO SIGNIFICANT WEATHER WAS OBSERVED.


RELATIVE HUMIDITY (PERCENT)
 HIGHEST    89          1100 PM
 LOWEST     45          1200 PM
 AVERAGE    67

..........................................................


THE VICHY-ROLLA MO CLIMATE NORMALS FOR TODAY
                         NORMAL    RECORD    YEAR
 MAXIMUM TEMPERATURE (F)   52        73      2010
 MINIMUM TEMPERATURE (F)   32         9      1898


SUNRISE AND SUNSET
NOVEMBER 22 2014......SUNRISE   656 AM CST   SUNSET   451 PM CST
NOVEMBER 23 2014......SUNRISE   657 AM CST   SUNSET   450 PM CST


-  INDICATES NEGATIVE NUMBERS.
R  INDICATES RECORD WAS SET OR TIED.
MM INDICATES DATA IS MISSING.
T  INDICATES TRACE AMOUNT.




$$
