000
CDUS43 KSGF 040629
CLIVIH


CLIMATE REPORT
NATIONAL WEATHER SERVICE SPRINGFIELD MO
129 AM CDT WED OCT 4 2017


...................................

...THE VICHY-ROLLA MO CLIMATE SUMMARY FOR OCTOBER 3 2017...

CLIMATE NORMAL PERIOD 1981 TO 2010
CLIMATE RECORD PERIOD 1888 TO 2017


WEATHER ITEM   OBSERVED TIME   RECORD YEAR NORMAL DEPARTURE LAST
                VALUE   (LST)  VALUE       VALUE  FROM      YEAR
                                                  NORMAL
..................................................................
TEMPERATURE (F)
 YESTERDAY
  MAXIMUM         74    135 PM  92    1897  72      2       73
  MINIMUM         67   1009 AM  34    1974  50     17       54
  AVERAGE         71                        61     10       64

PRECIPITATION (IN)
  YESTERDAY        0.21          1.70 1902   0.12   0.09     0.00
  MONTH TO DATE    0.21                      0.37  -0.16     0.00
  SINCE SEP 1      0.40                      4.41  -4.01     4.48
  SINCE JAN 1     39.00                     33.96   5.04    36.82

DEGREE DAYS
 HEATING
  YESTERDAY        0                         6     -6        1
  MONTH TO DATE    0                        17    -17       10
  SINCE SEP 1     17                        78    -61       34
  SINCE JUL 1     18                        81    -63       34

 COOLING
  YESTERDAY        6                         2      4        0
  MONTH TO DATE   20                         6     14        0
  SINCE SEP 1    220                       147     73      211
  SINCE JAN 1   1190                      1224    -34     1400
..................................................................


WIND (MPH)
  HIGHEST WIND SPEED    21   HIGHEST WIND DIRECTION     S (160)
  HIGHEST GUST SPEED    28   HIGHEST GUST DIRECTION     S (160)
  AVERAGE WIND SPEED    10.9


SKY COVER
  AVERAGE SKY COVER 1.0


WEATHER CONDITIONS
 THE FOLLOWING WEATHER WAS RECORDED YESTERDAY.
  THUNDERSTORM
  RAIN
  LIGHT RAIN
  FOG


RELATIVE HUMIDITY (PERCENT)
 HIGHEST   100          1000 PM
 LOWEST     73          1200 AM
 AVERAGE    87

..........................................................


THE VICHY-ROLLA MO CLIMATE NORMALS FOR TODAY
                         NORMAL    RECORD    YEAR
 MAXIMUM TEMPERATURE (F)   71        95      1899
 MINIMUM TEMPERATURE (F)   50        35      2010


SUNRISE AND SUNSET
OCTOBER  4 2017.......SUNRISE   706 AM CDT   SUNSET   645 PM CDT
OCTOBER  5 2017.......SUNRISE   707 AM CDT   SUNSET   643 PM CDT


-  INDICATES NEGATIVE NUMBERS.
R  INDICATES RECORD WAS SET OR TIED.
MM INDICATES DATA IS MISSING.
T  INDICATES TRACE AMOUNT.




$$
