741
CDUS43 KSGF 240626
CLIVIH


CLIMATE REPORT
NATIONAL WEATHER SERVICE SPRINGFIELD MO
125 AM CDT SUN APR 24 2016


...................................

...THE VICHY-ROLLA MO CLIMATE SUMMARY FOR APRIL 23 2016...

CLIMATE NORMAL PERIOD 1981 TO 2010
CLIMATE RECORD PERIOD 1888 TO 2016


WEATHER ITEM   OBSERVED TIME   RECORD YEAR NORMAL DEPARTURE LAST
                VALUE   (LST)  VALUE       VALUE  FROM      YEAR
                                                  NORMAL
..................................................................
TEMPERATURE (F)
 YESTERDAY
  MAXIMUM         77    449 PM  92    1965  69      8       66
  MINIMUM         49    545 AM  31    1903  46      3       35
  AVERAGE         63                        58      5       51

PRECIPITATION (IN)
  YESTERDAY        0.00          0.81 1966   0.15  -0.15     0.00
  MONTH TO DATE    2.08                      3.14  -1.06     2.06
  SINCE MAR 1      4.94                      6.59  -1.65     5.08
  SINCE JAN 1      7.06                     10.69  -3.63     7.36

DEGREE DAYS
 HEATING
  YESTERDAY        2                         8     -6       14
  MONTH TO DATE  225                       263    -38      165
  SINCE MAR 1    671                       877   -206      777
  SINCE JUL 1   3874                      4667   -793     4894

 COOLING
  YESTERDAY        0                         1     -1        0
  MONTH TO DATE    2                        17    -15       13
  SINCE MAR 1      2                        21    -19       13
  SINCE JAN 1      2                        21    -19       13
..................................................................


WIND (MPH)
  HIGHEST WIND SPEED    14   HIGHEST WIND DIRECTION     E (110)
  HIGHEST GUST SPEED    17   HIGHEST GUST DIRECTION     E (110)
  AVERAGE WIND SPEED     6.7


SKY COVER
  AVERAGE SKY COVER 0.0


WEATHER CONDITIONS
 THE FOLLOWING WEATHER WAS RECORDED YESTERDAY.
  FOG
  HAZE


RELATIVE HUMIDITY (PERCENT)
 HIGHEST    96           300 AM
 LOWEST     38           500 PM
 AVERAGE    67

..........................................................


THE VICHY-ROLLA MO CLIMATE NORMALS FOR TODAY
                         NORMAL    RECORD    YEAR
 MAXIMUM TEMPERATURE (F)   69        88      1965
 MINIMUM TEMPERATURE (F)   47        29      1956


SUNRISE AND SUNSET
APRIL 24 2016.........SUNRISE   619 AM CDT   SUNSET   752 PM CDT
APRIL 25 2016.........SUNRISE   617 AM CDT   SUNSET   753 PM CDT


-  INDICATES NEGATIVE NUMBERS.
R  INDICATES RECORD WAS SET OR TIED.
MM INDICATES DATA IS MISSING.
T  INDICATES TRACE AMOUNT.




$$
