924
CDUS43 KSGF 190628
CLIVIH


CLIMATE REPORT
NATIONAL WEATHER SERVICE SPRINGFIELD MO
126 AM CDT MON SEP 19 2016


...................................

...THE VICHY-ROLLA MO CLIMATE SUMMARY FOR SEPTEMBER 18 2016...

CLIMATE NORMAL PERIOD 1981 TO 2010
CLIMATE RECORD PERIOD 1888 TO 2016


WEATHER ITEM   OBSERVED TIME   RECORD YEAR NORMAL DEPARTURE LAST
                VALUE   (LST)  VALUE       VALUE  FROM      YEAR
                                                  NORMAL
..................................................................
TEMPERATURE (F)
 YESTERDAY
  MAXIMUM         80    219 PM  95    1953  78      2       90
  MINIMUM         59    433 AM  34    1901  56      3       69
  AVERAGE         70                        67      3       80

PRECIPITATION (IN)
  YESTERDAY        0.00          1.09 2005   0.12  -0.12     0.21
  MONTH TO DATE    4.08                      2.57   1.51     0.70
  SINCE SEP 1      4.08                      2.57   1.51     0.70
  SINCE JAN 1     36.42                     32.12   4.30    29.96

DEGREE DAYS
 HEATING
  YESTERDAY        0                         2     -2        0
  MONTH TO DATE    3                        16    -13       17
  SINCE SEP 1      3                        16    -13       17
  SINCE JUL 1      3                        19    -16       19

 COOLING
  YESTERDAY        5                         4      1       15
  MONTH TO DATE  137                       109     28      195
  SINCE SEP 1    137                       109     28      195
  SINCE JAN 1   1326                      1186    140     1210
..................................................................


WIND (MPH)
  HIGHEST WIND SPEED    12   HIGHEST WIND DIRECTION    SE (150)
  HIGHEST GUST SPEED    22   HIGHEST GUST DIRECTION    SE (150)
  AVERAGE WIND SPEED     4.5


SKY COVER
  AVERAGE SKY COVER 0.0


WEATHER CONDITIONS
 THE FOLLOWING WEATHER WAS RECORDED YESTERDAY.
  NO SIGNIFICANT WEATHER WAS OBSERVED.


RELATIVE HUMIDITY (PERCENT)
 HIGHEST   100          1200 AM
 LOWEST     58           300 PM
 AVERAGE    79

..........................................................


THE VICHY-ROLLA MO CLIMATE NORMALS FOR TODAY
                         NORMAL    RECORD    YEAR
 MAXIMUM TEMPERATURE (F)   77       100      1954
 MINIMUM TEMPERATURE (F)   55        37      1991


SUNRISE AND SUNSET
SEPTEMBER 19 2016.....SUNRISE   653 AM CDT   SUNSET   708 PM CDT
SEPTEMBER 20 2016.....SUNRISE   654 AM CDT   SUNSET   706 PM CDT


-  INDICATES NEGATIVE NUMBERS.
R  INDICATES RECORD WAS SET OR TIED.
MM INDICATES DATA IS MISSING.
T  INDICATES TRACE AMOUNT.




$$
