421
CDUS43 KSGF 200637
CLIVIH


CLIMATE REPORT
NATIONAL WEATHER SERVICE SPRINGFIELD MO
137 AM CDT MON MAR 20 2017


...................................

...THE VICHY-ROLLA MO CLIMATE SUMMARY FOR MARCH 19 2017...

CLIMATE NORMAL PERIOD 1981 TO 2010
CLIMATE RECORD PERIOD 1888 TO 2017


WEATHER ITEM   OBSERVED TIME   RECORD YEAR NORMAL DEPARTURE LAST
                VALUE   (LST)  VALUE       VALUE  FROM      YEAR
                                                  NORMAL
..................................................................
TEMPERATURE (F)
 YESTERDAY
  MAXIMUM         65    516 PM  81    1995  58      7       46
  MINIMUM         40    332 AM   9    1965  35      5       29
  AVERAGE         53                        46      7       38

PRECIPITATION (IN)
  YESTERDAY        T             1.06 2003   0.12  -0.12     0.01
  MONTH TO DATE    0.91                      1.87  -0.96     1.40
  SINCE MAR 1      0.91                      1.87  -0.96     1.40
  SINCE JAN 1      2.97                      5.97  -3.00     3.52

DEGREE DAYS
 HEATING
  YESTERDAY       12                        19     -7       27
  MONTH TO DATE  393                       415    -22      270
  SINCE MAR 1    393                       415    -22      270
  SINCE JUL 1   3379                      4205   -826     3473

 COOLING
  YESTERDAY        0                         0      0        0
  MONTH TO DATE    0                         0      0        0
  SINCE MAR 1      0                         0      0        0
  SINCE JAN 1      1                         0      1        0
..................................................................


WIND (MPH)
  HIGHEST WIND SPEED    21   HIGHEST WIND DIRECTION     S (180)
  HIGHEST GUST SPEED    29   HIGHEST GUST DIRECTION     E (100)
  AVERAGE WIND SPEED    12.9


SKY COVER
  AVERAGE SKY COVER 0.5


WEATHER CONDITIONS
 THE FOLLOWING WEATHER WAS RECORDED YESTERDAY.
  THUNDERSTORM


RELATIVE HUMIDITY (PERCENT)
 HIGHEST    65           600 AM
 LOWEST     40           500 PM
 AVERAGE    53

..........................................................


THE VICHY-ROLLA MO CLIMATE NORMALS FOR TODAY
                         NORMAL    RECORD    YEAR
 MAXIMUM TEMPERATURE (F)   58        80      1975
 MINIMUM TEMPERATURE (F)   36        11      1965


SUNRISE AND SUNSET
MARCH 20 2017.........SUNRISE   710 AM CDT   SUNSET   719 PM CDT
MARCH 21 2017.........SUNRISE   709 AM CDT   SUNSET   720 PM CDT


-  INDICATES NEGATIVE NUMBERS.
R  INDICATES RECORD WAS SET OR TIED.
MM INDICATES DATA IS MISSING.
T  INDICATES TRACE AMOUNT.




$$
