000
CDUS43 KSGF 102335
CLIVIH


CLIMATE REPORT
NATIONAL WEATHER SERVICE SPRINGFIELD MO
535 PM CST MON NOV 10 2014


...................................

...THE VICHY-ROLLA MO CLIMATE SUMMARY FOR NOVEMBER 10 2014...
VALID TODAY AS OF 0500 PM LOCAL TIME.

CLIMATE NORMAL PERIOD 1981 TO 2010
CLIMATE RECORD PERIOD 1888 TO 2014


WEATHER ITEM   OBSERVED TIME   RECORD YEAR NORMAL DEPARTURE LAST
                VALUE   (LST)  VALUE       VALUE  FROM      YEAR
                                                  NORMAL
..................................................................
TEMPERATURE (F)
 TODAY
  MAXIMUM         71    244 PM  80    1902  58     13       59
  MINIMUM         47    700 AM  17    1960  38      9       35
  AVERAGE         59                        48     11       47

PRECIPITATION (IN)
  TODAY            0.00          1.22 1974   0.14  -0.14     0.00
  MONTH TO DATE    0.77                      1.26  -0.49     0.88
  SINCE SEP 1      8.33                      8.81  -0.48     5.98
  SINCE JAN 1     25.63                     38.36 -12.73    38.96

DEGREE DAYS
 HEATING
  TODAY            6                        17    -11       18
  MONTH TO DATE  184                       156     28      168
  SINCE SEP 1    520                       503     17      525
  SINCE JUL 1    523                       506     17      529

 COOLING
  TODAY            0                         0      0        0
  MONTH TO DATE    0                         0      0        0
  SINCE SEP 1    147                       166    -19      226
  SINCE JAN 1   1186                      1243    -57     1125
..................................................................


WIND (MPH)
  HIGHEST WIND SPEED    32   HIGHEST WIND DIRECTION     S (200)
  HIGHEST GUST SPEED    41   HIGHEST GUST DIRECTION    SW (210)


SKY COVER
  AVERAGE SKY COVER 0.0


WEATHER CONDITIONS
 THE FOLLOWING WEATHER WAS RECORDED TODAY.
  NO SIGNIFICANT WEATHER WAS OBSERVED.


RELATIVE HUMIDITY (PERCENT)
 HIGHEST    76           700 AM
 LOWEST     33           100 PM
 AVERAGE    55

..........................................................


THE VICHY-ROLLA MO CLIMATE NORMALS FOR TOMORROW
                         NORMAL    RECORD    YEAR
 MAXIMUM TEMPERATURE (F)   58        81      1949
 MINIMUM TEMPERATURE (F)   37        15      1950


SUNRISE AND SUNSET
NOVEMBER 10 2014......SUNRISE   643 AM CST   SUNSET   459 PM CST
NOVEMBER 11 2014......SUNRISE   644 AM CST   SUNSET   458 PM CST


-  INDICATES NEGATIVE NUMBERS.
R  INDICATES RECORD WAS SET OR TIED.
MM INDICATES DATA IS MISSING.
T  INDICATES TRACE AMOUNT.




$$
