000
CDUS43 KSGF 222326
CLIVIH


CLIMATE REPORT
NATIONAL WEATHER SERVICE SPRINGFIELD MO
526 PM CST TUE NOV 22 2016


...................................

...THE VICHY-ROLLA MO CLIMATE SUMMARY FOR NOVEMBER 22 2016...
VALID TODAY AS OF 0500 PM LOCAL TIME.

CLIMATE NORMAL PERIOD 1981 TO 2010
CLIMATE RECORD PERIOD 1888 TO 2016


WEATHER ITEM   OBSERVED TIME   RECORD YEAR NORMAL DEPARTURE LAST
                VALUE   (LST)  VALUE       VALUE  FROM      YEAR
                                                  NORMAL
..................................................................
TEMPERATURE (F)
 TODAY
  MAXIMUM         57    405 PM  73    2010  52      5       43
  MINIMUM         40    547 AM   9    1898  32      8       20
  AVERAGE         49                        42      7       32

PRECIPITATION (IN)
  TODAY            0.02          1.46 1963   0.14  -0.12     0.00
  MONTH TO DATE    0.33                      2.83  -2.50     7.94
  SINCE SEP 1      7.53                     10.38  -2.85    10.60
  SINCE JAN 1     39.87                     39.93  -0.06    39.86

DEGREE DAYS
 HEATING
  TODAY           16                        23     -7       33
  MONTH TO DATE  289                       398   -109      322
  SINCE SEP 1    442                       745   -303      572
  SINCE JUL 1    442                       748   -306      574

 COOLING
  TODAY            0                         0      0        0
  MONTH TO DATE   20                         0     20        0
  SINCE SEP 1    293                       166    127      265
  SINCE JAN 1   1482                      1243    239     1280
..................................................................


WIND (MPH)
  HIGHEST WIND SPEED    22   HIGHEST WIND DIRECTION     S (160)
  HIGHEST GUST SPEED    29   HIGHEST GUST DIRECTION     S (180)


SKY COVER
  AVERAGE SKY COVER 0.6


WEATHER CONDITIONS
 THE FOLLOWING WEATHER WAS RECORDED TODAY.
  LIGHT RAIN


RELATIVE HUMIDITY (PERCENT)
 HIGHEST    53           100 AM
 LOWEST     32          1200 PM
 AVERAGE    43

..........................................................


THE VICHY-ROLLA MO CLIMATE NORMALS FOR TOMORROW
                         NORMAL    RECORD    YEAR
 MAXIMUM TEMPERATURE (F)   52        70      1958
 MINIMUM TEMPERATURE (F)   32         7      1950


SUNRISE AND SUNSET
NOVEMBER 22 2016......SUNRISE   656 AM CST   SUNSET   450 PM CST
NOVEMBER 23 2016......SUNRISE   657 AM CST   SUNSET   450 PM CST


-  INDICATES NEGATIVE NUMBERS.
R  INDICATES RECORD WAS SET OR TIED.
MM INDICATES DATA IS MISSING.
T  INDICATES TRACE AMOUNT.




$$
