000
CDUS43 KSGF 060629
CLIVIH


CLIMATE REPORT
NATIONAL WEATHER SERVICE SPRINGFIELD MO
128 AM CDT SUN AUG 6 2017


...................................

...THE VICHY-ROLLA MO CLIMATE SUMMARY FOR AUGUST 5 2017...

CLIMATE NORMAL PERIOD 1981 TO 2010
CLIMATE RECORD PERIOD 1888 TO 2017


WEATHER ITEM   OBSERVED TIME   RECORD YEAR NORMAL DEPARTURE LAST
                VALUE   (LST)  VALUE       VALUE  FROM      YEAR
                                                  NORMAL
..................................................................
TEMPERATURE (F)
 YESTERDAY
  MAXIMUM         74   1009 AM  99    1956  89    -15       91
  MINIMUM         53R   256 AM  54    1948  66    -13       72
  AVERAGE         64                        78    -14       82

PRECIPITATION (IN)
  YESTERDAY        1.37          3.30 2016   0.12   1.25     3.30
  MONTH TO DATE    1.38                      0.60   0.78     6.05
  SINCE JUN 1     11.58                      9.67   1.91    14.15
  SINCE JAN 1     34.02                     26.48   7.54    28.39

DEGREE DAYS
 HEATING
  YESTERDAY        1                         0      1        0
  MONTH TO DATE    1                         0      1        0
  SINCE JUN 1      2                        15    -13        0
  SINCE JUL 1      1                         1      0        0

 COOLING
  YESTERDAY        0                        13    -13       17
  MONTH TO DATE   41                        65    -24       70
  SINCE JUN 1    682                       682      0      826
  SINCE JAN 1    786                       789     -3      904
..................................................................


WIND (MPH)
  HIGHEST WIND SPEED    23   HIGHEST WIND DIRECTION     S (160)
  HIGHEST GUST SPEED    29   HIGHEST GUST DIRECTION     S (160)
  AVERAGE WIND SPEED     8.7


SKY COVER
  AVERAGE SKY COVER 0.5


WEATHER CONDITIONS
 THE FOLLOWING WEATHER WAS RECORDED YESTERDAY.
  THUNDERSTORM
  HEAVY RAIN
  RAIN
  LIGHT RAIN
  FOG


RELATIVE HUMIDITY (PERCENT)
 HIGHEST   100           600 PM
 LOWEST     53          1000 AM
 AVERAGE    77

..........................................................


THE VICHY-ROLLA MO CLIMATE NORMALS FOR TODAY
                         NORMAL    RECORD    YEAR
 MAXIMUM TEMPERATURE (F)   89       100      2006
 MINIMUM TEMPERATURE (F)   66        52      2004


SUNRISE AND SUNSET
AUGUST  6 2017........SUNRISE   614 AM CDT   SUNSET   811 PM CDT
AUGUST  7 2017........SUNRISE   615 AM CDT   SUNSET   810 PM CDT


-  INDICATES NEGATIVE NUMBERS.
R  INDICATES RECORD WAS SET OR TIED.
MM INDICATES DATA IS MISSING.
T  INDICATES TRACE AMOUNT.




$$
