000
CDUS43 KSGF 220626
CLIVIH


CLIMATE REPORT
NATIONAL WEATHER SERVICE SPRINGFIELD MO
1225 AM CST THU JAN 22 2015


...................................

...THE VICHY-ROLLA MO CLIMATE SUMMARY FOR JANUARY 21 2015...

CLIMATE NORMAL PERIOD 1981 TO 2010
CLIMATE RECORD PERIOD 1888 TO 2015


WEATHER ITEM   OBSERVED TIME   RECORD YEAR NORMAL DEPARTURE LAST
                VALUE   (LST)  VALUE       VALUE  FROM      YEAR
                                                  NORMAL
..................................................................
TEMPERATURE (F)
 YESTERDAY
  MAXIMUM         47    311 PM  68    1974  41      6       35
  MINIMUM         26   1133 PM  -9    1970  21      5        9
  AVERAGE         37                        31      6       22

PRECIPITATION (IN)
  YESTERDAY        0.00          0.69 2010   0.07  -0.07      T
  MONTH TO DATE    0.83                      1.56  -0.73     0.85
  SINCE DEC 1      3.20                      4.20  -1.00     2.72
  SINCE JAN 1      0.83                      1.56  -0.73     0.85

DEGREE DAYS
 HEATING
  YESTERDAY       28                        34     -6       43
  MONTH TO DATE  749                       714     35      790
  SINCE DEC 1   1621                      1684    -63     1827
  SINCE JUL 1   2763                      2631    132     2877

 COOLING
  YESTERDAY        0                         0      0        0
  MONTH TO DATE    0                         0      0        0
  SINCE DEC 1      0                         0      0        0
  SINCE JAN 1      0                         0      0        0
..................................................................


WIND (MPH)
  HIGHEST WIND SPEED    22   HIGHEST WIND DIRECTION    NW (300)
  HIGHEST GUST SPEED    28   HIGHEST GUST DIRECTION    NW (310)
  AVERAGE WIND SPEED     9.0


SKY COVER
  AVERAGE SKY COVER 0.0


WEATHER CONDITIONS
 THE FOLLOWING WEATHER WAS RECORDED YESTERDAY.
  NO SIGNIFICANT WEATHER WAS OBSERVED.


RELATIVE HUMIDITY (PERCENT)
 HIGHEST   100           600 AM
 LOWEST     38           300 PM
 AVERAGE    69

..........................................................


THE VICHY-ROLLA MO CLIMATE NORMALS FOR TODAY
                         NORMAL    RECORD    YEAR
 MAXIMUM TEMPERATURE (F)   41        72      1967
 MINIMUM TEMPERATURE (F)   21        -1      1959


SUNRISE AND SUNSET
JANUARY 22 2015.......SUNRISE   719 AM CST   SUNSET   519 PM CST
JANUARY 23 2015.......SUNRISE   718 AM CST   SUNSET   520 PM CST


-  INDICATES NEGATIVE NUMBERS.
R  INDICATES RECORD WAS SET OR TIED.
MM INDICATES DATA IS MISSING.
T  INDICATES TRACE AMOUNT.




$$
