000
CDUS43 KSGF 120632
CLIVIH


CLIMATE REPORT
NATIONAL WEATHER SERVICE SPRINGFIELD MO
132 AM CDT MON JUN 12 2017


...................................

...THE VICHY-ROLLA MO CLIMATE SUMMARY FOR JUNE 11 2017...

CLIMATE NORMAL PERIOD 1981 TO 2010
CLIMATE RECORD PERIOD 1888 TO 2017


WEATHER ITEM   OBSERVED TIME   RECORD YEAR NORMAL DEPARTURE LAST
                VALUE   (LST)  VALUE       VALUE  FROM      YEAR
                                                  NORMAL
..................................................................
TEMPERATURE (F)
 YESTERDAY
  MAXIMUM         86    309 PM  99    1953  81      5       88
  MINIMUM         67    516 AM  45    1972  61      6       68
  AVERAGE         77                        71      6       78

PRECIPITATION (IN)
  YESTERDAY        0.00          2.14 2006   0.15  -0.15     0.00
  MONTH TO DATE    0.84                      1.78  -0.94     0.81
  SINCE JUN 1      0.84                      1.78  -0.94     0.81
  SINCE JAN 1     23.28                     18.59   4.69    15.05

DEGREE DAYS
 HEATING
  YESTERDAY        0                         1     -1        0
  MONTH TO DATE    1                        11    -10        0
  SINCE JUN 1      1                        11    -10        0
  SINCE JUL 1   3804                      4845  -1041     4052

 COOLING
  YESTERDAY       12                         7      5       13
  MONTH TO DATE   60                        63     -3       72
  SINCE JUN 1     60                        63     -3       72
  SINCE JAN 1    164                       170     -6      150
..................................................................


WIND (MPH)
  HIGHEST WIND SPEED    22   HIGHEST WIND DIRECTION     S (190)
  HIGHEST GUST SPEED    28   HIGHEST GUST DIRECTION     S (190)
  AVERAGE WIND SPEED    14.0


SKY COVER
  AVERAGE SKY COVER 0.1


WEATHER CONDITIONS
 THE FOLLOWING WEATHER WAS RECORDED YESTERDAY.
  NO SIGNIFICANT WEATHER WAS OBSERVED.


RELATIVE HUMIDITY (PERCENT)
 HIGHEST    81           400 AM
 LOWEST     51           300 PM
 AVERAGE    66

..........................................................


THE VICHY-ROLLA MO CLIMATE NORMALS FOR TODAY
                         NORMAL    RECORD    YEAR
 MAXIMUM TEMPERATURE (F)   82        98      1952
 MINIMUM TEMPERATURE (F)   61        45      1903


SUNRISE AND SUNSET
JUNE 12 2017..........SUNRISE   544 AM CDT   SUNSET   831 PM CDT
JUNE 13 2017..........SUNRISE   543 AM CDT   SUNSET   831 PM CDT


-  INDICATES NEGATIVE NUMBERS.
R  INDICATES RECORD WAS SET OR TIED.
MM INDICATES DATA IS MISSING.
T  INDICATES TRACE AMOUNT.




$$
