000
CDUS43 KSGF 150641
CLIVIH


CLIMATE REPORT
NATIONAL WEATHER SERVICE SPRINGFIELD MO
1241 AM CST WED FEB 15 2017


...................................

...THE VICHY-ROLLA MO CLIMATE SUMMARY FOR FEBRUARY 14 2017...

CLIMATE NORMAL PERIOD 1981 TO 2010
CLIMATE RECORD PERIOD 1888 TO 2017


WEATHER ITEM   OBSERVED TIME   RECORD YEAR NORMAL DEPARTURE LAST
                VALUE   (LST)  VALUE       VALUE  FROM      YEAR
                                                  NORMAL
..................................................................
TEMPERATURE (F)
 YESTERDAY
  MAXIMUM         52    336 PM  76    1954  45      7       31
  MINIMUM         38    620 AM   9    1899  25     13       21
  AVERAGE         45                        35     10       26

PRECIPITATION (IN)
  YESTERDAY        0.00          1.50 1949   0.06  -0.06     0.15
  MONTH TO DATE    T                         0.92  -0.92     0.36
  SINCE DEC 1      2.46                      5.73  -3.27    11.42
  SINCE JAN 1      1.60                      3.09  -1.49     1.10

DEGREE DAYS
 HEATING
  YESTERDAY       20                        30    -10       39
  MONTH TO DATE  344                       438    -94      460
  SINCE DEC 1   2176                      2459   -283     2174
  SINCE JUL 1   2804                      3406   -602     2895

 COOLING
  YESTERDAY        0                         0      0        0
  MONTH TO DATE    0                         0      0        0
  SINCE DEC 1      0                         0      0        0
  SINCE JAN 1      0                         0      0        0
..................................................................


WIND (MPH)
  HIGHEST WIND SPEED    12   HIGHEST WIND DIRECTION    NW (330)
  HIGHEST GUST SPEED    28   HIGHEST GUST DIRECTION    SE (150)
  AVERAGE WIND SPEED     6.1


SKY COVER
  AVERAGE SKY COVER 0.3


WEATHER CONDITIONS
 THE FOLLOWING WEATHER WAS RECORDED YESTERDAY.
  NO SIGNIFICANT WEATHER WAS OBSERVED.


RELATIVE HUMIDITY (PERCENT)
 HIGHEST    79           400 AM
 LOWEST     38           100 PM
 AVERAGE    59

..........................................................


THE VICHY-ROLLA MO CLIMATE NORMALS FOR TODAY
                         NORMAL    RECORD    YEAR
 MAXIMUM TEMPERATURE (F)   46        73      2005
 MINIMUM TEMPERATURE (F)   25         0      1958


SUNRISE AND SUNSET
FEBRUARY 15 2017......SUNRISE   657 AM CST   SUNSET   546 PM CST
FEBRUARY 16 2017......SUNRISE   656 AM CST   SUNSET   547 PM CST


-  INDICATES NEGATIVE NUMBERS.
R  INDICATES RECORD WAS SET OR TIED.
MM INDICATES DATA IS MISSING.
T  INDICATES TRACE AMOUNT.




$$
