000
CDUS43 KSGF 120628
CLIVIH


CLIMATE REPORT
NATIONAL WEATHER SERVICE SPRINGFIELD MO
1228 AM CST THU JAN 12 2017


...................................

...THE VICHY-ROLLA MO CLIMATE SUMMARY FOR JANUARY 11 2017...

CLIMATE NORMAL PERIOD 1981 TO 2010
CLIMATE RECORD PERIOD 1888 TO 2017


WEATHER ITEM   OBSERVED TIME   RECORD YEAR NORMAL DEPARTURE LAST
                VALUE   (LST)  VALUE       VALUE  FROM      YEAR
                                                  NORMAL
..................................................................
TEMPERATURE (F)
 YESTERDAY
  MAXIMUM         71R   347 PM  67    1995  40     31       38
  MINIMUM         33   1220 AM -11    1977  21     12       13
  AVERAGE         52                        31     21       26

PRECIPITATION (IN)
  YESTERDAY        0.00          0.35 1946   0.08  -0.08     0.00
  MONTH TO DATE    0.12                      0.84  -0.72     0.67
  SINCE DEC 1      0.98                      3.48  -2.50    10.99
  SINCE JAN 1      0.12                      0.84  -0.72     0.67

DEGREE DAYS
 HEATING
  YESTERDAY       13                        34    -21       39
  MONTH TO DATE  388                       374     14      371
  SINCE DEC 1   1333                      1344    -11     1046
  SINCE JUL 1   1961                      2291   -330     1767

 COOLING
  YESTERDAY        0                         0      0        0
  MONTH TO DATE    0                         0      0        0
  SINCE DEC 1      0                         0      0        0
  SINCE JAN 1      0                         0      0        0
..................................................................


WIND (MPH)
  HIGHEST WIND SPEED    35   HIGHEST WIND DIRECTION     S (190)
  HIGHEST GUST SPEED    45   HIGHEST GUST DIRECTION     S (200)
  AVERAGE WIND SPEED    15.8


SKY COVER
  AVERAGE SKY COVER 0.3


WEATHER CONDITIONS
 THE FOLLOWING WEATHER WAS RECORDED YESTERDAY.
  NO SIGNIFICANT WEATHER WAS OBSERVED.


RELATIVE HUMIDITY (PERCENT)
 HIGHEST    89          1000 AM
 LOWEST     53           300 PM
 AVERAGE    71

..........................................................


THE VICHY-ROLLA MO CLIMATE NORMALS FOR TODAY
                         NORMAL    RECORD    YEAR
 MAXIMUM TEMPERATURE (F)   40        68      1995
 MINIMUM TEMPERATURE (F)   21        -5      1903


SUNRISE AND SUNSET
JANUARY 12 2017.......SUNRISE   723 AM CST   SUNSET   508 PM CST
JANUARY 13 2017.......SUNRISE   723 AM CST   SUNSET   509 PM CST


-  INDICATES NEGATIVE NUMBERS.
R  INDICATES RECORD WAS SET OR TIED.
MM INDICATES DATA IS MISSING.
T  INDICATES TRACE AMOUNT.




$$
