000
CDUS43 KSGF 210629
CLIVIH


CLIMATE REPORT
NATIONAL WEATHER SERVICE SPRINGFIELD MO
1228 AM CST WED JAN 21 2015


...................................

...THE VICHY-ROLLA MO CLIMATE SUMMARY FOR JANUARY 20 2015...

CLIMATE NORMAL PERIOD 1981 TO 2010
CLIMATE RECORD PERIOD 1888 TO 2015


WEATHER ITEM   OBSERVED TIME   RECORD YEAR NORMAL DEPARTURE LAST
                VALUE   (LST)  VALUE       VALUE  FROM      YEAR
                                                  NORMAL
..................................................................
TEMPERATURE (F)
 YESTERDAY
  MAXIMUM         45    404 PM  65    2010  41      4       54
  MINIMUM         32    707 AM  -4    1970  21     11       26
  AVERAGE         39                        31      8       40

PRECIPITATION (IN)
  YESTERDAY        0.00          0.74 1993   0.06  -0.06     0.00
  MONTH TO DATE    0.83                      1.49  -0.66     0.85
  SINCE DEC 1      3.20                      4.13  -0.93     2.72
  SINCE JAN 1      0.83                      1.49  -0.66     0.85

DEGREE DAYS
 HEATING
  YESTERDAY       26                        34     -8       25
  MONTH TO DATE  721                       680     41      747
  SINCE DEC 1   1593                      1650    -57     1784
  SINCE JUL 1   2735                      2597    138     2834

 COOLING
  YESTERDAY        0                         0      0        0
  MONTH TO DATE    0                         0      0        0
  SINCE DEC 1      0                         0      0        0
  SINCE JAN 1      0                         0      0        0
..................................................................


WIND (MPH)
  HIGHEST WIND SPEED    12   HIGHEST WIND DIRECTION     W (250)
  HIGHEST GUST SPEED    16   HIGHEST GUST DIRECTION     W (280)
  AVERAGE WIND SPEED     7.6


SKY COVER
  AVERAGE SKY COVER 0.4


WEATHER CONDITIONS
 THE FOLLOWING WEATHER WAS RECORDED YESTERDAY.
  HAZE


RELATIVE HUMIDITY (PERCENT)
 HIGHEST    75           600 AM
 LOWEST     57          1000 AM
 AVERAGE    66

..........................................................


THE VICHY-ROLLA MO CLIMATE NORMALS FOR TODAY
                         NORMAL    RECORD    YEAR
 MAXIMUM TEMPERATURE (F)   41        68      1974
 MINIMUM TEMPERATURE (F)   21        -9      1970


SUNRISE AND SUNSET
JANUARY 21 2015.......SUNRISE   720 AM CST   SUNSET   517 PM CST
JANUARY 22 2015.......SUNRISE   719 AM CST   SUNSET   519 PM CST


-  INDICATES NEGATIVE NUMBERS.
R  INDICATES RECORD WAS SET OR TIED.
MM INDICATES DATA IS MISSING.
T  INDICATES TRACE AMOUNT.




$$
