000
CDUS43 KSGF 180626
CLIVIH


CLIMATE REPORT
NATIONAL WEATHER SERVICE SPRINGFIELD MO
126 AM CDT FRI JUL 18 2014


...................................

...THE VICHY-ROLLA MO CLIMATE SUMMARY FOR JULY 17 2014...

CLIMATE NORMAL PERIOD 1981 TO 2010
CLIMATE RECORD PERIOD 1888 TO 2014


WEATHER ITEM   OBSERVED TIME   RECORD YEAR NORMAL DEPARTURE LAST
                VALUE   (LST)  VALUE       VALUE  FROM      YEAR
                                                  NORMAL
..................................................................
TEMPERATURE (F)
 YESTERDAY
  MAXIMUM         77    234 PM 108    1954  88    -11       94
  MINIMUM         51R   505 AM  56    1967  67    -16       70
  AVERAGE         64                        78    -14       82

PRECIPITATION (IN)
  YESTERDAY        0.00          0.79 1900   0.15  -0.15     0.00
  MONTH TO DATE    0.11                      2.46  -2.35     1.60
  SINCE JUN 1      3.42                      7.09  -3.67     5.39
  SINCE JAN 1     13.04                     23.90 -10.86    26.69

DEGREE DAYS
 HEATING
  YESTERDAY        1                         0      1        0
  MONTH TO DATE    3                         0      3        0
  SINCE JUN 1      4                        14    -10       17
  SINCE JUL 1      3                         0      3        0

 COOLING
  YESTERDAY        0                        13    -13       17
  MONTH TO DATE  114                       202    -88      162
  SINCE JUN 1    372                       437    -65      379
  SINCE JAN 1    519                       544    -25      486
..................................................................


WIND (MPH)
  HIGHEST WIND SPEED     9   HIGHEST WIND DIRECTION    SE (150)
  HIGHEST GUST SPEED    16   HIGHEST GUST DIRECTION    SE (150)
  AVERAGE WIND SPEED     3.2


SKY COVER
  AVERAGE SKY COVER 0.2


WEATHER CONDITIONS
 THE FOLLOWING WEATHER WAS RECORDED YESTERDAY.
  NO SIGNIFICANT WEATHER WAS OBSERVED.


RELATIVE HUMIDITY (PERCENT)
 HIGHEST    89           500 AM
 LOWEST     43           100 PM
 AVERAGE    66

..........................................................


THE VICHY-ROLLA MO CLIMATE NORMALS FOR TODAY
                         NORMAL    RECORD    YEAR
 MAXIMUM TEMPERATURE (F)   89       113      1954
 MINIMUM TEMPERATURE (F)   67        58      2009
                                             1979


SUNRISE AND SUNSET
JULY 18 2014..........SUNRISE   558 AM CDT   SUNSET   828 PM CDT
JULY 19 2014..........SUNRISE   559 AM CDT   SUNSET   827 PM CDT


-  INDICATES NEGATIVE NUMBERS.
R  INDICATES RECORD WAS SET OR TIED.
MM INDICATES DATA IS MISSING.
T  INDICATES TRACE AMOUNT.




$$
