000
CDUS43 KSGF 240630
CLIVIH


CLIMATE REPORT
NATIONAL WEATHER SERVICE SPRINGFIELD MO
1230 AM CST THU NOV 24 2016


...................................

...THE VICHY-ROLLA MO CLIMATE SUMMARY FOR NOVEMBER 23 2016...

CLIMATE NORMAL PERIOD 1981 TO 2010
CLIMATE RECORD PERIOD 1888 TO 2016


WEATHER ITEM   OBSERVED TIME   RECORD YEAR NORMAL DEPARTURE LAST
                VALUE   (LST)  VALUE       VALUE  FROM      YEAR
                                                  NORMAL
..................................................................
TEMPERATURE (F)
 YESTERDAY
  MAXIMUM         60   1257 PM  70    1958  52      8       60
  MINIMUM         41   1159 PM   7    1950  32      9       31
  AVERAGE         51                        42      9       46

PRECIPITATION (IN)
  YESTERDAY        T             1.65 1901   0.13  -0.13     0.00
  MONTH TO DATE    0.35                      2.96  -2.61     7.94
  SINCE SEP 1      7.55                     10.51  -2.96    10.60
  SINCE JAN 1     39.89                     40.06  -0.17    39.86

DEGREE DAYS
 HEATING
  YESTERDAY       14                        23     -9       19
  MONTH TO DATE  303                       421   -118      341
  SINCE SEP 1    456                       768   -312      591
  SINCE JUL 1    456                       771   -315      593

 COOLING
  YESTERDAY        0                         0      0        0
  MONTH TO DATE   20                         0     20        0
  SINCE SEP 1    293                       166    127      265
  SINCE JAN 1   1482                      1243    239     1280
..................................................................


WIND (MPH)
  HIGHEST WIND SPEED    21   HIGHEST WIND DIRECTION     W (280)
  HIGHEST GUST SPEED    27   HIGHEST GUST DIRECTION     S (160)
  AVERAGE WIND SPEED    12.6


SKY COVER
  AVERAGE SKY COVER 1.0


WEATHER CONDITIONS
 THE FOLLOWING WEATHER WAS RECORDED YESTERDAY.
  LIGHT RAIN
  FOG


RELATIVE HUMIDITY (PERCENT)
 HIGHEST   100           900 AM
 LOWEST     75           100 PM
 AVERAGE    88

..........................................................


THE VICHY-ROLLA MO CLIMATE NORMALS FOR TODAY
                         NORMAL    RECORD    YEAR
 MAXIMUM TEMPERATURE (F)   51        71      1966
 MINIMUM TEMPERATURE (F)   32         4      1950


SUNRISE AND SUNSET
NOVEMBER 24 2016......SUNRISE   658 AM CST   SUNSET   449 PM CST
NOVEMBER 25 2016......SUNRISE   659 AM CST   SUNSET   449 PM CST


-  INDICATES NEGATIVE NUMBERS.
R  INDICATES RECORD WAS SET OR TIED.
MM INDICATES DATA IS MISSING.
T  INDICATES TRACE AMOUNT.




$$
