000
CDUS43 KSGF 152129
CLIVIH


CLIMATE REPORT
NATIONAL WEATHER SERVICE SPRINGFIELD MO
429 PM CDT FRI MAY 15 2015


...................................

...THE VICHY-ROLLA MO CLIMATE SUMMARY FOR MAY 15 2015...
VALID AS OF 0400 PM LOCAL TIME.

CLIMATE NORMAL PERIOD 1981 TO 2010
CLIMATE RECORD PERIOD 1888 TO 2015


WEATHER ITEM   OBSERVED TIME   RECORD YEAR NORMAL DEPARTURE LAST
                VALUE   (LST)  VALUE       VALUE  FROM      YEAR
                                                  NORMAL
..................................................................
TEMPERATURE (F)
 TODAY
  MAXIMUM         78   1050 AM  95    1899  74      4       62
  MINIMUM         62    256 AM  37    2014  53      9       37
                                      1904
  AVERAGE         70                        64      6       50

PRECIPITATION (IN)
  TODAY            0.02          1.18 1948   0.17  -0.15     0.04
  MONTH TO DATE    2.74                      2.45   0.29     1.44
  SINCE MAR 1      7.88                     10.12  -2.24     5.80
  SINCE JAN 1     10.16                     14.22  -4.06     7.26

DEGREE DAYS
 HEATING
  TODAY            0                         4     -4       15
  MONTH TO DATE   34                        75    -41       79
  SINCE MAR 1    872                      1003   -131     1125
  SINCE JUL 1   4989                      4793    196     5431

 COOLING
  TODAY            5                         3      2        0
  MONTH TO DATE   44                        25     19       57
  SINCE MAR 1     57                        51      6       69
  SINCE JAN 1     57                        51      6       69
..................................................................


WIND (MPH)
  HIGHEST WIND SPEED    21   HIGHEST WIND DIRECTION     S (170)
  HIGHEST GUST SPEED    26   HIGHEST GUST DIRECTION     S (170)


SKY COVER
  AVERAGE SKY COVER 0.2


WEATHER CONDITIONS
 THE FOLLOWING WEATHER WAS RECORDED TODAY.
  THUNDERSTORM
  LIGHT RAIN
  HAZE


RELATIVE HUMIDITY (PERCENT)
 HIGHEST    93           400 AM
 LOWEST     73          1200 AM
 AVERAGE    83

..........................................................


THE VICHY-ROLLA MO CLIMATE NORMALS FOR TOMORROW
                         NORMAL    RECORD    YEAR
 MAXIMUM TEMPERATURE (F)   74        90      1899
 MINIMUM TEMPERATURE (F)   53        31      1997


SUNRISE AND SUNSET
MAY 15 2015...........SUNRISE   557 AM CDT   SUNSET   811 PM CDT
MAY 16 2015...........SUNRISE   556 AM CDT   SUNSET   812 PM CDT


-  INDICATES NEGATIVE NUMBERS.
R  INDICATES RECORD WAS SET OR TIED.
MM INDICATES DATA IS MISSING.
T  INDICATES TRACE AMOUNT.




$$
