000
CDUS43 KSGF 120626
CLIVIH


CLIMATE REPORT
NATIONAL WEATHER SERVICE SPRINGFIELD MO
126 AM CDT MON SEP 12 2016


...................................

...THE VICHY-ROLLA MO CLIMATE SUMMARY FOR SEPTEMBER 11 2016...

CLIMATE NORMAL PERIOD 1981 TO 2010
CLIMATE RECORD PERIOD 1888 TO 2016


WEATHER ITEM   OBSERVED TIME   RECORD YEAR NORMAL DEPARTURE LAST
                VALUE   (LST)  VALUE       VALUE  FROM      YEAR
                                                  NORMAL
..................................................................
TEMPERATURE (F)
 YESTERDAY
  MAXIMUM         76    429 PM  97    1897  81     -5       75
  MINIMUM         50    545 AM  43    1955  59     -9       52
  AVERAGE         63                        70     -7       64

PRECIPITATION (IN)
  YESTERDAY        0.00          4.37 2006   0.15  -0.15     0.41
  MONTH TO DATE    1.70                      1.59   0.11     0.49
  SINCE SEP 1      1.70                      1.59   0.11     0.49
  SINCE JAN 1     34.04                     31.14   2.90    29.75

DEGREE DAYS
 HEATING
  YESTERDAY        2                         1      1        1
  MONTH TO DATE    3                         5     -2        1
  SINCE SEP 1      3                         5     -2        1
  SINCE JUL 1      3                         8     -5        3

 COOLING
  YESTERDAY        0                         6     -6        0
  MONTH TO DATE   87                        77     10      143
  SINCE SEP 1     87                        77     10      143
  SINCE JAN 1   1276                      1154    122     1158
..................................................................


WIND (MPH)
  HIGHEST WIND SPEED    13   HIGHEST WIND DIRECTION    SE (150)
  HIGHEST GUST SPEED    17   HIGHEST GUST DIRECTION    SE (140)
  AVERAGE WIND SPEED     4.6


SKY COVER
  AVERAGE SKY COVER 0.0


WEATHER CONDITIONS
 THE FOLLOWING WEATHER WAS RECORDED YESTERDAY.
  NO SIGNIFICANT WEATHER WAS OBSERVED.


RELATIVE HUMIDITY (PERCENT)
 HIGHEST   100           200 AM
 LOWEST     43           300 PM
 AVERAGE    72

..........................................................


THE VICHY-ROLLA MO CLIMATE NORMALS FOR TODAY
                         NORMAL    RECORD    YEAR
 MAXIMUM TEMPERATURE (F)   80        98      1897
 MINIMUM TEMPERATURE (F)   58        44      2015
                                             1902


SUNRISE AND SUNSET
SEPTEMBER 12 2016.....SUNRISE   647 AM CDT   SUNSET   719 PM CDT
SEPTEMBER 13 2016.....SUNRISE   647 AM CDT   SUNSET   717 PM CDT


-  INDICATES NEGATIVE NUMBERS.
R  INDICATES RECORD WAS SET OR TIED.
MM INDICATES DATA IS MISSING.
T  INDICATES TRACE AMOUNT.




$$
