000
CDUS43 KSGF 152325
CLIVIH


CLIMATE REPORT
NATIONAL WEATHER SERVICE SPRINGFIELD MO
525 PM CST SAT NOV 15 2014


...................................

...THE VICHY-ROLLA MO CLIMATE SUMMARY FOR NOVEMBER 15 2014...
VALID TODAY AS OF 0500 PM LOCAL TIME.

CLIMATE NORMAL PERIOD 1981 TO 2010
CLIMATE RECORD PERIOD 1888 TO 2014


WEATHER ITEM   OBSERVED TIME   RECORD YEAR NORMAL DEPARTURE LAST
                VALUE   (LST)  VALUE       VALUE  FROM      YEAR
                                                  NORMAL
..................................................................
TEMPERATURE (F)
 TODAY
  MAXIMUM         34   1254 PM  79    1955  56    -22       54
  MINIMUM         20R   543 AM  20    1959  35    -15       42
  AVERAGE         27                        46    -19       48

PRECIPITATION (IN)
  TODAY            T             2.11 1968   0.12  -0.12      T
  MONTH TO DATE    0.77                      1.90  -1.13     0.94
  SINCE SEP 1      8.33                      9.45  -1.12     6.04
  SINCE JAN 1     25.63                     39.00 -13.37    39.02

DEGREE DAYS
 HEATING
  TODAY           38                        19     19       17
  MONTH TO DATE  364                       249    115      296
  SINCE SEP 1    700                       596    104      653
  SINCE JUL 1    703                       599    104      657

 COOLING
  TODAY            0                         0      0        0
  MONTH TO DATE    0                         0      0        0
  SINCE SEP 1    147                       166    -19      226
  SINCE JAN 1   1186                      1243    -57     1125
..................................................................


WIND (MPH)
  HIGHEST WIND SPEED    20   HIGHEST WIND DIRECTION     S (160)
  HIGHEST GUST SPEED    24   HIGHEST GUST DIRECTION     S (160)


SKY COVER
  AVERAGE SKY COVER 0.3


WEATHER CONDITIONS
 THE FOLLOWING WEATHER WAS RECORDED TODAY.
  SNOW
  LIGHT SNOW
  FOG
  HAZE


RELATIVE HUMIDITY (PERCENT)
 HIGHEST    78           400 PM
 LOWEST     41          1200 PM
 AVERAGE    60

..........................................................


THE VICHY-ROLLA MO CLIMATE NORMALS FOR TOMORROW
                         NORMAL    RECORD    YEAR
 MAXIMUM TEMPERATURE (F)   55        79      1952
 MINIMUM TEMPERATURE (F)   35        10      1959


SUNRISE AND SUNSET
NOVEMBER 15 2014......SUNRISE   648 AM CST   SUNSET   455 PM CST
NOVEMBER 16 2014......SUNRISE   649 AM CST   SUNSET   454 PM CST


-  INDICATES NEGATIVE NUMBERS.
R  INDICATES RECORD WAS SET OR TIED.
MM INDICATES DATA IS MISSING.
T  INDICATES TRACE AMOUNT.




$$
