000
CDUS43 KSGF 062226
CLIVIH


CLIMATE REPORT
NATIONAL WEATHER SERVICE SPRINGFIELD MO
526 PM CDT WED SEP 6 2017


...................................

...THE VICHY-ROLLA MO CLIMATE SUMMARY FOR SEPTEMBER 6 2017...
VALID TODAY AS OF 0500 PM LOCAL TIME.

CLIMATE NORMAL PERIOD 1981 TO 2010
CLIMATE RECORD PERIOD 1888 TO 2017


WEATHER ITEM   OBSERVED TIME   RECORD YEAR NORMAL DEPARTURE LAST
                VALUE   (LST)  VALUE       VALUE  FROM      YEAR
                                                  NORMAL
..................................................................
TEMPERATURE (F)
 TODAY
  MAXIMUM         70   1249 PM 105    1899  83    -13       92
  MINIMUM         47    558 AM  44    1956  61    -14       74
  AVERAGE         59                        72    -13       83

PRECIPITATION (IN)
  TODAY            0.00          1.36 1898   0.15  -0.15     0.00
  MONTH TO DATE    T                         0.85  -0.85     0.00
  SINCE SEP 1      T                         0.85  -0.85     0.00
  SINCE JAN 1     38.60                     30.40   8.20    32.34

DEGREE DAYS
 HEATING
  TODAY            6                         0      6        0
  MONTH TO DATE    8                         0      8        0
  SINCE SEP 1      8                         0      8        0
  SINCE JUL 1      9                         3      6        0

 COOLING
  TODAY            0                         7     -7       18
  MONTH TO DATE   26                        46    -20       46
  SINCE SEP 1     26                        46    -20       46
  SINCE JAN 1    996                      1123   -127     1235
..................................................................


WIND (MPH)
  HIGHEST WIND SPEED    18   HIGHEST WIND DIRECTION     N (340)
  HIGHEST GUST SPEED    26   HIGHEST GUST DIRECTION     N (340)


SKY COVER
  AVERAGE SKY COVER 0.2


WEATHER CONDITIONS
 THE FOLLOWING WEATHER WAS RECORDED TODAY.
  NO SIGNIFICANT WEATHER WAS OBSERVED.


RELATIVE HUMIDITY (PERCENT)
 HIGHEST    93           600 AM
 LOWEST     44           100 PM
 AVERAGE    69

..........................................................


THE VICHY-ROLLA MO CLIMATE NORMALS FOR TOMORROW
                         NORMAL    RECORD    YEAR
 MAXIMUM TEMPERATURE (F)   82       101      1899
 MINIMUM TEMPERATURE (F)   60        44      1956


SUNRISE AND SUNSET
SEPTEMBER  6 2017.....SUNRISE   641 AM CDT   SUNSET   729 PM CDT
SEPTEMBER  7 2017.....SUNRISE   642 AM CDT   SUNSET   727 PM CDT


-  INDICATES NEGATIVE NUMBERS.
R  INDICATES RECORD WAS SET OR TIED.
MM INDICATES DATA IS MISSING.
T  INDICATES TRACE AMOUNT.




$$
