000
CDUS43 KSGF 192126
CLIVIH


CLIMATE REPORT
NATIONAL WEATHER SERVICE SPRINGFIELD MO
426 PM CDT THU MAR 19 2015


...................................

...THE VICHY-ROLLA MO CLIMATE SUMMARY FOR MARCH 19 2015...
VALID AS OF 0400 PM LOCAL TIME.

CLIMATE NORMAL PERIOD 1981 TO 2010
CLIMATE RECORD PERIOD 1888 TO 2015


WEATHER ITEM   OBSERVED TIME   RECORD YEAR NORMAL DEPARTURE LAST
                VALUE   (LST)  VALUE       VALUE  FROM      YEAR
                                                  NORMAL
..................................................................
TEMPERATURE (F)
 TODAY
  MAXIMUM         43    259 PM  81    1995  58    -15       50
  MINIMUM         34    533 AM   9    1965  35     -1       30
  AVERAGE         39                        46     -7       40

PRECIPITATION (IN)
  TODAY            0.03          1.06 2003   0.12  -0.09     0.00
  MONTH TO DATE    1.50                      1.87  -0.37     0.54
  SINCE MAR 1      1.50                      1.87  -0.37     0.54
  SINCE JAN 1      3.78                      5.97  -2.19     2.00

DEGREE DAYS
 HEATING
  TODAY           26                        19      7       25
  MONTH TO DATE  431                       415     16      492
  SINCE MAR 1    431                       415     16      492
  SINCE JUL 1   4548                      4205    343     4798

 COOLING
  TODAY            0                         0      0        0
  MONTH TO DATE    0                         0      0        0
  SINCE MAR 1      0                         0      0        0
  SINCE JAN 1      0                         0      0        0
..................................................................


WIND (MPH)
  HIGHEST WIND SPEED    14   HIGHEST WIND DIRECTION     E (110)
  HIGHEST GUST SPEED    17   HIGHEST GUST DIRECTION     E (100)


SKY COVER
  AVERAGE SKY COVER 1.0


WEATHER CONDITIONS
 THE FOLLOWING WEATHER WAS RECORDED TODAY.
  LIGHT RAIN
  FOG


RELATIVE HUMIDITY (PERCENT)
 HIGHEST    96           400 AM
 LOWEST     76          1200 AM
 AVERAGE    86

..........................................................


THE VICHY-ROLLA MO CLIMATE NORMALS FOR TOMORROW
                         NORMAL    RECORD    YEAR
 MAXIMUM TEMPERATURE (F)   58        80      1975
 MINIMUM TEMPERATURE (F)   36        11      1965


SUNRISE AND SUNSET
MARCH 19 2015.........SUNRISE   712 AM CDT   SUNSET   718 PM CDT
MARCH 20 2015.........SUNRISE   711 AM CDT   SUNSET   719 PM CDT


-  INDICATES NEGATIVE NUMBERS.
R  INDICATES RECORD WAS SET OR TIED.
MM INDICATES DATA IS MISSING.
T  INDICATES TRACE AMOUNT.




$$
