000
CDUS43 KSGF 102126
CLIVIH


CLIMATE REPORT
NATIONAL WEATHER SERVICE SPRINGFIELD MO
426 PM CDT WED SEP 10 2014


...................................

...THE VICHY-ROLLA MO CLIMATE SUMMARY FOR SEPTEMBER 10 2014...
VALID AS OF 0400 PM LOCAL TIME.

CLIMATE NORMAL PERIOD 1981 TO 2010
CLIMATE RECORD PERIOD 1888 TO 2014


WEATHER ITEM   OBSERVED TIME   RECORD YEAR NORMAL DEPARTURE LAST
                VALUE   (LST)  VALUE       VALUE  FROM      YEAR
                                                  NORMAL
..................................................................
TEMPERATURE (F)
 TODAY
  MAXIMUM         83    203 PM  96    1897  81      2       95
  MINIMUM         73    830 AM  43    1902  59     14       68
  AVERAGE         78                        70      8       82

PRECIPITATION (IN)
  TODAY            0.22          1.68 1903   0.14   0.08     0.00
  MONTH TO DATE    1.58                      1.44   0.14     0.18
  SINCE SEP 1      1.58                      1.44   0.14     0.18
  SINCE JAN 1     18.88                     30.99 -12.11    33.16

DEGREE DAYS
 HEATING
  TODAY            0                         1     -1        0
  MONTH TO DATE    4                         4      0        0
  SINCE SEP 1      4                         4      0        0
  SINCE JUL 1      7                         7      0        4

 COOLING
  TODAY           13                         6      7       17
  MONTH TO DATE   79                        71      8      107
  SINCE SEP 1     79                        71      8      107
  SINCE JAN 1   1118                      1148    -30     1006
..................................................................


WIND (MPH)
  HIGHEST WIND SPEED    24   HIGHEST WIND DIRECTION     S (180)
  HIGHEST GUST SPEED    31   HIGHEST GUST DIRECTION     S (190)


SKY COVER
  AVERAGE SKY COVER 0.5


WEATHER CONDITIONS
 THE FOLLOWING WEATHER WAS RECORDED TODAY.
  THUNDERSTORM
  HEAVY RAIN
  RAIN
  LIGHT RAIN
  FOG


RELATIVE HUMIDITY (PERCENT)
 HIGHEST    93           700 AM
 LOWEST     69          1200 PM
 AVERAGE    81

..........................................................


THE VICHY-ROLLA MO CLIMATE NORMALS FOR TOMORROW
                         NORMAL    RECORD    YEAR
 MAXIMUM TEMPERATURE (F)   81        97      1897
 MINIMUM TEMPERATURE (F)   59        43      1955


SUNRISE AND SUNSET
SEPTEMBER 10 2014.....SUNRISE   644 AM CDT   SUNSET   723 PM CDT
SEPTEMBER 11 2014.....SUNRISE   645 AM CDT   SUNSET   721 PM CDT


-  INDICATES NEGATIVE NUMBERS.
R  INDICATES RECORD WAS SET OR TIED.
MM INDICATES DATA IS MISSING.
T  INDICATES TRACE AMOUNT.




$$
