000
CDUS43 KSGF 150645
CLIVIH


CLIMATE REPORT
NATIONAL WEATHER SERVICE SPRINGFIELD MO
145 AM CDT SUN MAY 15 2016


...................................

...THE VICHY-ROLLA MO CLIMATE SUMMARY FOR MAY 14 2016...

CLIMATE NORMAL PERIOD 1981 TO 2010
CLIMATE RECORD PERIOD 1888 TO 2016


WEATHER ITEM   OBSERVED TIME   RECORD YEAR NORMAL DEPARTURE LAST
                VALUE   (LST)  VALUE       VALUE  FROM      YEAR
                                                  NORMAL
..................................................................
TEMPERATURE (F)
 YESTERDAY
  MAXIMUM         58    430 PM  89    1899  74    -16       77
  MINIMUM         37   1054 PM  32    2000  53    -16       54
  AVERAGE         48                        63    -15       66

PRECIPITATION (IN)
  YESTERDAY        0.00          1.92 1970   0.16  -0.16     0.21
  MONTH TO DATE    0.33                      2.28  -1.95     2.72
  SINCE MAR 1      7.27                      9.95  -2.68     7.86
  SINCE JAN 1      9.39                     14.05  -4.66    10.14

DEGREE DAYS
 HEATING
  YESTERDAY       17                         4     13        0
  MONTH TO DATE   88                        71     17       34
  SINCE MAR 1    776                       999   -223      872
  SINCE JUL 1   3979                      4789   -810     4989

 COOLING
  YESTERDAY        0                         2     -2        1
  MONTH TO DATE   14                        22     -8       39
  SINCE MAR 1     28                        48    -20       52
  SINCE JAN 1     28                        48    -20       52
..................................................................


WIND (MPH)
  HIGHEST WIND SPEED    23   HIGHEST WIND DIRECTION     N (350)
  HIGHEST GUST SPEED    31   HIGHEST GUST DIRECTION     N (340)
  AVERAGE WIND SPEED    11.6


SKY COVER
  AVERAGE SKY COVER 0.2


WEATHER CONDITIONS
 THE FOLLOWING WEATHER WAS RECORDED YESTERDAY.
  NO SIGNIFICANT WEATHER WAS OBSERVED.


RELATIVE HUMIDITY (PERCENT)
 HIGHEST    85          1100 PM
 LOWEST     40           200 PM
 AVERAGE    63

..........................................................


THE VICHY-ROLLA MO CLIMATE NORMALS FOR TODAY
                         NORMAL    RECORD    YEAR
 MAXIMUM TEMPERATURE (F)   74        95      1899
 MINIMUM TEMPERATURE (F)   53        37      2014
                                             1904


SUNRISE AND SUNSET
MAY 15 2016...........SUNRISE   556 AM CDT   SUNSET   811 PM CDT
MAY 16 2016...........SUNRISE   555 AM CDT   SUNSET   812 PM CDT


-  INDICATES NEGATIVE NUMBERS.
R  INDICATES RECORD WAS SET OR TIED.
MM INDICATES DATA IS MISSING.
T  INDICATES TRACE AMOUNT.




$$
