000
CDUS43 KSGF 070630
CLIVIH


CLIMATE REPORT
NATIONAL WEATHER SERVICE SPRINGFIELD MO
130 AM CDT MON AUG 7 2017


...................................

...THE VICHY-ROLLA MO CLIMATE SUMMARY FOR AUGUST 6 2017...

CLIMATE NORMAL PERIOD 1981 TO 2010
CLIMATE RECORD PERIOD 1888 TO 2017


WEATHER ITEM   OBSERVED TIME   RECORD YEAR NORMAL DEPARTURE LAST
                VALUE   (LST)  VALUE       VALUE  FROM      YEAR
                                                  NORMAL
..................................................................
TEMPERATURE (F)
 YESTERDAY
  MAXIMUM         72    436 PM 100    2006  89    -17       83
  MINIMUM         63    332 AM  52    2004  66     -3       68
  AVERAGE         68                        78    -10       76

PRECIPITATION (IN)
  YESTERDAY        0.86          1.96 1897   0.12   0.74      T
  MONTH TO DATE    2.24                      0.72   1.52     6.05
  SINCE JUN 1     12.44                      9.79   2.65    14.15
  SINCE JAN 1     34.88                     26.60   8.28    28.39

DEGREE DAYS
 HEATING
  YESTERDAY        0                         0      0        0
  MONTH TO DATE    1                         0      1        0
  SINCE JUN 1      2                        15    -13        0
  SINCE JUL 1      1                         1      0        0

 COOLING
  YESTERDAY        3                        13    -10       11
  MONTH TO DATE   44                        78    -34       81
  SINCE JUN 1    685                       695    -10      837
  SINCE JAN 1    789                       802    -13      915
..................................................................


WIND (MPH)
  HIGHEST WIND SPEED    20   HIGHEST WIND DIRECTION     S (200)
  HIGHEST GUST SPEED    23   HIGHEST GUST DIRECTION     S (190)
  AVERAGE WIND SPEED     8.0


SKY COVER
  AVERAGE SKY COVER 1.0


WEATHER CONDITIONS
 THE FOLLOWING WEATHER WAS RECORDED YESTERDAY.
  THUNDERSTORM
  HEAVY RAIN
  RAIN
  LIGHT RAIN
  FOG


RELATIVE HUMIDITY (PERCENT)
 HIGHEST   100           200 AM
 LOWEST     90           200 PM
 AVERAGE    95

..........................................................


THE VICHY-ROLLA MO CLIMATE NORMALS FOR TODAY
                         NORMAL    RECORD    YEAR
 MAXIMUM TEMPERATURE (F)   89       101      2007
 MINIMUM TEMPERATURE (F)   66        51      1902


SUNRISE AND SUNSET
AUGUST  7 2017........SUNRISE   615 AM CDT   SUNSET   810 PM CDT
AUGUST  8 2017........SUNRISE   616 AM CDT   SUNSET   809 PM CDT


-  INDICATES NEGATIVE NUMBERS.
R  INDICATES RECORD WAS SET OR TIED.
MM INDICATES DATA IS MISSING.
T  INDICATES TRACE AMOUNT.




$$
