000
CDUS43 KSGF 210628
CLIVIH


CLIMATE REPORT
NATIONAL WEATHER SERVICE SPRINGFIELD MO
1228 AM CST FRI NOV 21 2014


...................................

...THE VICHY-ROLLA MO CLIMATE SUMMARY FOR NOVEMBER 20 2014...

CLIMATE NORMAL PERIOD 1981 TO 2010
CLIMATE RECORD PERIOD 1888 TO 2014


WEATHER ITEM   OBSERVED TIME   RECORD YEAR NORMAL DEPARTURE LAST
                VALUE   (LST)  VALUE       VALUE  FROM      YEAR
                                                  NORMAL
..................................................................
TEMPERATURE (F)
 YESTERDAY
  MAXIMUM         41    400 PM  75    1898  53    -12       50
  MINIMUM         16R   652 AM  16    1903  33    -17       37
  AVERAGE         29                        43    -14       44

PRECIPITATION (IN)
  YESTERDAY        0.00          1.38 1956   0.14  -0.14     0.14
  MONTH TO DATE    0.97                      2.56  -1.59     1.13
  SINCE SEP 1      8.53                     10.11  -1.58     6.23
  SINCE JAN 1     25.83                     39.66 -13.83    39.21

DEGREE DAYS
 HEATING
  YESTERDAY       36                        22     14       21
  MONTH TO DATE  565                       353    212      373
  SINCE SEP 1    901                       700    201      730
  SINCE JUL 1    904                       703    201      734

 COOLING
  YESTERDAY        0                         0      0        0
  MONTH TO DATE    0                         0      0        0
  SINCE SEP 1    147                       166    -19      226
  SINCE JAN 1   1186                      1243    -57     1125
..................................................................


WIND (MPH)
  HIGHEST WIND SPEED    10   HIGHEST WIND DIRECTION     E (80)
  HIGHEST GUST SPEED    14   HIGHEST GUST DIRECTION    SW (230)
  AVERAGE WIND SPEED     4.5


SKY COVER
  AVERAGE SKY COVER 0.0


WEATHER CONDITIONS
 THE FOLLOWING WEATHER WAS RECORDED YESTERDAY.
  NO SIGNIFICANT WEATHER WAS OBSERVED.


RELATIVE HUMIDITY (PERCENT)
 HIGHEST    88           600 AM
 LOWEST     41           400 PM
 AVERAGE    65

..........................................................


THE VICHY-ROLLA MO CLIMATE NORMALS FOR TODAY
                         NORMAL    RECORD    YEAR
 MAXIMUM TEMPERATURE (F)   53        74      1897
 MINIMUM TEMPERATURE (F)   33         9      2000


SUNRISE AND SUNSET
NOVEMBER 21 2014......SUNRISE   654 AM CST   SUNSET   451 PM CST
NOVEMBER 22 2014......SUNRISE   656 AM CST   SUNSET   451 PM CST


-  INDICATES NEGATIVE NUMBERS.
R  INDICATES RECORD WAS SET OR TIED.
MM INDICATES DATA IS MISSING.
T  INDICATES TRACE AMOUNT.




$$
