000
CDUS43 KSGF 072226
CLIVIH


CLIMATE REPORT
NATIONAL WEATHER SERVICE SPRINGFIELD MO
525 PM CDT SUN MAY 7 2017


...................................

...THE VICHY-ROLLA MO CLIMATE SUMMARY FOR MAY 7 2017...
VALID TODAY AS OF 0500 PM LOCAL TIME.

CLIMATE NORMAL PERIOD 1981 TO 2010
CLIMATE RECORD PERIOD 1888 TO 2017


WEATHER ITEM   OBSERVED TIME   RECORD YEAR NORMAL DEPARTURE LAST
                VALUE   (LST)  VALUE       VALUE  FROM      YEAR
                                                  NORMAL
..................................................................
TEMPERATURE (F)
 TODAY
  MAXIMUM         77    359 PM  90    1966  72      5       83
  MINIMUM         43    415 AM  35    1976  51     -8       51
  AVERAGE         60                        62     -2       67

PRECIPITATION (IN)
  TODAY            0.00          1.77 2008   0.17  -0.17     0.00
  MONTH TO DATE    3.15                      1.15   2.00      T
  SINCE MAR 1     17.38                      8.82   8.56     6.94
  SINCE JAN 1     19.44                     12.92   6.52     9.06

DEGREE DAYS
 COOLING
  TODAY            0                         2     -2        2
  MONTH TO DATE    0                         8     -8        2
  SINCE MAR 1     35                        34      1       16
  SINCE JAN 1     36                        34      2       16
..................................................................


WIND (MPH)
  HIGHEST WIND SPEED    15   HIGHEST WIND DIRECTION    SW (220)
  HIGHEST GUST SPEED    17   HIGHEST GUST DIRECTION    SW (240)


SKY COVER
  AVERAGE SKY COVER 0.0


WEATHER CONDITIONS
 THE FOLLOWING WEATHER WAS RECORDED TODAY.
  NO SIGNIFICANT WEATHER WAS OBSERVED.


RELATIVE HUMIDITY (PERCENT)
 HIGHEST    96           400 AM
 LOWEST     29           300 PM
 AVERAGE    63

..........................................................


THE VICHY-ROLLA MO CLIMATE NORMALS FOR TOMORROW
                         NORMAL    RECORD    YEAR
 MAXIMUM TEMPERATURE (F)   73        88      1979
 MINIMUM TEMPERATURE (F)   51        38      1976


SUNRISE AND SUNSET
MAY  7 2017...........SUNRISE   604 AM CDT   SUNSET   804 PM CDT
MAY  8 2017...........SUNRISE   603 AM CDT   SUNSET   805 PM CDT


-  INDICATES NEGATIVE NUMBERS.
R  INDICATES RECORD WAS SET OR TIED.
MM INDICATES DATA IS MISSING.
T  INDICATES TRACE AMOUNT.




$$
