000
CDUS43 KSGF 160631
CLIVIH


CLIMATE REPORT
NATIONAL WEATHER SERVICE SPRINGFIELD MO
130 AM CDT TUE SEP 16 2014


...................................

...THE VICHY-ROLLA MO CLIMATE SUMMARY FOR SEPTEMBER 15 2014...

CLIMATE NORMAL PERIOD 1981 TO 2010
CLIMATE RECORD PERIOD 1888 TO 2014


WEATHER ITEM   OBSERVED TIME   RECORD YEAR NORMAL DEPARTURE LAST
                VALUE   (LST)  VALUE       VALUE  FROM      YEAR
                                                  NORMAL
..................................................................
TEMPERATURE (F)
 YESTERDAY
  MAXIMUM         80   1245 PM  97    1897  79      1       86
  MINIMUM         57    517 AM  41    2011  57      0       52
                                      2007
  AVERAGE         69                        68      1       69

PRECIPITATION (IN)
  YESTERDAY        0.03          1.68 2005   0.15  -0.12     0.17
  MONTH TO DATE    1.64                      2.18  -0.54     0.35
  SINCE SEP 1      1.64                      2.18  -0.54     0.35
  SINCE JAN 1     18.94                     31.73 -12.79    33.33

DEGREE DAYS
 HEATING
  YESTERDAY        0                         2     -2        0
  MONTH TO DATE   43                        10     33        5
  SINCE SEP 1     43                        10     33        5
  SINCE JUL 1     46                        13     33        9

 COOLING
  YESTERDAY        4                         5     -1        4
  MONTH TO DATE   80                        97    -17      138
  SINCE SEP 1     80                        97    -17      138
  SINCE JAN 1   1119                      1174    -55     1037
..................................................................


WIND (MPH)
  HIGHEST WIND SPEED    23   HIGHEST WIND DIRECTION     W (250)
  HIGHEST GUST SPEED    29   HIGHEST GUST DIRECTION    SW (240)
  AVERAGE WIND SPEED    11.0


SKY COVER
  AVERAGE SKY COVER 0.7


WEATHER CONDITIONS
 THE FOLLOWING WEATHER WAS RECORDED YESTERDAY.
  LIGHT RAIN


RELATIVE HUMIDITY (PERCENT)
 HIGHEST    87           900 AM
 LOWEST     62          1200 PM
 AVERAGE    75

..........................................................


THE VICHY-ROLLA MO CLIMATE NORMALS FOR TODAY
                         NORMAL    RECORD    YEAR
 MAXIMUM TEMPERATURE (F)   78        96      1954
 MINIMUM TEMPERATURE (F)   57        43      2000


SUNRISE AND SUNSET
SEPTEMBER 16 2014.....SUNRISE   650 AM CDT   SUNSET   713 PM CDT
SEPTEMBER 17 2014.....SUNRISE   650 AM CDT   SUNSET   712 PM CDT


-  INDICATES NEGATIVE NUMBERS.
R  INDICATES RECORD WAS SET OR TIED.
MM INDICATES DATA IS MISSING.
T  INDICATES TRACE AMOUNT.




$$
