000
CDUS43 KSGF 212237
CLIVIH


CLIMATE REPORT
NATIONAL WEATHER SERVICE SPRINGFIELD MO
537 PM CDT FRI AUG 21 2015


...................................

...THE VICHY-ROLLA MO CLIMATE SUMMARY FOR AUGUST 21 2015...
VALID AS OF 0400 PM LOCAL TIME.

CLIMATE NORMAL PERIOD 1981 TO 2010
CLIMATE RECORD PERIOD 1888 TO 2015


WEATHER ITEM   OBSERVED TIME   RECORD YEAR NORMAL DEPARTURE LAST
                VALUE   (LST)  VALUE       VALUE  FROM      YEAR
                                                  NORMAL
..................................................................
TEMPERATURE (F)
 TODAY
  MAXIMUM         79    242 PM 102    2003  87     -8       94
  MINIMUM         55    532 AM  48    1956  65    -10       72
  AVERAGE         67                        76     -9       83

PRECIPITATION (IN)
  TODAY            0.00          1.07 1952   0.13  -0.13     0.00
  MONTH TO DATE    2.18                      2.47  -0.29     3.07
  SINCE JUN 1     15.03                     11.54   3.49     6.49
  SINCE JAN 1     29.05                     28.35   0.70    16.11

DEGREE DAYS
 HEATING
  TODAY            0                         0      0        0
  MONTH TO DATE    1                         0      1        0
  SINCE JUN 1     16                        15      1        4
  SINCE JUL 1      1                         1      0        3

 COOLING
  TODAY            2                        11     -9       18
  MONTH TO DATE  206                       255    -49      222
  SINCE JUN 1    857                       872    -15      721
  SINCE JAN 1    964                       979    -15      868
..................................................................


WIND (MPH)
  HIGHEST WIND SPEED    17   HIGHEST WIND DIRECTION     S (160)
  HIGHEST GUST SPEED    22   HIGHEST GUST DIRECTION     S (170)


SKY COVER
  AVERAGE SKY COVER 0.0


WEATHER CONDITIONS
 THE FOLLOWING WEATHER WAS RECORDED TODAY.
  NO SIGNIFICANT WEATHER WAS OBSERVED.


RELATIVE HUMIDITY (PERCENT)
 HIGHEST   100           600 AM
 LOWEST     45           100 PM
 AVERAGE    73

..........................................................


THE VICHY-ROLLA MO CLIMATE NORMALS FOR TOMORROW
                         NORMAL    RECORD    YEAR
 MAXIMUM TEMPERATURE (F)   87        99      2001
 MINIMUM TEMPERATURE (F)   65        54      1956


SUNRISE AND SUNSET
AUGUST 21 2015........SUNRISE   627 AM CDT   SUNSET   753 PM CDT
AUGUST 22 2015........SUNRISE   628 AM CDT   SUNSET   751 PM CDT


-  INDICATES NEGATIVE NUMBERS.
R  INDICATES RECORD WAS SET OR TIED.
MM INDICATES DATA IS MISSING.
T  INDICATES TRACE AMOUNT.




$$
