000
CDUS43 KSGF 130626
CLIVIH


CLIMATE REPORT
NATIONAL WEATHER SERVICE SPRINGFIELD MO
125 AM CDT MON OCT 13 2014


...................................

...THE VICHY-ROLLA MO CLIMATE SUMMARY FOR OCTOBER 12 2014...

CLIMATE NORMAL PERIOD 1981 TO 2010
CLIMATE RECORD PERIOD 1888 TO 2014


WEATHER ITEM   OBSERVED TIME   RECORD YEAR NORMAL DEPARTURE LAST
                VALUE   (LST)  VALUE       VALUE  FROM      YEAR
                                                  NORMAL
..................................................................
TEMPERATURE (F)
 YESTERDAY
  MAXIMUM         61    328 PM  87    1962  69     -8       72
  MINIMUM         49    329 AM  32    2006  47      2       48
  AVERAGE         55                        58     -3       60

PRECIPITATION (IN)
  YESTERDAY        0.04          1.06 1969   0.10  -0.06     0.00
  MONTH TO DATE    4.42                      1.31   3.11     0.34
  SINCE SEP 1      6.33                      5.35   0.98     3.20
  SINCE JAN 1     23.63                     34.90 -11.27    36.18

DEGREE DAYS
 HEATING
  YESTERDAY       10                         8      2        5
  MONTH TO DATE   88                        81      7       52
  SINCE SEP 1    149                       142      7       80
  SINCE JUL 1    152                       145      7       84

 COOLING
  YESTERDAY        0                         1     -1        0
  MONTH TO DATE   13                        15     -2       38
  SINCE SEP 1    135                       156    -21      225
  SINCE JAN 1   1174                      1233    -59     1124
..................................................................


WIND (MPH)
  HIGHEST WIND SPEED    14   HIGHEST WIND DIRECTION     E (90)
  HIGHEST GUST SPEED    18   HIGHEST GUST DIRECTION    NE (30)
  AVERAGE WIND SPEED     8.0


SKY COVER
  AVERAGE SKY COVER 0.9


WEATHER CONDITIONS
 THE FOLLOWING WEATHER WAS RECORDED YESTERDAY.
  LIGHT RAIN
  FOG
  HAZE


RELATIVE HUMIDITY (PERCENT)
 HIGHEST   100           300 AM
 LOWEST     77          1200 AM
 AVERAGE    89

..........................................................


THE VICHY-ROLLA MO CLIMATE NORMALS FOR TODAY
                         NORMAL    RECORD    YEAR
 MAXIMUM TEMPERATURE (F)   68        88      1899
 MINIMUM TEMPERATURE (F)   47        26      2006


SUNRISE AND SUNSET
OCTOBER 13 2014.......SUNRISE   714 AM CDT   SUNSET   632 PM CDT
OCTOBER 14 2014.......SUNRISE   715 AM CDT   SUNSET   631 PM CDT


-  INDICATES NEGATIVE NUMBERS.
R  INDICATES RECORD WAS SET OR TIED.
MM INDICATES DATA IS MISSING.
T  INDICATES TRACE AMOUNT.




$$
