746
CDUS43 KSGF 170634
CLIVIH


CLIMATE REPORT
NATIONAL WEATHER SERVICE SPRINGFIELD MO
134 AM CDT TUE MAY 17 2016


...................................

...THE VICHY-ROLLA MO CLIMATE SUMMARY FOR MAY 16 2016...

CLIMATE NORMAL PERIOD 1981 TO 2010
CLIMATE RECORD PERIOD 1888 TO 2016


WEATHER ITEM   OBSERVED TIME   RECORD YEAR NORMAL DEPARTURE LAST
                VALUE   (LST)  VALUE       VALUE  FROM      YEAR
                                                  NORMAL
..................................................................
TEMPERATURE (F)
 YESTERDAY
  MAXIMUM         55   1212 AM  90    1899  74    -19       78
  MINIMUM         46   1011 PM  31    1997  53     -7       66
  AVERAGE         51                        64    -13       72

PRECIPITATION (IN)
  YESTERDAY        0.86          2.49 1963   0.16   0.70     0.04
  MONTH TO DATE    1.19                      2.61  -1.42     2.78
  SINCE MAR 1      8.13                     10.28  -2.15     7.92
  SINCE JAN 1     10.25                     14.38  -4.13    10.20

DEGREE DAYS
 HEATING
  YESTERDAY       14                         4     10        0
  MONTH TO DATE  116                        79     37       34
  SINCE MAR 1    804                      1007   -203      872
  SINCE JUL 1   4007                      4797   -790     4989

 COOLING
  YESTERDAY        0                         3     -3        7
  MONTH TO DATE   14                        28    -14       51
  SINCE MAR 1     28                        54    -26       64
  SINCE JAN 1     28                        54    -26       64
..................................................................


WIND (MPH)
  HIGHEST WIND SPEED    18   HIGHEST WIND DIRECTION    SE (120)
  HIGHEST GUST SPEED    24   HIGHEST GUST DIRECTION    SE (130)
  AVERAGE WIND SPEED     9.4


SKY COVER
  AVERAGE SKY COVER 1.0


WEATHER CONDITIONS
 THE FOLLOWING WEATHER WAS RECORDED YESTERDAY.
  RAIN
  LIGHT RAIN
  FOG


RELATIVE HUMIDITY (PERCENT)
 HIGHEST   100           600 PM
 LOWEST     59          1200 AM
 AVERAGE    80

..........................................................


THE VICHY-ROLLA MO CLIMATE NORMALS FOR TODAY
                         NORMAL    RECORD    YEAR
 MAXIMUM TEMPERATURE (F)   75        92      1996
 MINIMUM TEMPERATURE (F)   54        34      2014


SUNRISE AND SUNSET
MAY 17 2016...........SUNRISE   554 AM CDT   SUNSET   813 PM CDT
MAY 18 2016...........SUNRISE   554 AM CDT   SUNSET   814 PM CDT


-  INDICATES NEGATIVE NUMBERS.
R  INDICATES RECORD WAS SET OR TIED.
MM INDICATES DATA IS MISSING.
T  INDICATES TRACE AMOUNT.




$$
