000
CDUS43 KSGF 192228
CLIVIH


CLIMATE REPORT
NATIONAL WEATHER SERVICE SPRINGFIELD MO
527 PM CDT FRI AUG 19 2016


...................................

...THE VICHY-ROLLA MO CLIMATE SUMMARY FOR AUGUST 19 2016...
VALID TODAY AS OF 0500 PM LOCAL TIME.

CLIMATE NORMAL PERIOD 1981 TO 2010
CLIMATE RECORD PERIOD 1888 TO 2016


WEATHER ITEM   OBSERVED TIME   RECORD YEAR NORMAL DEPARTURE LAST
                VALUE   (LST)  VALUE       VALUE  FROM      YEAR
                                                  NORMAL
..................................................................
TEMPERATURE (F)
 TODAY
  MAXIMUM         84    359 PM 104    1962  88     -4       73
  MINIMUM         67    306 AM  54    2015  65      2       54
  AVERAGE         76                        76      0       64

PRECIPITATION (IN)
  TODAY            T             2.46 1949   0.12  -0.12     0.20
  MONTH TO DATE    9.41                      2.22   7.19     2.18
  SINCE JUN 1     17.51                     11.29   6.22    15.03
  SINCE JAN 1     31.75                     28.10   3.65    29.05

DEGREE DAYS
 HEATING
  TODAY            0                         0      0        1
  MONTH TO DATE    0                         0      0        1
  SINCE JUN 1      0                        15    -15       16
  SINCE JUL 1      0                         1     -1        1

 COOLING
  TODAY           11                        11      0        0
  MONTH TO DATE  230                       233     -3      202
  SINCE JUN 1    986                       850    136      853
  SINCE JAN 1   1064                       957    107      960
..................................................................


WIND (MPH)
  HIGHEST WIND SPEED    16   HIGHEST WIND DIRECTION     S (190)
  HIGHEST GUST SPEED    24   HIGHEST GUST DIRECTION     E (100)


SKY COVER
  AVERAGE SKY COVER 0.7


WEATHER CONDITIONS
 THE FOLLOWING WEATHER WAS RECORDED TODAY.
  LIGHT RAIN
  FOG


RELATIVE HUMIDITY (PERCENT)
 HIGHEST   100           100 AM
 LOWEST     65           300 PM
 AVERAGE    83

..........................................................


THE VICHY-ROLLA MO CLIMATE NORMALS FOR TOMORROW
                         NORMAL    RECORD    YEAR
 MAXIMUM TEMPERATURE (F)   87       102      1962
 MINIMUM TEMPERATURE (F)   65        50      1950


SUNRISE AND SUNSET
AUGUST 19 2016........SUNRISE   626 AM CDT   SUNSET   754 PM CDT
AUGUST 20 2016........SUNRISE   627 AM CDT   SUNSET   753 PM CDT


-  INDICATES NEGATIVE NUMBERS.
R  INDICATES RECORD WAS SET OR TIED.
MM INDICATES DATA IS MISSING.
T  INDICATES TRACE AMOUNT.




$$
