000
CDUS43 KSGF 122227
CLIVIH


CLIMATE REPORT
NATIONAL WEATHER SERVICE SPRINGFIELD MO
426 PM CST FRI JAN 12 2018


...................................

...THE VICHY-ROLLA MO CLIMATE SUMMARY FOR JANUARY 12 2018...
VALID AS OF 0400 PM LOCAL TIME.

CLIMATE NORMAL PERIOD 1981 TO 2010
CLIMATE RECORD PERIOD 1888 TO 2018


WEATHER ITEM   OBSERVED TIME   RECORD YEAR NORMAL DEPARTURE LAST
                VALUE   (LST)  VALUE       VALUE  FROM      YEAR
                                                  NORMAL
..................................................................
TEMPERATURE (F)
 TODAY
  MAXIMUM         23    257 PM  68    1995  40    -17       54
  MINIMUM          9    916 AM  -5    1903  21    -12       24
  AVERAGE         16                        31    -15       39

PRECIPITATION (IN)
  TODAY            T             1.28 2007   0.07  -0.07     0.00
  MONTH TO DATE    0.76                      0.91  -0.15     0.12
  SINCE DEC 1      1.40                      3.55  -2.15     0.98
  SINCE JAN 1      0.76                      0.91  -0.15     0.12

DEGREE DAYS
 HEATING
  TODAY           49                        34     15       26
  MONTH TO DATE  455                       408     47      414
  SINCE DEC 1   1405                      1378     27     1359
  SINCE JUL 1   2157                      2325   -168     1987

 COOLING
  TODAY            0                         0      0        0
  MONTH TO DATE    0                         0      0        0
  SINCE DEC 1      0                         0      0        0
  SINCE JAN 1      0                         0      0        0
..................................................................


WIND (MPH)
  HIGHEST WIND SPEED    23   HIGHEST WIND DIRECTION    NW (330)
  HIGHEST GUST SPEED    32   HIGHEST GUST DIRECTION     N (340)


SKY COVER
  AVERAGE SKY COVER 0.6


WEATHER CONDITIONS
 THE FOLLOWING WEATHER WAS RECORDED TODAY.
  LIGHT SNOW
  FOG


RELATIVE HUMIDITY (PERCENT)
 HIGHEST    80          1200 AM
 LOWEST     57           200 PM
 AVERAGE    69

..........................................................


THE VICHY-ROLLA MO CLIMATE NORMALS FOR TOMORROW
                         NORMAL    RECORD    YEAR
 MAXIMUM TEMPERATURE (F)   40        70      1952
 MINIMUM TEMPERATURE (F)   21        -9      1905


SUNRISE AND SUNSET
JANUARY 12 2018.......SUNRISE   723 AM CST   SUNSET   508 PM CST
JANUARY 13 2018.......SUNRISE   723 AM CST   SUNSET   509 PM CST


-  INDICATES NEGATIVE NUMBERS.
R  INDICATES RECORD WAS SET OR TIED.
MM INDICATES DATA IS MISSING.
T  INDICATES TRACE AMOUNT.




$$
