000
CDUS43 KSGF 230626
CLIVIH


CLIMATE REPORT
NATIONAL WEATHER SERVICE SPRINGFIELD MO
126 AM CDT THU JUL 23 2015


...................................

...THE VICHY-ROLLA MO CLIMATE SUMMARY FOR JULY 22 2015...

CLIMATE NORMAL PERIOD 1981 TO 2010
CLIMATE RECORD PERIOD 1888 TO 2015


WEATHER ITEM   OBSERVED TIME   RECORD YEAR NORMAL DEPARTURE LAST
                VALUE   (LST)  VALUE       VALUE  FROM      YEAR
                                                  NORMAL
..................................................................
TEMPERATURE (F)
 YESTERDAY
  MAXIMUM         77    524 PM 108    1901  89    -12       93
  MINIMUM         66   1250 AM  55    1902  67     -1       68
  AVERAGE         72                        78     -6       81

PRECIPITATION (IN)
  YESTERDAY        T             1.16 1961   0.14  -0.14     0.00
  MONTH TO DATE    5.10                      3.18   1.92     0.11
  SINCE JUN 1     12.55                      7.81   4.74     3.42
  SINCE JAN 1     26.57                     24.62   1.95    13.04

DEGREE DAYS
 HEATING
  YESTERDAY        0                         0      0        0
  MONTH TO DATE    0                         0      0        3
  SINCE JUN 1     15                        14      1        4
  SINCE JUL 1      0                         0      0        3

 COOLING
  YESTERDAY        7                        13     -6       16
  MONTH TO DATE  252                       267    -15      156
  SINCE JUN 1    524                       502     22      414
  SINCE JAN 1    631                       609     22      561
..................................................................


WIND (MPH)
  HIGHEST WIND SPEED    14   HIGHEST WIND DIRECTION     E (110)
  HIGHEST GUST SPEED    23   HIGHEST GUST DIRECTION    SE (120)
  AVERAGE WIND SPEED     6.3


SKY COVER
  AVERAGE SKY COVER 0.8


WEATHER CONDITIONS
 THE FOLLOWING WEATHER WAS RECORDED YESTERDAY.
  LIGHT RAIN
  FOG


RELATIVE HUMIDITY (PERCENT)
 HIGHEST    93           100 AM
 LOWEST     73          1000 AM
 AVERAGE    83

..........................................................


THE VICHY-ROLLA MO CLIMATE NORMALS FOR TODAY
                         NORMAL    RECORD    YEAR
 MAXIMUM TEMPERATURE (F)   89       112      1901
 MINIMUM TEMPERATURE (F)   67        54      2000


SUNRISE AND SUNSET
JULY 23 2015..........SUNRISE   602 AM CDT   SUNSET   825 PM CDT
JULY 24 2015..........SUNRISE   603 AM CDT   SUNSET   824 PM CDT


-  INDICATES NEGATIVE NUMBERS.
R  INDICATES RECORD WAS SET OR TIED.
MM INDICATES DATA IS MISSING.
T  INDICATES TRACE AMOUNT.




$$
