000
CDUS43 KSGF 120627
CLIVIH


CLIMATE REPORT
NATIONAL WEATHER SERVICE SPRINGFIELD MO
126 AM CDT FRI MAY 12 2017


...................................

...THE VICHY-ROLLA MO CLIMATE SUMMARY FOR MAY 11 2017...

CLIMATE NORMAL PERIOD 1981 TO 2010
CLIMATE RECORD PERIOD 1888 TO 2017


WEATHER ITEM   OBSERVED TIME   RECORD YEAR NORMAL DEPARTURE LAST
                VALUE   (LST)  VALUE       VALUE  FROM      YEAR
                                                  NORMAL
..................................................................
TEMPERATURE (F)
 YESTERDAY
  MAXIMUM         75    234 PM  90    2005  73      2       85
  MINIMUM         59   1159 PM  36    1962  52      7       61
  AVERAGE         67                        62      5       73

PRECIPITATION (IN)
  YESTERDAY        0.41          1.29 1979   0.16   0.25     0.02
  MONTH TO DATE    3.60                      1.79   1.81     0.33
  SINCE MAR 1     17.83                      9.46   8.37     7.27
  SINCE JAN 1     19.89                     13.56   6.33     9.39

DEGREE DAYS
 HEATING
  YESTERDAY        0                         5     -5        0
  MONTH TO DATE   74                        59     15       58
  SINCE MAR 1    777                       987   -210      746
  SINCE JUL 1   3763                      4777  -1014     3949

 COOLING
  YESTERDAY        2                         2      0        8
  MONTH TO DATE   16                        16      0       14
  SINCE MAR 1     51                        42      9       28
  SINCE JAN 1     52                        42     10       28
..................................................................


WIND (MPH)
  HIGHEST WIND SPEED    18   HIGHEST WIND DIRECTION     E (80)
  HIGHEST GUST SPEED    23   HIGHEST GUST DIRECTION     E (70)
  AVERAGE WIND SPEED     7.8


SKY COVER
  AVERAGE SKY COVER 0.8


WEATHER CONDITIONS
 THE FOLLOWING WEATHER WAS RECORDED YESTERDAY.
  THUNDERSTORM
  HEAVY RAIN
  RAIN
  LIGHT RAIN
  FOG
  HAZE


RELATIVE HUMIDITY (PERCENT)
 HIGHEST   100           100 AM
 LOWEST     79          1100 AM
 AVERAGE    90

..........................................................


THE VICHY-ROLLA MO CLIMATE NORMALS FOR TODAY
                         NORMAL    RECORD    YEAR
 MAXIMUM TEMPERATURE (F)   74        91      1956
 MINIMUM TEMPERATURE (F)   52        35      2013


SUNRISE AND SUNSET
MAY 12 2017...........SUNRISE   559 AM CDT   SUNSET   809 PM CDT
MAY 13 2017...........SUNRISE   558 AM CDT   SUNSET   809 PM CDT


-  INDICATES NEGATIVE NUMBERS.
R  INDICATES RECORD WAS SET OR TIED.
MM INDICATES DATA IS MISSING.
T  INDICATES TRACE AMOUNT.




$$
