000
CDUS43 KSGF 270634
CLIVIH


CLIMATE REPORT
NATIONAL WEATHER SERVICE SPRINGFIELD MO
133 AM CDT THU AUG 27 2015


...................................

...THE VICHY-ROLLA MO CLIMATE SUMMARY FOR AUGUST 26 2015...

CLIMATE NORMAL PERIOD 1981 TO 2010
CLIMATE RECORD PERIOD 1888 TO 2015


WEATHER ITEM   OBSERVED TIME   RECORD YEAR NORMAL DEPARTURE LAST
                VALUE   (LST)  VALUE       VALUE  FROM      YEAR
                                                  NORMAL
..................................................................
TEMPERATURE (F)
 YESTERDAY
  MAXIMUM         80    345 PM 100    2003  86     -6       97
                                      1897
  MINIMUM         50R   307 AM  55    2010  64    -14       70
  AVERAGE         65                        75    -10       84

PRECIPITATION (IN)
  YESTERDAY        0.00          2.44 2006   0.12  -0.12     0.00
  MONTH TO DATE    2.24                      3.06  -0.82     3.07
  SINCE JUN 1     15.09                     12.13   2.96     6.49
  SINCE JAN 1     29.11                     28.94   0.17    16.11

DEGREE DAYS
 HEATING
  YESTERDAY        0                         0      0        0
  MONTH TO DATE    2                         0      2        0
  SINCE JUN 1     17                        15      2        4
  SINCE JUL 1      2                         1      1        3

 COOLING
  YESTERDAY        0                        10    -10       19
  MONTH TO DATE  213                       307    -94      318
  SINCE JUN 1    864                       924    -60      817
  SINCE JAN 1    971                      1031    -60      964
..................................................................


WIND (MPH)
  HIGHEST WIND SPEED    12   HIGHEST WIND DIRECTION    NW (330)
  HIGHEST GUST SPEED    15   HIGHEST GUST DIRECTION     N (360)
  AVERAGE WIND SPEED     3.2


SKY COVER
  AVERAGE SKY COVER 0.0


WEATHER CONDITIONS
 THE FOLLOWING WEATHER WAS RECORDED YESTERDAY.
  NO SIGNIFICANT WEATHER WAS OBSERVED.


RELATIVE HUMIDITY (PERCENT)
 HIGHEST    93           300 AM
 LOWEST     37           100 PM
 AVERAGE    65

..........................................................


THE VICHY-ROLLA MO CLIMATE NORMALS FOR TODAY
                         NORMAL    RECORD    YEAR
 MAXIMUM TEMPERATURE (F)   86        98      1901
 MINIMUM TEMPERATURE (F)   63        51      1971


SUNRISE AND SUNSET
AUGUST 27 2015........SUNRISE   632 AM CDT   SUNSET   744 PM CDT
AUGUST 28 2015........SUNRISE   633 AM CDT   SUNSET   743 PM CDT


-  INDICATES NEGATIVE NUMBERS.
R  INDICATES RECORD WAS SET OR TIED.
MM INDICATES DATA IS MISSING.
T  INDICATES TRACE AMOUNT.




$$
