000
CDUS43 KSGF 150626
CLIVIH


CLIMATE REPORT
NATIONAL WEATHER SERVICE SPRINGFIELD MO
126 AM CDT TUE JUL 15 2014


...................................

...THE VICHY-ROLLA MO CLIMATE SUMMARY FOR JULY 14 2014...

CLIMATE NORMAL PERIOD 1981 TO 2010
CLIMATE RECORD PERIOD 1888 TO 2014


WEATHER ITEM   OBSERVED TIME   RECORD YEAR NORMAL DEPARTURE LAST
                VALUE   (LST)  VALUE       VALUE  FROM      YEAR
                                                  NORMAL
..................................................................
TEMPERATURE (F)
 YESTERDAY
  MAXIMUM         85   1241 PM 112    1954  88     -3       86
  MINIMUM         61   1159 PM  46    1898  67     -6       62
  AVERAGE         73                        77     -4       74

PRECIPITATION (IN)
  YESTERDAY       MM             1.15 2009   0.15  MM        0.31
  MONTH TO DATE    0.11                      2.02  -1.91     1.60
  SINCE JUN 1      3.42                      6.65  -3.23     5.39
  SINCE JAN 1     13.04                     23.46 -10.42    26.69

DEGREE DAYS
 HEATING
  YESTERDAY        0                         0      0        0
  MONTH TO DATE    0                         0      0        0
  SINCE JUN 1      1                        14    -13       17
  SINCE JUL 1      0                         0      0        0

 COOLING
  YESTERDAY        8                        12     -4        9
  MONTH TO DATE  114                       164    -50      117
  SINCE JUN 1    372                       399    -27      334
  SINCE JAN 1    519                       506     13      441
..................................................................


WIND (MPH)
  HIGHEST WIND SPEED    25   HIGHEST WIND DIRECTION    NW (330)
  HIGHEST GUST SPEED    33   HIGHEST GUST DIRECTION    NW (320)
  AVERAGE WIND SPEED     7.0


SKY COVER
  AVERAGE SKY COVER 0.5


WEATHER CONDITIONS
 THE FOLLOWING WEATHER WAS RECORDED YESTERDAY.
  THUNDERSTORM
  LIGHT RAIN
  FOG
  FOG W/VISIBILITY <= 1/4 MILE


RELATIVE HUMIDITY (PERCENT)
 HIGHEST   100          1200 AM
 LOWEST     61           700 PM
 AVERAGE    81

..........................................................


THE VICHY-ROLLA MO CLIMATE NORMALS FOR TODAY
                         NORMAL    RECORD    YEAR
 MAXIMUM TEMPERATURE (F)   88       107      1980
 MINIMUM TEMPERATURE (F)   67        55      1967


SUNRISE AND SUNSET
JULY 15 2014..........SUNRISE   556 AM CDT   SUNSET   830 PM CDT
JULY 16 2014..........SUNRISE   557 AM CDT   SUNSET   829 PM CDT


-  INDICATES NEGATIVE NUMBERS.
R  INDICATES RECORD WAS SET OR TIED.
MM INDICATES DATA IS MISSING.
T  INDICATES TRACE AMOUNT.




$$
