000
CDUS43 KSGF 120628
CLIVIH


CLIMATE REPORT
NATIONAL WEATHER SERVICE SPRINGFIELD MO
128 AM CDT WED APR 12 2017


...................................

...THE VICHY-ROLLA MO CLIMATE SUMMARY FOR APRIL 11 2017...

CLIMATE NORMAL PERIOD 1981 TO 2010
CLIMATE RECORD PERIOD 1888 TO 2017


WEATHER ITEM   OBSERVED TIME   RECORD YEAR NORMAL DEPARTURE LAST
                VALUE   (LST)  VALUE       VALUE  FROM      YEAR
                                                  NORMAL
..................................................................
TEMPERATURE (F)
 YESTERDAY
  MAXIMUM         64    427 PM  84    1903  66     -2       60
  MINIMUM         43    459 AM  28    1900  42      1       40
  AVERAGE         54                        54      0       50

PRECIPITATION (IN)
  YESTERDAY        0.00          4.07 1994   0.14  -0.14     0.67
  MONTH TO DATE    1.41                      1.44  -0.03     1.99
  SINCE MAR 1      4.55                      4.89  -0.34     4.85
  SINCE JAN 1      6.61                      8.99  -2.38     6.97

DEGREE DAYS
 HEATING
  YESTERDAY       11                        12     -1       15
  MONTH TO DATE   96                       145    -49      163
  SINCE MAR 1    599                       759   -160      609
  SINCE JUL 1   3585                      4549   -964     3812

 COOLING
  YESTERDAY        0                         1     -1        0
  MONTH TO DATE    6                         5      1        0
  SINCE MAR 1      9                         9      0        0
  SINCE JAN 1     10                         9      1        0
..................................................................


WIND (MPH)
  HIGHEST WIND SPEED    13   HIGHEST WIND DIRECTION    NW (320)
  HIGHEST GUST SPEED    16   HIGHEST GUST DIRECTION    NW (320)
  AVERAGE WIND SPEED     5.5


SKY COVER
  AVERAGE SKY COVER 0.2


WEATHER CONDITIONS
 THE FOLLOWING WEATHER WAS RECORDED YESTERDAY.
  NO SIGNIFICANT WEATHER WAS OBSERVED.


RELATIVE HUMIDITY (PERCENT)
 HIGHEST    96           500 AM
 LOWEST     43           300 PM
 AVERAGE    70

..........................................................


THE VICHY-ROLLA MO CLIMATE NORMALS FOR TODAY
                         NORMAL    RECORD    YEAR
 MAXIMUM TEMPERATURE (F)   66        92      1972
 MINIMUM TEMPERATURE (F)   43        24      1957


SUNRISE AND SUNSET
APRIL 12 2017.........SUNRISE   635 AM CDT   SUNSET   741 PM CDT
APRIL 13 2017.........SUNRISE   634 AM CDT   SUNSET   742 PM CDT


-  INDICATES NEGATIVE NUMBERS.
R  INDICATES RECORD WAS SET OR TIED.
MM INDICATES DATA IS MISSING.
T  INDICATES TRACE AMOUNT.




$$
