000
CDUS43 KSGF 052234
CLIVIH


CLIMATE REPORT
NATIONAL WEATHER SERVICE SPRINGFIELD MO
434 PM CST SUN FEB 5 2017


...................................

...THE VICHY-ROLLA MO CLIMATE SUMMARY FOR FEBRUARY 5 2017...
VALID AS OF 0400 PM LOCAL TIME.

CLIMATE NORMAL PERIOD 1981 TO 2010
CLIMATE RECORD PERIOD 1888 TO 2017


WEATHER ITEM   OBSERVED TIME   RECORD YEAR NORMAL DEPARTURE LAST
                VALUE   (LST)  VALUE       VALUE  FROM      YEAR
                                                  NORMAL
..................................................................
TEMPERATURE (F)
 TODAY
  MAXIMUM         59    308 PM  66    1963  43     16       45
  MINIMUM         29    647 AM  -6    1979  23      6       22
  AVERAGE         44                        33     11       34

PRECIPITATION (IN)
  TODAY            0.00          1.97 2008   0.06  -0.06     0.00
  MONTH TO DATE    T                         0.32  -0.32     0.21
  SINCE DEC 1      2.46                      5.13  -2.67    11.27
  SINCE JAN 1      1.60                      2.49  -0.89     0.95

DEGREE DAYS
 HEATING
  TODAY           21                        32    -11       31
  MONTH TO DATE  156                       161     -5      132
  SINCE DEC 1   1988                      2182   -194     1846
  SINCE JUL 1   2616                      3129   -513     2567

 COOLING
  TODAY            0                         0      0        0
  MONTH TO DATE    0                         0      0        0
  SINCE DEC 1      0                         0      0        0
  SINCE JAN 1      0                         0      0        0
..................................................................


WIND (MPH)
  HIGHEST WIND SPEED    18   HIGHEST WIND DIRECTION    SW (210)
  HIGHEST GUST SPEED    23   HIGHEST GUST DIRECTION    SW (210)


SKY COVER
  AVERAGE SKY COVER 0.0


WEATHER CONDITIONS
 THE FOLLOWING WEATHER WAS RECORDED TODAY.
  NO SIGNIFICANT WEATHER WAS OBSERVED.


RELATIVE HUMIDITY (PERCENT)
 HIGHEST    85           600 AM
 LOWEST     40           300 PM
 AVERAGE    63

..........................................................


THE VICHY-ROLLA MO CLIMATE NORMALS FOR TOMORROW
                         NORMAL    RECORD    YEAR
 MAXIMUM TEMPERATURE (F)   43        65      2009
                                             2007
 MINIMUM TEMPERATURE (F)   23        -5      1978


SUNRISE AND SUNSET
FEBRUARY  5 2017......SUNRISE   708 AM CST   SUNSET   535 PM CST
FEBRUARY  6 2017......SUNRISE   707 AM CST   SUNSET   536 PM CST


-  INDICATES NEGATIVE NUMBERS.
R  INDICATES RECORD WAS SET OR TIED.
MM INDICATES DATA IS MISSING.
T  INDICATES TRACE AMOUNT.




$$
