000
CDUS43 KSGF 230626
CLIVIH


CLIMATE REPORT
NATIONAL WEATHER SERVICE SPRINGFIELD MO
126 AM CDT SAT APR 23 2016


...................................

...THE VICHY-ROLLA MO CLIMATE SUMMARY FOR APRIL 22 2016...

CLIMATE NORMAL PERIOD 1981 TO 2010
CLIMATE RECORD PERIOD 1888 TO 2016


WEATHER ITEM   OBSERVED TIME   RECORD YEAR NORMAL DEPARTURE LAST
                VALUE   (LST)  VALUE       VALUE  FROM      YEAR
                                                  NORMAL
..................................................................
TEMPERATURE (F)
 YESTERDAY
  MAXIMUM         72    249 PM  93    1965  69      3       58
  MINIMUM         49    454 AM  33    2000  46      3       36
  AVERAGE         61                        57      4       47

PRECIPITATION (IN)
  YESTERDAY        0.00          1.17 1944   0.14  -0.14      T
  MONTH TO DATE    2.08                      2.99  -0.91     2.06
  SINCE MAR 1      4.94                      6.44  -1.50     5.08
  SINCE JAN 1      7.06                     10.54  -3.48     7.36

DEGREE DAYS
 HEATING
  YESTERDAY        4                         9     -5       18
  MONTH TO DATE  223                       255    -32      151
  SINCE MAR 1    669                       869   -200      763
  SINCE JUL 1   3872                      4659   -787     4880

 COOLING
  YESTERDAY        0                         1     -1        0
  MONTH TO DATE    2                        16    -14       13
  SINCE MAR 1      2                        20    -18       13
  SINCE JAN 1      2                        20    -18       13
..................................................................


WIND (MPH)
  HIGHEST WIND SPEED    15   HIGHEST WIND DIRECTION     N (340)
  HIGHEST GUST SPEED    21   HIGHEST GUST DIRECTION     N (10)
  AVERAGE WIND SPEED     7.7


SKY COVER
  AVERAGE SKY COVER 0.1


WEATHER CONDITIONS
 THE FOLLOWING WEATHER WAS RECORDED YESTERDAY.
  NO SIGNIFICANT WEATHER WAS OBSERVED.


RELATIVE HUMIDITY (PERCENT)
 HIGHEST    93           400 AM
 LOWEST     49           300 PM
 AVERAGE    71

..........................................................


THE VICHY-ROLLA MO CLIMATE NORMALS FOR TODAY
                         NORMAL    RECORD    YEAR
 MAXIMUM TEMPERATURE (F)   69        92      1965
 MINIMUM TEMPERATURE (F)   46        31      1903


SUNRISE AND SUNSET
APRIL 23 2016.........SUNRISE   620 AM CDT   SUNSET   751 PM CDT
APRIL 24 2016.........SUNRISE   619 AM CDT   SUNSET   752 PM CDT


-  INDICATES NEGATIVE NUMBERS.
R  INDICATES RECORD WAS SET OR TIED.
MM INDICATES DATA IS MISSING.
T  INDICATES TRACE AMOUNT.




$$
