000
CDUS43 KSGF 100628
CLIVIH


CLIMATE REPORT
NATIONAL WEATHER SERVICE SPRINGFIELD MO
1227 AM CST FRI MAR 10 2017


...................................

...THE VICHY-ROLLA MO CLIMATE SUMMARY FOR MARCH 9 2017...

CLIMATE NORMAL PERIOD 1981 TO 2010
CLIMATE RECORD PERIOD 1888 TO 2017


WEATHER ITEM   OBSERVED TIME   RECORD YEAR NORMAL DEPARTURE LAST
                VALUE   (LST)  VALUE       VALUE  FROM      YEAR
                                                  NORMAL
..................................................................
TEMPERATURE (F)
 YESTERDAY
  MAXIMUM         74   1239 PM  78    1974  54     20       63
  MINIMUM         41   1159 PM  11    1969  32      9       51
  AVERAGE         58                        43     15       57

PRECIPITATION (IN)
  YESTERDAY        0.09          1.60 1974   0.09   0.00     0.04
  MONTH TO DATE    0.83                      0.79   0.04     0.87
  SINCE MAR 1      0.83                      0.79   0.04     0.87
  SINCE JAN 1      2.89                      4.89  -2.00     2.99

DEGREE DAYS
 HEATING
  YESTERDAY        7                        22    -15        8
  MONTH TO DATE  133                       213    -80      135
  SINCE MAR 1    133                       213    -80      135
  SINCE JUL 1   3119                      4003   -884     3338

 COOLING
  YESTERDAY        0                         0      0        0
  MONTH TO DATE    0                         0      0        0
  SINCE MAR 1      0                         0      0        0
  SINCE JAN 1      1                         0      1        0
..................................................................


WIND (MPH)
  HIGHEST WIND SPEED    26   HIGHEST WIND DIRECTION     N (360)
  HIGHEST GUST SPEED    36   HIGHEST GUST DIRECTION     N (360)
  AVERAGE WIND SPEED    12.0


SKY COVER
  AVERAGE SKY COVER 0.2


WEATHER CONDITIONS
 THE FOLLOWING WEATHER WAS RECORDED YESTERDAY.
  THUNDERSTORM
  RAIN
  LIGHT RAIN
  FOG


RELATIVE HUMIDITY (PERCENT)
 HIGHEST    96           800 PM
 LOWEST     33           100 PM
 AVERAGE    65

..........................................................


THE VICHY-ROLLA MO CLIMATE NORMALS FOR TODAY
                         NORMAL    RECORD    YEAR
 MAXIMUM TEMPERATURE (F)   54        85      1955
 MINIMUM TEMPERATURE (F)   33        12      1969


SUNRISE AND SUNSET
MARCH 10 2017.........SUNRISE   625 AM CST   SUNSET   610 PM CST
MARCH 11 2017.........SUNRISE   624 AM CST   SUNSET   611 PM CST


-  INDICATES NEGATIVE NUMBERS.
R  INDICATES RECORD WAS SET OR TIED.
MM INDICATES DATA IS MISSING.
T  INDICATES TRACE AMOUNT.




$$
