000
CDUS43 KSGF 160627
CLIVIH


CLIMATE REPORT
NATIONAL WEATHER SERVICE SPRINGFIELD MO
127 AM CDT FRI JUN 16 2017


...................................

...THE VICHY-ROLLA MO CLIMATE SUMMARY FOR JUNE 15 2017...

CLIMATE NORMAL PERIOD 1981 TO 2010
CLIMATE RECORD PERIOD 1888 TO 2017


WEATHER ITEM   OBSERVED TIME   RECORD YEAR NORMAL DEPARTURE LAST
                VALUE   (LST)  VALUE       VALUE  FROM      YEAR
                                                  NORMAL
..................................................................
TEMPERATURE (F)
 YESTERDAY
  MAXIMUM         88    532 PM 101    1952  83      5       94
  MINIMUM         62    253 AM  49    1999  62      0       74
  AVERAGE         75                        72      3       84

PRECIPITATION (IN)
  YESTERDAY        0.99          2.85 1898   0.16   0.83     0.00
  MONTH TO DATE    2.01                      2.44  -0.43     0.81
  SINCE JUN 1      2.01                      2.44  -0.43     0.81
  SINCE JAN 1     24.45                     19.25   5.20    15.05

DEGREE DAYS
 HEATING
  YESTERDAY        0                         0      0        0
  MONTH TO DATE    1                        12    -11        0
  SINCE JUN 1      1                        12    -11        0
  SINCE JUL 1   3804                      4846  -1042     4052

 COOLING
  YESTERDAY       10                         8      2       19
  MONTH TO DATE  117                        92     25      132
  SINCE JUN 1    117                        92     25      132
  SINCE JAN 1    221                       199     22      210
..................................................................


WIND (MPH)
  HIGHEST WIND SPEED    26   HIGHEST WIND DIRECTION     N (360)
  HIGHEST GUST SPEED    40   HIGHEST GUST DIRECTION     N (360)
  AVERAGE WIND SPEED     9.0


SKY COVER
  AVERAGE SKY COVER 0.3


WEATHER CONDITIONS
 THE FOLLOWING WEATHER WAS RECORDED YESTERDAY.
  THUNDERSTORM
  HEAVY RAIN
  RAIN
  LIGHT RAIN
  FOG


RELATIVE HUMIDITY (PERCENT)
 HIGHEST   100           700 AM
 LOWEST     55           300 PM
 AVERAGE    78

..........................................................


THE VICHY-ROLLA MO CLIMATE NORMALS FOR TODAY
                         NORMAL    RECORD    YEAR
 MAXIMUM TEMPERATURE (F)   83       100      1952
 MINIMUM TEMPERATURE (F)   62        49      1961


SUNRISE AND SUNSET
JUNE 16 2017..........SUNRISE   544 AM CDT   SUNSET   832 PM CDT
JUNE 17 2017..........SUNRISE   544 AM CDT   SUNSET   833 PM CDT


-  INDICATES NEGATIVE NUMBERS.
R  INDICATES RECORD WAS SET OR TIED.
MM INDICATES DATA IS MISSING.
T  INDICATES TRACE AMOUNT.




$$
