000
CDUS43 KSGF 130651
CLIVIH


CLIMATE REPORT
NATIONAL WEATHER SERVICE SPRINGFIELD MO
150 AM CDT FRI MAY 13 2016


...................................

...THE VICHY-ROLLA MO CLIMATE SUMMARY FOR MAY 12 2016...

CLIMATE NORMAL PERIOD 1981 TO 2010
CLIMATE RECORD PERIOD 1888 TO 2016


WEATHER ITEM   OBSERVED TIME   RECORD YEAR NORMAL DEPARTURE LAST
                VALUE   (LST)  VALUE       VALUE  FROM      YEAR
                                                  NORMAL
..................................................................
TEMPERATURE (F)
 YESTERDAY
  MAXIMUM         70    120 PM  91    1956  74     -4       68
  MINIMUM         45   1159 PM  35    2013  52     -7       45
  AVERAGE         58                        63     -5       57

PRECIPITATION (IN)
  YESTERDAY        T             2.69 2010   0.17  -0.17     0.00
  MONTH TO DATE    0.33                      1.96  -1.63     2.51
  SINCE MAR 1      7.27                      9.63  -2.36     7.65
  SINCE JAN 1      9.39                     13.73  -4.34     9.93

DEGREE DAYS
 HEATING
  YESTERDAY        7                         4      3        8
  MONTH TO DATE   65                        63      2       28
  SINCE MAR 1    753                       991   -238      866
  SINCE JUL 1   3956                      4781   -825     4983

 COOLING
  YESTERDAY        0                         2     -2        0
  MONTH TO DATE   14                        18     -4       38
  SINCE MAR 1     28                        44    -16       51
  SINCE JAN 1     28                        44    -16       51
..................................................................


WIND (MPH)
  HIGHEST WIND SPEED    23   HIGHEST WIND DIRECTION     W (280)
  HIGHEST GUST SPEED    29   HIGHEST GUST DIRECTION    NW (300)
  AVERAGE WIND SPEED    10.1


SKY COVER
  AVERAGE SKY COVER 0.4


WEATHER CONDITIONS
 THE FOLLOWING WEATHER WAS RECORDED YESTERDAY.
  LIGHT RAIN


RELATIVE HUMIDITY (PERCENT)
 HIGHEST   100          1200 AM
 LOWEST     39           500 PM
 AVERAGE    70

..........................................................


THE VICHY-ROLLA MO CLIMATE NORMALS FOR TODAY
                         NORMAL    RECORD    YEAR
 MAXIMUM TEMPERATURE (F)   74        89      1956
 MINIMUM TEMPERATURE (F)   52        36      1901


SUNRISE AND SUNSET
MAY 13 2016...........SUNRISE   558 AM CDT   SUNSET   810 PM CDT
MAY 14 2016...........SUNRISE   557 AM CDT   SUNSET   811 PM CDT


-  INDICATES NEGATIVE NUMBERS.
R  INDICATES RECORD WAS SET OR TIED.
MM INDICATES DATA IS MISSING.
T  INDICATES TRACE AMOUNT.




$$
