000
CDUS43 KSGF 060646
CLIVIH


CLIMATE REPORT
NATIONAL WEATHER SERVICE SPRINGFIELD MO
145 AM CDT WED SEP 6 2017


...................................

...THE VICHY-ROLLA MO CLIMATE SUMMARY FOR SEPTEMBER 5 2017...

CLIMATE NORMAL PERIOD 1981 TO 2010
CLIMATE RECORD PERIOD 1888 TO 2017


WEATHER ITEM   OBSERVED TIME   RECORD YEAR NORMAL DEPARTURE LAST
                VALUE   (LST)  VALUE       VALUE  FROM      YEAR
                                                  NORMAL
..................................................................
TEMPERATURE (F)
 YESTERDAY
  MAXIMUM         75    122 PM 104    1899  83     -8       90
  MINIMUM         53   1158 PM  44    1902  61     -8       68
  AVERAGE         64                        72     -8       79

PRECIPITATION (IN)
  YESTERDAY        0.00          2.93 1994   0.14  -0.14     0.00
  MONTH TO DATE    T                         0.70  -0.70     0.00
  SINCE SEP 1      T                         0.70  -0.70     0.00
  SINCE JAN 1     38.60                     30.25   8.35    32.34

DEGREE DAYS
 HEATING
  YESTERDAY        1                         0      1        0
  MONTH TO DATE    2                         0      2        0
  SINCE SEP 1      2                         0      2        0
  SINCE JUL 1      3                         3      0        0

 COOLING
  YESTERDAY        0                         7     -7       14
  MONTH TO DATE   26                        39    -13       28
  SINCE SEP 1     26                        39    -13       28
  SINCE JAN 1    996                      1116   -120     1217
..................................................................


WIND (MPH)
  HIGHEST WIND SPEED    23   HIGHEST WIND DIRECTION     N (340)
  HIGHEST GUST SPEED    33   HIGHEST GUST DIRECTION     N (340)
  AVERAGE WIND SPEED     8.8


SKY COVER
  AVERAGE SKY COVER 0.3


WEATHER CONDITIONS
 THE FOLLOWING WEATHER WAS RECORDED YESTERDAY.
  NO SIGNIFICANT WEATHER WAS OBSERVED.


RELATIVE HUMIDITY (PERCENT)
 HIGHEST    84           500 AM
 LOWEST     29           100 PM
 AVERAGE    57

..........................................................


THE VICHY-ROLLA MO CLIMATE NORMALS FOR TODAY
                         NORMAL    RECORD    YEAR
 MAXIMUM TEMPERATURE (F)   83       105      1899
 MINIMUM TEMPERATURE (F)   61        44      1956


SUNRISE AND SUNSET
SEPTEMBER  6 2017.....SUNRISE   641 AM CDT   SUNSET   729 PM CDT
SEPTEMBER  7 2017.....SUNRISE   642 AM CDT   SUNSET   727 PM CDT


-  INDICATES NEGATIVE NUMBERS.
R  INDICATES RECORD WAS SET OR TIED.
MM INDICATES DATA IS MISSING.
T  INDICATES TRACE AMOUNT.




$$
